{"id":12186,"date":"2025-06-29T14:18:24","date_gmt":"2025-06-29T12:18:24","guid":{"rendered":"https:\/\/uj.adatbank.ro\/lexikon\/termek\/kiss-mozes\/"},"modified":"2025-06-29T14:18:24","modified_gmt":"2025-06-29T12:18:24","slug":"kiss-mozes","status":"publish","type":"product","link":"https:\/\/uj.adatbank.ro\/lexikon\/termek\/kiss-mozes\/","title":{"rendered":"KISS M\u00f3zes"},"content":{"rendered":"<p>Sepsiszentkir\u00e1ly, 1821., \u2020 Pipe, 1884. nov. 20.: unit. lelk\u00e9sz. \u2013 Elemi iskol\u00e1i ut\u00e1n Sz\u00e9kelykereszt\u00faron \u00e9s a kv.-i f\u0151iskol\u00e1n tanult. A martonosi egyh\u00e1zk\u00f6zs\u00e9g k\u00e1ntortan\u00edt\u00f3ja lett majd Pip\u00e9re ker\u00fclt lelk\u00e9sznek (1850\u201384). Feles\u00e9ge \u00c1rkosi Roz\u00e1lia, 6 gyermek\u00fck volt. <br \/><strong>Irod.:<\/strong> A Pipei Egyh\u00e1zk\u00f6zs\u00e9g t\u00f6rt\u00e9net\u00e1b\u0151l<\/br><\/p>\n","protected":false},"excerpt":{"rendered":"<p>Sepsiszentkir\u00e1ly, 1821., \u2020 Pipe, 1884. nov. 20.: unit. lelk\u00e9sz. \u2013 Elemi iskol\u00e1i ut\u00e1n Sz\u00e9kelykereszt\u00faron \u00e9s a kv.-i f\u0151iskol\u00e1n tanult. A martonosi egyh\u00e1zk\u00f6zs\u00e9g k\u00e1ntortan\u00edt\u00f3ja lett majd Pip\u00e9re ker\u00fclt lelk\u00e9sznek (1850\u201384). Feles\u00e9ge \u00c1rkosi Roz\u00e1lia, 6 gyermek\u00fck volt. Irod.: A Pipei Egyh\u00e1zk\u00f6zs\u00e9g t\u00f6rt\u00e9net\u00e1b\u0151l<\/p>\n","protected":false},"featured_media":0,"comment_status":"open","ping_status":"closed","template":"","meta":[],"product_brand":[],"product_cat":[137],"product_tag":[],"class_list":{"0":"post-12186","1":"product","2":"type-product","3":"status-publish","5":"product_cat-maros-megyei-eletrajzi-lexikon","7":"first","8":"instock","9":"shipping-taxable","10":"product-type-simple"},"_links":{"self":[{"href":"https:\/\/uj.adatbank.ro\/lexikon\/wp-json\/wp\/v2\/product\/12186","targetHints":{"allow":["GET"]}}],"collection":[{"href":"https:\/\/uj.adatbank.ro\/lexikon\/wp-json\/wp\/v2\/product"}],"about":[{"href":"https:\/\/uj.adatbank.ro\/lexikon\/wp-json\/wp\/v2\/types\/product"}],"replies":[{"embeddable":true,"href":"https:\/\/uj.adatbank.ro\/lexikon\/wp-json\/wp\/v2\/comments?post=12186"}],"wp:attachment":[{"href":"https:\/\/uj.adatbank.ro\/lexikon\/wp-json\/wp\/v2\/media?parent=12186"}],"wp:term":[{"taxonomy":"product_brand","embeddable":true,"href":"https:\/\/uj.adatbank.ro\/lexikon\/wp-json\/wp\/v2\/product_brand?post=12186"},{"taxonomy":"product_cat","embeddable":true,"href":"https:\/\/uj.adatbank.ro\/lexikon\/wp-json\/wp\/v2\/product_cat?post=12186"},{"taxonomy":"product_tag","embeddable":true,"href":"https:\/\/uj.adatbank.ro\/lexikon\/wp-json\/wp\/v2\/product_tag?post=12186"}],"curies":[{"name":"wp","href":"https:\/\/api.w.org\/{rel}","templated":true}]}}