{"id":12190,"date":"2025-06-29T14:18:32","date_gmt":"2025-06-29T12:18:32","guid":{"rendered":"https:\/\/uj.adatbank.ro\/lexikon\/termek\/kiss-pal\/"},"modified":"2025-06-29T14:18:32","modified_gmt":"2025-06-29T12:18:32","slug":"kiss-pal","status":"publish","type":"product","link":"https:\/\/uj.adatbank.ro\/lexikon\/termek\/kiss-pal\/","title":{"rendered":"KISS P\u00c1L"},"content":{"rendered":"<p>Betlehenszententmikl\u00f3s, 1799. szept. 6 \u2020 ?: ref. lelk\u00e9sz. \u2013 Tanulm\u00e1nyait Nagyenyeden v\u00e9gezte (1824), majd B\u00e9csben fejezte be \u00e9s Sz. Udvarhelyen szentelt\u00e9k papp\u00e1 (1824 j\u00fan. 30). Nagykendre h\u00edvt\u00e1k meg lelk\u00e9sznek (1824\u2013), ahol 9 \u00e9vig szolg\u00e1lt (1932. szept. 9), ahol el\u0151bb egyh\u00e1zmegyei jegyz\u0151, majd esperes lett, de nagytekint\u00e9ly\u0171 id\u0151s papel\u0151dje ut\u00e1n (Nagy Gy\u00f6rgy), nem tal\u00e1lta meg a megfelel\u0151 hangot, \u00e9s Nagybunyra (M\u00e1ramaros) t\u00e1vozott. <br \/><strong>Irod.:<\/strong> P\u00e9terfy L. Kend \u00e9s egyh\u00e1za (2000)<\/br><\/p>\n","protected":false},"excerpt":{"rendered":"<p>Betlehenszententmikl\u00f3s, 1799. szept. 6 \u2020 ?: ref. lelk\u00e9sz. \u2013 Tanulm\u00e1nyait Nagyenyeden v\u00e9gezte (1824), majd B\u00e9csben fejezte be \u00e9s Sz. Udvarhelyen szentelt\u00e9k papp\u00e1 (1824 j\u00fan. 30). Nagykendre h\u00edvt\u00e1k meg lelk\u00e9sznek (1824\u2013), ahol 9 \u00e9vig szolg\u00e1lt (1932. szept. 9), ahol el\u0151bb egyh\u00e1zmegyei jegyz\u0151, majd esperes lett, de nagytekint\u00e9ly\u0171 id\u0151s papel\u0151dje ut\u00e1n (Nagy Gy\u00f6rgy), nem tal\u00e1lta meg a [&hellip;]<\/p>\n","protected":false},"featured_media":0,"comment_status":"open","ping_status":"closed","template":"","meta":[],"product_brand":[],"product_cat":[137],"product_tag":[],"class_list":{"0":"post-12190","1":"product","2":"type-product","3":"status-publish","5":"product_cat-maros-megyei-eletrajzi-lexikon","7":"first","8":"instock","9":"shipping-taxable","10":"product-type-simple"},"_links":{"self":[{"href":"https:\/\/uj.adatbank.ro\/lexikon\/wp-json\/wp\/v2\/product\/12190","targetHints":{"allow":["GET"]}}],"collection":[{"href":"https:\/\/uj.adatbank.ro\/lexikon\/wp-json\/wp\/v2\/product"}],"about":[{"href":"https:\/\/uj.adatbank.ro\/lexikon\/wp-json\/wp\/v2\/types\/product"}],"replies":[{"embeddable":true,"href":"https:\/\/uj.adatbank.ro\/lexikon\/wp-json\/wp\/v2\/comments?post=12190"}],"wp:attachment":[{"href":"https:\/\/uj.adatbank.ro\/lexikon\/wp-json\/wp\/v2\/media?parent=12190"}],"wp:term":[{"taxonomy":"product_brand","embeddable":true,"href":"https:\/\/uj.adatbank.ro\/lexikon\/wp-json\/wp\/v2\/product_brand?post=12190"},{"taxonomy":"product_cat","embeddable":true,"href":"https:\/\/uj.adatbank.ro\/lexikon\/wp-json\/wp\/v2\/product_cat?post=12190"},{"taxonomy":"product_tag","embeddable":true,"href":"https:\/\/uj.adatbank.ro\/lexikon\/wp-json\/wp\/v2\/product_tag?post=12190"}],"curies":[{"name":"wp","href":"https:\/\/api.w.org\/{rel}","templated":true}]}}