{"id":12197,"date":"2025-06-29T14:18:46","date_gmt":"2025-06-29T12:18:46","guid":{"rendered":"https:\/\/uj.adatbank.ro\/lexikon\/termek\/kiss-samuel-4\/"},"modified":"2025-06-29T14:18:46","modified_gmt":"2025-06-29T12:18:46","slug":"kiss-samuel-4","status":"publish","type":"product","link":"https:\/\/uj.adatbank.ro\/lexikon\/termek\/kiss-samuel-4\/","title":{"rendered":"KISS S\u00e1muel"},"content":{"rendered":"<p>? \u2020 ?: sz\u0171cs, v\u00e1rosi polg\u00e1r. \u2013 Az Iskola utcai (Ty\u00fakszer u.) zsinag\u00f3ga a t\u0151le megv\u00e1s\u00e1rolt fah\u00e1zban m\u0171k\u00f6d\u00f6tt (1857\u201360). <br \/><strong>Irod.:<\/strong> Id\u0151t\u00e1r 2<\/br><\/p>\n","protected":false},"excerpt":{"rendered":"<p>? \u2020 ?: sz\u0171cs, v\u00e1rosi polg\u00e1r. \u2013 Az Iskola utcai (Ty\u00fakszer u.) zsinag\u00f3ga a t\u0151le megv\u00e1s\u00e1rolt fah\u00e1zban m\u0171k\u00f6d\u00f6tt (1857\u201360). Irod.: Id\u0151t\u00e1r 2<\/p>\n","protected":false},"featured_media":0,"comment_status":"open","ping_status":"closed","template":"","meta":[],"product_brand":[],"product_cat":[137],"product_tag":[],"class_list":{"0":"post-12197","1":"product","2":"type-product","3":"status-publish","5":"product_cat-maros-megyei-eletrajzi-lexikon","7":"first","8":"instock","9":"shipping-taxable","10":"product-type-simple"},"_links":{"self":[{"href":"https:\/\/uj.adatbank.ro\/lexikon\/wp-json\/wp\/v2\/product\/12197","targetHints":{"allow":["GET"]}}],"collection":[{"href":"https:\/\/uj.adatbank.ro\/lexikon\/wp-json\/wp\/v2\/product"}],"about":[{"href":"https:\/\/uj.adatbank.ro\/lexikon\/wp-json\/wp\/v2\/types\/product"}],"replies":[{"embeddable":true,"href":"https:\/\/uj.adatbank.ro\/lexikon\/wp-json\/wp\/v2\/comments?post=12197"}],"wp:attachment":[{"href":"https:\/\/uj.adatbank.ro\/lexikon\/wp-json\/wp\/v2\/media?parent=12197"}],"wp:term":[{"taxonomy":"product_brand","embeddable":true,"href":"https:\/\/uj.adatbank.ro\/lexikon\/wp-json\/wp\/v2\/product_brand?post=12197"},{"taxonomy":"product_cat","embeddable":true,"href":"https:\/\/uj.adatbank.ro\/lexikon\/wp-json\/wp\/v2\/product_cat?post=12197"},{"taxonomy":"product_tag","embeddable":true,"href":"https:\/\/uj.adatbank.ro\/lexikon\/wp-json\/wp\/v2\/product_tag?post=12197"}],"curies":[{"name":"wp","href":"https:\/\/api.w.org\/{rel}","templated":true}]}}