{"id":12200,"date":"2025-06-29T14:18:52","date_gmt":"2025-06-29T12:18:52","guid":{"rendered":"https:\/\/uj.adatbank.ro\/lexikon\/termek\/kiss-sandor-2\/"},"modified":"2025-06-29T14:18:52","modified_gmt":"2025-06-29T12:18:52","slug":"kiss-sandor-2","status":"publish","type":"product","link":"https:\/\/uj.adatbank.ro\/lexikon\/termek\/kiss-sandor-2\/","title":{"rendered":"KISS S\u00e1ndor"},"content":{"rendered":"<p>Beresztelke, 1857., \u2020 Beresztelke, 1921.: f\u00f6ldbirtokos. \u2013 Sz\u00e9kely nemes csal\u00e1d sarja, 10 \u00e9ves kor\u00e1ban \u00e1rvas\u00e1gra jutott. Fiatal kor\u00e1ban a b\u00e1r\u00f3 B\u00e1nffy csal\u00e1d uradalm\u00e1nak sz\u00e1mtart\u00f3ja majd int\u00e9z\u0151je volt. K\u00e9t keze munk\u00e1j\u00e1val 50 holdas f\u00f6ldbirtokot szerzett \u00e9s azon gazd\u00e1lkodott Beresztelk\u00e9n. A ref. egyh\u00e1z presbitere volt. <br \/><strong>Irod.:<\/strong> Sz\u00e9kelyf\u00f6ld \u00ed. k.<\/br><\/p>\n","protected":false},"excerpt":{"rendered":"<p>Beresztelke, 1857., \u2020 Beresztelke, 1921.: f\u00f6ldbirtokos. \u2013 Sz\u00e9kely nemes csal\u00e1d sarja, 10 \u00e9ves kor\u00e1ban \u00e1rvas\u00e1gra jutott. Fiatal kor\u00e1ban a b\u00e1r\u00f3 B\u00e1nffy csal\u00e1d uradalm\u00e1nak sz\u00e1mtart\u00f3ja majd int\u00e9z\u0151je volt. K\u00e9t keze munk\u00e1j\u00e1val 50 holdas f\u00f6ldbirtokot szerzett \u00e9s azon gazd\u00e1lkodott Beresztelk\u00e9n. A ref. egyh\u00e1z presbitere volt. Irod.: Sz\u00e9kelyf\u00f6ld \u00ed. k.<\/p>\n","protected":false},"featured_media":0,"comment_status":"open","ping_status":"closed","template":"","meta":[],"product_brand":[],"product_cat":[137],"product_tag":[],"class_list":{"0":"post-12200","1":"product","2":"type-product","3":"status-publish","5":"product_cat-maros-megyei-eletrajzi-lexikon","7":"first","8":"instock","9":"shipping-taxable","10":"product-type-simple"},"_links":{"self":[{"href":"https:\/\/uj.adatbank.ro\/lexikon\/wp-json\/wp\/v2\/product\/12200","targetHints":{"allow":["GET"]}}],"collection":[{"href":"https:\/\/uj.adatbank.ro\/lexikon\/wp-json\/wp\/v2\/product"}],"about":[{"href":"https:\/\/uj.adatbank.ro\/lexikon\/wp-json\/wp\/v2\/types\/product"}],"replies":[{"embeddable":true,"href":"https:\/\/uj.adatbank.ro\/lexikon\/wp-json\/wp\/v2\/comments?post=12200"}],"wp:attachment":[{"href":"https:\/\/uj.adatbank.ro\/lexikon\/wp-json\/wp\/v2\/media?parent=12200"}],"wp:term":[{"taxonomy":"product_brand","embeddable":true,"href":"https:\/\/uj.adatbank.ro\/lexikon\/wp-json\/wp\/v2\/product_brand?post=12200"},{"taxonomy":"product_cat","embeddable":true,"href":"https:\/\/uj.adatbank.ro\/lexikon\/wp-json\/wp\/v2\/product_cat?post=12200"},{"taxonomy":"product_tag","embeddable":true,"href":"https:\/\/uj.adatbank.ro\/lexikon\/wp-json\/wp\/v2\/product_tag?post=12200"}],"curies":[{"name":"wp","href":"https:\/\/api.w.org\/{rel}","templated":true}]}}