{"id":12202,"date":"2025-06-29T14:18:55","date_gmt":"2025-06-29T12:18:55","guid":{"rendered":"https:\/\/uj.adatbank.ro\/lexikon\/termek\/kiss-sandor-4\/"},"modified":"2025-06-29T14:18:55","modified_gmt":"2025-06-29T12:18:55","slug":"kiss-sandor-4","status":"publish","type":"product","link":"https:\/\/uj.adatbank.ro\/lexikon\/termek\/kiss-sandor-4\/","title":{"rendered":"KISS S\u00e1ndor"},"content":{"rendered":"<p>Cs\u00edkfalva, 1900., \u2020 ?: gazd\u00e1lkod\u00f3. \u2013 A gazd\u00e1lkod\u00e1st a sz\u00fcl\u0151i h\u00e1zban tanulta, majd 50 holdon \u00f6n\u00e1ll\u00f3 gazda lett., k\u00f6zs\u00e9gi b\u00edr\u00fc (1930\u2013), a MP tagja volt. <br \/><strong>Irod.:<\/strong> Sz\u00e9kelyf\u00f6ld \u00ed. k.<\/br><\/p>\n","protected":false},"excerpt":{"rendered":"<p>Cs\u00edkfalva, 1900., \u2020 ?: gazd\u00e1lkod\u00f3. \u2013 A gazd\u00e1lkod\u00e1st a sz\u00fcl\u0151i h\u00e1zban tanulta, majd 50 holdon \u00f6n\u00e1ll\u00f3 gazda lett., k\u00f6zs\u00e9gi b\u00edr\u00fc (1930\u2013), a MP tagja volt. Irod.: Sz\u00e9kelyf\u00f6ld \u00ed. k.<\/p>\n","protected":false},"featured_media":0,"comment_status":"open","ping_status":"closed","template":"","meta":[],"product_brand":[],"product_cat":[137],"product_tag":[],"class_list":{"0":"post-12202","1":"product","2":"type-product","3":"status-publish","5":"product_cat-maros-megyei-eletrajzi-lexikon","7":"first","8":"instock","9":"shipping-taxable","10":"product-type-simple"},"_links":{"self":[{"href":"https:\/\/uj.adatbank.ro\/lexikon\/wp-json\/wp\/v2\/product\/12202","targetHints":{"allow":["GET"]}}],"collection":[{"href":"https:\/\/uj.adatbank.ro\/lexikon\/wp-json\/wp\/v2\/product"}],"about":[{"href":"https:\/\/uj.adatbank.ro\/lexikon\/wp-json\/wp\/v2\/types\/product"}],"replies":[{"embeddable":true,"href":"https:\/\/uj.adatbank.ro\/lexikon\/wp-json\/wp\/v2\/comments?post=12202"}],"wp:attachment":[{"href":"https:\/\/uj.adatbank.ro\/lexikon\/wp-json\/wp\/v2\/media?parent=12202"}],"wp:term":[{"taxonomy":"product_brand","embeddable":true,"href":"https:\/\/uj.adatbank.ro\/lexikon\/wp-json\/wp\/v2\/product_brand?post=12202"},{"taxonomy":"product_cat","embeddable":true,"href":"https:\/\/uj.adatbank.ro\/lexikon\/wp-json\/wp\/v2\/product_cat?post=12202"},{"taxonomy":"product_tag","embeddable":true,"href":"https:\/\/uj.adatbank.ro\/lexikon\/wp-json\/wp\/v2\/product_tag?post=12202"}],"curies":[{"name":"wp","href":"https:\/\/api.w.org\/{rel}","templated":true}]}}