{"id":12207,"date":"2025-06-29T14:19:05","date_gmt":"2025-06-29T12:19:05","guid":{"rendered":"https:\/\/uj.adatbank.ro\/lexikon\/termek\/kiss-sandor-gegesi\/"},"modified":"2025-06-29T14:19:05","modified_gmt":"2025-06-29T12:19:05","slug":"kiss-sandor-gegesi","status":"publish","type":"product","link":"https:\/\/uj.adatbank.ro\/lexikon\/termek\/kiss-sandor-gegesi\/","title":{"rendered":"KISS S\u00e1ndor, gegesi"},"content":{"rendered":"<p>1876.? \u2020 Geges, 1900. febr. 20.: sz\u00edn\u00e9sz. \u2013 Gegesi Kiss J\u00f3zsef \u00e9s Bereczky Eszter fia. Testv\u00e9rei: K. Ferenc, feles\u00e9ge T\u00f6r\u00f6k R\u00f3za; K. Ern\u0151, feles\u00e9ge Nagy M\u00e1ria; K. Irma Garda J\u00e1nosn\u00e9. \u2013 Az orsz\u00e1gos sz\u00edn\u00e9szeti-akad. v\u00e9gzettje \u00e9s a m. kir. zeneakad. Volt hallgat\u00f3ja. <br \/><strong>Irod.:<\/strong> Gy\u00e1szjelent\u0151<\/br><\/p>\n","protected":false},"excerpt":{"rendered":"<p>1876.? \u2020 Geges, 1900. febr. 20.: sz\u00edn\u00e9sz. \u2013 Gegesi Kiss J\u00f3zsef \u00e9s Bereczky Eszter fia. Testv\u00e9rei: K. Ferenc, feles\u00e9ge T\u00f6r\u00f6k R\u00f3za; K. Ern\u0151, feles\u00e9ge Nagy M\u00e1ria; K. Irma Garda J\u00e1nosn\u00e9. \u2013 Az orsz\u00e1gos sz\u00edn\u00e9szeti-akad. v\u00e9gzettje \u00e9s a m. kir. zeneakad. Volt hallgat\u00f3ja. Irod.: Gy\u00e1szjelent\u0151<\/p>\n","protected":false},"featured_media":0,"comment_status":"open","ping_status":"closed","template":"","meta":[],"product_brand":[],"product_cat":[137],"product_tag":[],"class_list":{"0":"post-12207","1":"product","2":"type-product","3":"status-publish","5":"product_cat-maros-megyei-eletrajzi-lexikon","7":"first","8":"instock","9":"shipping-taxable","10":"product-type-simple"},"_links":{"self":[{"href":"https:\/\/uj.adatbank.ro\/lexikon\/wp-json\/wp\/v2\/product\/12207","targetHints":{"allow":["GET"]}}],"collection":[{"href":"https:\/\/uj.adatbank.ro\/lexikon\/wp-json\/wp\/v2\/product"}],"about":[{"href":"https:\/\/uj.adatbank.ro\/lexikon\/wp-json\/wp\/v2\/types\/product"}],"replies":[{"embeddable":true,"href":"https:\/\/uj.adatbank.ro\/lexikon\/wp-json\/wp\/v2\/comments?post=12207"}],"wp:attachment":[{"href":"https:\/\/uj.adatbank.ro\/lexikon\/wp-json\/wp\/v2\/media?parent=12207"}],"wp:term":[{"taxonomy":"product_brand","embeddable":true,"href":"https:\/\/uj.adatbank.ro\/lexikon\/wp-json\/wp\/v2\/product_brand?post=12207"},{"taxonomy":"product_cat","embeddable":true,"href":"https:\/\/uj.adatbank.ro\/lexikon\/wp-json\/wp\/v2\/product_cat?post=12207"},{"taxonomy":"product_tag","embeddable":true,"href":"https:\/\/uj.adatbank.ro\/lexikon\/wp-json\/wp\/v2\/product_tag?post=12207"}],"curies":[{"name":"wp","href":"https:\/\/api.w.org\/{rel}","templated":true}]}}