{"id":12211,"date":"2025-06-29T14:19:13","date_gmt":"2025-06-29T12:19:13","guid":{"rendered":"https:\/\/uj.adatbank.ro\/lexikon\/termek\/kiss-vilmos\/"},"modified":"2025-06-29T14:19:13","modified_gmt":"2025-06-29T12:19:13","slug":"kiss-vilmos","status":"publish","type":"product","link":"https:\/\/uj.adatbank.ro\/lexikon\/termek\/kiss-vilmos\/","title":{"rendered":"KISS Vilmos"},"content":{"rendered":"<p>1949. aug. 10. \u2020 ?: r. k. pap. \u2013 Pl\u00e9b\u00e1nos Marosj\u00e1r\u00e1ban (1976\u201384). <br \/><strong>Irod.:<\/strong> Maros-k\u00fck\u00fcll\u0151i f\u0151esp. M\u00e9g \u00e9l!!! Ki kell venni !!!<\/br><\/p>\n","protected":false},"excerpt":{"rendered":"<p>1949. aug. 10. \u2020 ?: r. k. pap. \u2013 Pl\u00e9b\u00e1nos Marosj\u00e1r\u00e1ban (1976\u201384). Irod.: Maros-k\u00fck\u00fcll\u0151i f\u0151esp. M\u00e9g \u00e9l!!! Ki kell venni !!!<\/p>\n","protected":false},"featured_media":0,"comment_status":"open","ping_status":"closed","template":"","meta":[],"product_brand":[],"product_cat":[137],"product_tag":[],"class_list":{"0":"post-12211","1":"product","2":"type-product","3":"status-publish","5":"product_cat-maros-megyei-eletrajzi-lexikon","7":"first","8":"instock","9":"shipping-taxable","10":"product-type-simple"},"_links":{"self":[{"href":"https:\/\/uj.adatbank.ro\/lexikon\/wp-json\/wp\/v2\/product\/12211","targetHints":{"allow":["GET"]}}],"collection":[{"href":"https:\/\/uj.adatbank.ro\/lexikon\/wp-json\/wp\/v2\/product"}],"about":[{"href":"https:\/\/uj.adatbank.ro\/lexikon\/wp-json\/wp\/v2\/types\/product"}],"replies":[{"embeddable":true,"href":"https:\/\/uj.adatbank.ro\/lexikon\/wp-json\/wp\/v2\/comments?post=12211"}],"wp:attachment":[{"href":"https:\/\/uj.adatbank.ro\/lexikon\/wp-json\/wp\/v2\/media?parent=12211"}],"wp:term":[{"taxonomy":"product_brand","embeddable":true,"href":"https:\/\/uj.adatbank.ro\/lexikon\/wp-json\/wp\/v2\/product_brand?post=12211"},{"taxonomy":"product_cat","embeddable":true,"href":"https:\/\/uj.adatbank.ro\/lexikon\/wp-json\/wp\/v2\/product_cat?post=12211"},{"taxonomy":"product_tag","embeddable":true,"href":"https:\/\/uj.adatbank.ro\/lexikon\/wp-json\/wp\/v2\/product_tag?post=12211"}],"curies":[{"name":"wp","href":"https:\/\/api.w.org\/{rel}","templated":true}]}}