{"id":12214,"date":"2025-06-29T14:19:19","date_gmt":"2025-06-29T12:19:19","guid":{"rendered":"https:\/\/uj.adatbank.ro\/lexikon\/termek\/kiss-zoltan-3\/"},"modified":"2025-06-29T14:19:19","modified_gmt":"2025-06-29T12:19:19","slug":"kiss-zoltan-3","status":"publish","type":"product","link":"https:\/\/uj.adatbank.ro\/lexikon\/termek\/kiss-zoltan-3\/","title":{"rendered":"KISS Zolt\u00e1n"},"content":{"rendered":"<p>Radn\u00f3tf\u00e1ja, 1929. szept. 5., \u2020Kv., 1992. nov. 9.: biol\u00f3gus, publicista. \u2013 R\u00e9genben tan\u00edt\u00f3i okl. -t szerzett (1949), Kv.-on az Agron\u00f3miai Karon tanult (1950\u201352). A Bolyai Egyetemen bil\u00f3gusi okl. -t szerzett (1954). Az egyetem prepar\u00e1tora \u00e9s tan\u00e1rseg\u00e9de, majd nyugd\u00edjaz\u00e1s\u00e1ig lektor \u00e9s gyakorlatvezet\u0151 a biol\u00f3gia katedr\u00e1n (\u20131969). Cikkeiben, tanulm\u00e1nyaiban a stresszel, antistresszel, a hall\u00e1s fiziol\u00f3gi\u00e1j\u00e1val \u00e9s a cukor metabolizmus\u00e1val foglalkozott. Cikkeit, tanulm\u00e1nyait A H\u00e9t, Igazs\u00e1g, Munk\u00e1s\u00e9let, Hargita, Tan\u00fcgyi \u00dajs\u00e1g, M\u0171vel\u0151d\u00e9s, Megyei T\u00fck\u00f6r c. sajt\u00f3term\u00e9kekben tette k\u00f6zz\u00e9. T\u00f6bb l\u00edc.-i biol\u00f3gia \u00e9s anat\u00f3mia tank\u00f6nyvet ford\u00edtott le rom\u00e1nb\u00f3l magyarra (1976\u201386). T\u00f6bb \u00faj\u00edt\u00e1s f\u0171z\u0151dik nev\u00e9hez. Kv.-on a Szabads\u00e1g c. lapban jelentek meg \u00edr\u00e1sai (1989\u2013). Ny\u00edlt levelet int\u00e9zett Doina Corneahoz az emberi jogokr\u00f3l a Merre kolozsv\u00e1ri Egyetem? c. -mel (1989). A magyarok jogai\u00e9rt \u00e9s a Bolyai Egyetem magyars\u00e1g\u00e1nak meg\u0151rz\u00e9s\u00e9\u00e9rt harcolt. Eml\u00e9k\u00e9re a radn\u00f3tf\u00e1ji M\u0171vel\u0151d\u00e9si Egyes\u00fclet felvette a nev\u00e9t. <br \/><strong>Irod.:<\/strong> Profiluri reghinene<\/br><\/p>\n","protected":false},"excerpt":{"rendered":"<p>Radn\u00f3tf\u00e1ja, 1929. szept. 5., \u2020Kv., 1992. nov. 9.: biol\u00f3gus, publicista. \u2013 R\u00e9genben tan\u00edt\u00f3i okl. -t szerzett (1949), Kv.-on az Agron\u00f3miai Karon tanult (1950\u201352). A Bolyai Egyetemen bil\u00f3gusi okl. -t szerzett (1954). Az egyetem prepar\u00e1tora \u00e9s tan\u00e1rseg\u00e9de, majd nyugd\u00edjaz\u00e1s\u00e1ig lektor \u00e9s gyakorlatvezet\u0151 a biol\u00f3gia katedr\u00e1n (\u20131969). Cikkeiben, tanulm\u00e1nyaiban a stresszel, antistresszel, a hall\u00e1s fiziol\u00f3gi\u00e1j\u00e1val \u00e9s a [&hellip;]<\/p>\n","protected":false},"featured_media":0,"comment_status":"open","ping_status":"closed","template":"","meta":[],"product_brand":[],"product_cat":[137],"product_tag":[],"class_list":{"0":"post-12214","1":"product","2":"type-product","3":"status-publish","5":"product_cat-maros-megyei-eletrajzi-lexikon","7":"first","8":"instock","9":"shipping-taxable","10":"product-type-simple"},"_links":{"self":[{"href":"https:\/\/uj.adatbank.ro\/lexikon\/wp-json\/wp\/v2\/product\/12214","targetHints":{"allow":["GET"]}}],"collection":[{"href":"https:\/\/uj.adatbank.ro\/lexikon\/wp-json\/wp\/v2\/product"}],"about":[{"href":"https:\/\/uj.adatbank.ro\/lexikon\/wp-json\/wp\/v2\/types\/product"}],"replies":[{"embeddable":true,"href":"https:\/\/uj.adatbank.ro\/lexikon\/wp-json\/wp\/v2\/comments?post=12214"}],"wp:attachment":[{"href":"https:\/\/uj.adatbank.ro\/lexikon\/wp-json\/wp\/v2\/media?parent=12214"}],"wp:term":[{"taxonomy":"product_brand","embeddable":true,"href":"https:\/\/uj.adatbank.ro\/lexikon\/wp-json\/wp\/v2\/product_brand?post=12214"},{"taxonomy":"product_cat","embeddable":true,"href":"https:\/\/uj.adatbank.ro\/lexikon\/wp-json\/wp\/v2\/product_cat?post=12214"},{"taxonomy":"product_tag","embeddable":true,"href":"https:\/\/uj.adatbank.ro\/lexikon\/wp-json\/wp\/v2\/product_tag?post=12214"}],"curies":[{"name":"wp","href":"https:\/\/api.w.org\/{rel}","templated":true}]}}