{"id":12227,"date":"2025-06-29T14:19:43","date_gmt":"2025-06-29T12:19:43","guid":{"rendered":"https:\/\/uj.adatbank.ro\/lexikon\/termek\/kizdi-sandor-dicsoszentmartoni\/"},"modified":"2025-06-29T14:19:43","modified_gmt":"2025-06-29T12:19:43","slug":"kizdi-sandor-dicsoszentmartoni","status":"publish","type":"product","link":"https:\/\/uj.adatbank.ro\/lexikon\/termek\/kizdi-sandor-dicsoszentmartoni\/","title":{"rendered":"KIZDI S\u00e1ndor, dics\u0151szentm\u00e1rtoni"},"content":{"rendered":"<p>? \u2020 ?: ?. \u2013 Torja nev\u0171 helys\u00e9get Fej\u00e9r megy\u00e9ben jogtalanul elfoglalta, Sz\u00e1szfalvi Penye Benedeket a K\u00fck\u00fcll\u0151be fojtatta ez\u00e9rt panasszal fordultak a tulajdonosok Kendi Antal erd\u00e9lyi vajd\u00e1hoz, aki vizsg\u00e1latot rendelt ellene (1479). <br \/><strong>Irod.:<\/strong> SzOkl, 3<\/br><\/p>\n","protected":false},"excerpt":{"rendered":"<p>? \u2020 ?: ?. \u2013 Torja nev\u0171 helys\u00e9get Fej\u00e9r megy\u00e9ben jogtalanul elfoglalta, Sz\u00e1szfalvi Penye Benedeket a K\u00fck\u00fcll\u0151be fojtatta ez\u00e9rt panasszal fordultak a tulajdonosok Kendi Antal erd\u00e9lyi vajd\u00e1hoz, aki vizsg\u00e1latot rendelt ellene (1479). Irod.: SzOkl, 3<\/p>\n","protected":false},"featured_media":0,"comment_status":"open","ping_status":"closed","template":"","meta":[],"product_brand":[],"product_cat":[137],"product_tag":[],"class_list":{"0":"post-12227","1":"product","2":"type-product","3":"status-publish","5":"product_cat-maros-megyei-eletrajzi-lexikon","7":"first","8":"instock","9":"shipping-taxable","10":"product-type-simple"},"_links":{"self":[{"href":"https:\/\/uj.adatbank.ro\/lexikon\/wp-json\/wp\/v2\/product\/12227","targetHints":{"allow":["GET"]}}],"collection":[{"href":"https:\/\/uj.adatbank.ro\/lexikon\/wp-json\/wp\/v2\/product"}],"about":[{"href":"https:\/\/uj.adatbank.ro\/lexikon\/wp-json\/wp\/v2\/types\/product"}],"replies":[{"embeddable":true,"href":"https:\/\/uj.adatbank.ro\/lexikon\/wp-json\/wp\/v2\/comments?post=12227"}],"wp:attachment":[{"href":"https:\/\/uj.adatbank.ro\/lexikon\/wp-json\/wp\/v2\/media?parent=12227"}],"wp:term":[{"taxonomy":"product_brand","embeddable":true,"href":"https:\/\/uj.adatbank.ro\/lexikon\/wp-json\/wp\/v2\/product_brand?post=12227"},{"taxonomy":"product_cat","embeddable":true,"href":"https:\/\/uj.adatbank.ro\/lexikon\/wp-json\/wp\/v2\/product_cat?post=12227"},{"taxonomy":"product_tag","embeddable":true,"href":"https:\/\/uj.adatbank.ro\/lexikon\/wp-json\/wp\/v2\/product_tag?post=12227"}],"curies":[{"name":"wp","href":"https:\/\/api.w.org\/{rel}","templated":true}]}}