{"id":12231,"date":"2025-06-29T14:19:52","date_gmt":"2025-06-29T12:19:52","guid":{"rendered":"https:\/\/uj.adatbank.ro\/lexikon\/termek\/klara-jozsef\/"},"modified":"2025-06-29T14:19:52","modified_gmt":"2025-06-29T12:19:52","slug":"klara-jozsef","status":"publish","type":"product","link":"https:\/\/uj.adatbank.ro\/lexikon\/termek\/klara-jozsef\/","title":{"rendered":"KL\u00c1RA J\u00f3zsef"},"content":{"rendered":"<p>Lemh\u00e9ny, 1918. m\u00e1rc. 17., \u2020 Mv., 1999. aug. 28.: tan\u00edt\u00f3. \u2013 A II. vh.-ban tart. z\u00e1szl\u00f3si rangban vett r\u00e9szt. Szovjet hadifogs\u00e1gba esett, ahonnan 1946-ban ker\u00fclt haza. A hadifogs\u00e1gban megtanult oroszul, s hazat\u00e9rte ut\u00e1n orosz nyelvtan\u00e1r volt a Ref. Koll.-ban \u00e9s ut\u00f3diskol\u00e1iban (Rangheti, Bolyai Farkas L\u00edc). \u2014Irod.: Berekm\u00e9ri; Sk\u00f3la<\/br><\/p>\n","protected":false},"excerpt":{"rendered":"<p>Lemh\u00e9ny, 1918. m\u00e1rc. 17., \u2020 Mv., 1999. aug. 28.: tan\u00edt\u00f3. \u2013 A II. vh.-ban tart. z\u00e1szl\u00f3si rangban vett r\u00e9szt. Szovjet hadifogs\u00e1gba esett, ahonnan 1946-ban ker\u00fclt haza. A hadifogs\u00e1gban megtanult oroszul, s hazat\u00e9rte ut\u00e1n orosz nyelvtan\u00e1r volt a Ref. Koll.-ban \u00e9s ut\u00f3diskol\u00e1iban (Rangheti, Bolyai Farkas L\u00edc). \u2014Irod.: Berekm\u00e9ri; Sk\u00f3la<\/p>\n","protected":false},"featured_media":0,"comment_status":"open","ping_status":"closed","template":"","meta":[],"product_brand":[],"product_cat":[137],"product_tag":[],"class_list":{"0":"post-12231","1":"product","2":"type-product","3":"status-publish","5":"product_cat-maros-megyei-eletrajzi-lexikon","7":"first","8":"instock","9":"shipping-taxable","10":"product-type-simple"},"_links":{"self":[{"href":"https:\/\/uj.adatbank.ro\/lexikon\/wp-json\/wp\/v2\/product\/12231","targetHints":{"allow":["GET"]}}],"collection":[{"href":"https:\/\/uj.adatbank.ro\/lexikon\/wp-json\/wp\/v2\/product"}],"about":[{"href":"https:\/\/uj.adatbank.ro\/lexikon\/wp-json\/wp\/v2\/types\/product"}],"replies":[{"embeddable":true,"href":"https:\/\/uj.adatbank.ro\/lexikon\/wp-json\/wp\/v2\/comments?post=12231"}],"wp:attachment":[{"href":"https:\/\/uj.adatbank.ro\/lexikon\/wp-json\/wp\/v2\/media?parent=12231"}],"wp:term":[{"taxonomy":"product_brand","embeddable":true,"href":"https:\/\/uj.adatbank.ro\/lexikon\/wp-json\/wp\/v2\/product_brand?post=12231"},{"taxonomy":"product_cat","embeddable":true,"href":"https:\/\/uj.adatbank.ro\/lexikon\/wp-json\/wp\/v2\/product_cat?post=12231"},{"taxonomy":"product_tag","embeddable":true,"href":"https:\/\/uj.adatbank.ro\/lexikon\/wp-json\/wp\/v2\/product_tag?post=12231"}],"curies":[{"name":"wp","href":"https:\/\/api.w.org\/{rel}","templated":true}]}}