{"id":12243,"date":"2025-06-29T14:20:17","date_gmt":"2025-06-29T12:20:17","guid":{"rendered":"https:\/\/uj.adatbank.ro\/lexikon\/termek\/klein-karoly\/"},"modified":"2025-06-29T14:20:17","modified_gmt":"2025-06-29T12:20:17","slug":"klein-karoly","status":"publish","type":"product","link":"https:\/\/uj.adatbank.ro\/lexikon\/termek\/klein-karoly\/","title":{"rendered":"KLEIN K\u00e1roly"},"content":{"rendered":"<p>Feh\u00e9regyh\u00e1za, 1897. m\u00e1j. 6., \u2020 ?: t\u00f6rt\u00e9n\u00e9sz, egyetemi tan\u00e1r. \u2013 Ausztri\u00e1ban lakik. <br \/><strong>Irod.:<\/strong> Nagy Csaba<\/br><\/p>\n","protected":false},"excerpt":{"rendered":"<p>Feh\u00e9regyh\u00e1za, 1897. m\u00e1j. 6., \u2020 ?: t\u00f6rt\u00e9n\u00e9sz, egyetemi tan\u00e1r. \u2013 Ausztri\u00e1ban lakik. Irod.: Nagy Csaba<\/p>\n","protected":false},"featured_media":0,"comment_status":"open","ping_status":"closed","template":"","meta":[],"product_brand":[],"product_cat":[137],"product_tag":[],"class_list":{"0":"post-12243","1":"product","2":"type-product","3":"status-publish","5":"product_cat-maros-megyei-eletrajzi-lexikon","7":"first","8":"instock","9":"shipping-taxable","10":"product-type-simple"},"_links":{"self":[{"href":"https:\/\/uj.adatbank.ro\/lexikon\/wp-json\/wp\/v2\/product\/12243","targetHints":{"allow":["GET"]}}],"collection":[{"href":"https:\/\/uj.adatbank.ro\/lexikon\/wp-json\/wp\/v2\/product"}],"about":[{"href":"https:\/\/uj.adatbank.ro\/lexikon\/wp-json\/wp\/v2\/types\/product"}],"replies":[{"embeddable":true,"href":"https:\/\/uj.adatbank.ro\/lexikon\/wp-json\/wp\/v2\/comments?post=12243"}],"wp:attachment":[{"href":"https:\/\/uj.adatbank.ro\/lexikon\/wp-json\/wp\/v2\/media?parent=12243"}],"wp:term":[{"taxonomy":"product_brand","embeddable":true,"href":"https:\/\/uj.adatbank.ro\/lexikon\/wp-json\/wp\/v2\/product_brand?post=12243"},{"taxonomy":"product_cat","embeddable":true,"href":"https:\/\/uj.adatbank.ro\/lexikon\/wp-json\/wp\/v2\/product_cat?post=12243"},{"taxonomy":"product_tag","embeddable":true,"href":"https:\/\/uj.adatbank.ro\/lexikon\/wp-json\/wp\/v2\/product_tag?post=12243"}],"curies":[{"name":"wp","href":"https:\/\/api.w.org\/{rel}","templated":true}]}}