{"id":12264,"date":"2025-06-29T14:20:58","date_gmt":"2025-06-29T12:20:58","guid":{"rendered":"https:\/\/uj.adatbank.ro\/lexikon\/termek\/klozer-gyorgy\/"},"modified":"2025-06-29T14:20:58","modified_gmt":"2025-06-29T12:20:58","slug":"klozer-gyorgy","status":"publish","type":"product","link":"https:\/\/uj.adatbank.ro\/lexikon\/termek\/klozer-gyorgy\/","title":{"rendered":"KL\u00d3ZER Gy\u00f6rgy"},"content":{"rendered":"<p>Nagymoha, 1900., \u2020 ?: ref. lelk\u00e9sz. \u2013 Tanulm\u00e1nyait Kv.-on v\u00e9gezte. Mv.-en volt seg\u00e9dlelk\u00e9sz, majd S\u00e1msondon lelk\u00e9sz (1929\u201367). A Gazdak\u00f6r eln\u00f6ke, jegyz\u0151je, a Hangya eln\u00f6ke \u00e9s ig. tagja volt. Minden egyh\u00e1zi \u00e9s t\u00e1rsadalmi egyes\u00fclet munk\u00e1j\u00e1ban r\u00e9szt vett. <br \/><strong>Irod.:<\/strong> Mez\u0151s\u00e1msond; Sz\u00e9kelyf\u00f6ld \u00ed. k.<\/br><\/p>\n","protected":false},"excerpt":{"rendered":"<p>Nagymoha, 1900., \u2020 ?: ref. lelk\u00e9sz. \u2013 Tanulm\u00e1nyait Kv.-on v\u00e9gezte. Mv.-en volt seg\u00e9dlelk\u00e9sz, majd S\u00e1msondon lelk\u00e9sz (1929\u201367). A Gazdak\u00f6r eln\u00f6ke, jegyz\u0151je, a Hangya eln\u00f6ke \u00e9s ig. tagja volt. Minden egyh\u00e1zi \u00e9s t\u00e1rsadalmi egyes\u00fclet munk\u00e1j\u00e1ban r\u00e9szt vett. Irod.: Mez\u0151s\u00e1msond; Sz\u00e9kelyf\u00f6ld \u00ed. k.<\/p>\n","protected":false},"featured_media":0,"comment_status":"open","ping_status":"closed","template":"","meta":[],"product_brand":[],"product_cat":[137],"product_tag":[],"class_list":{"0":"post-12264","1":"product","2":"type-product","3":"status-publish","5":"product_cat-maros-megyei-eletrajzi-lexikon","7":"first","8":"instock","9":"shipping-taxable","10":"product-type-simple"},"_links":{"self":[{"href":"https:\/\/uj.adatbank.ro\/lexikon\/wp-json\/wp\/v2\/product\/12264","targetHints":{"allow":["GET"]}}],"collection":[{"href":"https:\/\/uj.adatbank.ro\/lexikon\/wp-json\/wp\/v2\/product"}],"about":[{"href":"https:\/\/uj.adatbank.ro\/lexikon\/wp-json\/wp\/v2\/types\/product"}],"replies":[{"embeddable":true,"href":"https:\/\/uj.adatbank.ro\/lexikon\/wp-json\/wp\/v2\/comments?post=12264"}],"wp:attachment":[{"href":"https:\/\/uj.adatbank.ro\/lexikon\/wp-json\/wp\/v2\/media?parent=12264"}],"wp:term":[{"taxonomy":"product_brand","embeddable":true,"href":"https:\/\/uj.adatbank.ro\/lexikon\/wp-json\/wp\/v2\/product_brand?post=12264"},{"taxonomy":"product_cat","embeddable":true,"href":"https:\/\/uj.adatbank.ro\/lexikon\/wp-json\/wp\/v2\/product_cat?post=12264"},{"taxonomy":"product_tag","embeddable":true,"href":"https:\/\/uj.adatbank.ro\/lexikon\/wp-json\/wp\/v2\/product_tag?post=12264"}],"curies":[{"name":"wp","href":"https:\/\/api.w.org\/{rel}","templated":true}]}}