{"id":12268,"date":"2025-06-29T14:21:06","date_gmt":"2025-06-29T12:21:06","guid":{"rendered":"https:\/\/uj.adatbank.ro\/lexikon\/termek\/knopfler-albert-zarandi\/"},"modified":"2025-06-29T14:21:06","modified_gmt":"2025-06-29T12:21:06","slug":"knopfler-albert-zarandi","status":"publish","type":"product","link":"https:\/\/uj.adatbank.ro\/lexikon\/termek\/knopfler-albert-zarandi\/","title":{"rendered":"KN\u00d6PFLER Albert, zar\u00e1ndi"},"content":{"rendered":"<p>1892.? \u2020 Maroskereszt\u00far, 1935. jan. 28.: zen\u00e9sz, zongaram\u0171v\u00e9sz. \u2013 K. Elek \u00e9s M\u00e1riaffy M\u00e1ria fia. K. Vilmos unok\u00e1ja. -Fell\u00e9pett Mv.-en az Ady eml\u00e9k\u00e9re tartott irodalmi matin\u00e9n (1919), Eladta a csal\u00e1d nev\u00e9t visel\u0151 utc\u00e1ban fekv\u0151 belter\u00fclet\u00e9t, ott szerzett telket az ortodox izr. hitk\u00f6zs\u00e9g temploma sz\u00e1m\u00e1ra (1924). A f\u0151t\u00e9ri Kn\u00f6pfler palot\u00e1t (Toldalagi h\u00e1z) eladta S\u00e1ndor M\u00f3r nagykeresked\u0151nek (1931). <br \/><strong>Irod.:<\/strong> Gy\u00e1szjelent\u0151; Id\u0151t\u00e1r 3.; Lev\u00e9lt\u00e1ri gy\u00e1szj.<\/br><\/p>\n","protected":false},"excerpt":{"rendered":"<p>1892.? \u2020 Maroskereszt\u00far, 1935. jan. 28.: zen\u00e9sz, zongaram\u0171v\u00e9sz. \u2013 K. Elek \u00e9s M\u00e1riaffy M\u00e1ria fia. K. Vilmos unok\u00e1ja. -Fell\u00e9pett Mv.-en az Ady eml\u00e9k\u00e9re tartott irodalmi matin\u00e9n (1919), Eladta a csal\u00e1d nev\u00e9t visel\u0151 utc\u00e1ban fekv\u0151 belter\u00fclet\u00e9t, ott szerzett telket az ortodox izr. hitk\u00f6zs\u00e9g temploma sz\u00e1m\u00e1ra (1924). A f\u0151t\u00e9ri Kn\u00f6pfler palot\u00e1t (Toldalagi h\u00e1z) eladta S\u00e1ndor M\u00f3r nagykeresked\u0151nek [&hellip;]<\/p>\n","protected":false},"featured_media":0,"comment_status":"open","ping_status":"closed","template":"","meta":[],"product_brand":[],"product_cat":[137],"product_tag":[],"class_list":{"0":"post-12268","1":"product","2":"type-product","3":"status-publish","5":"product_cat-maros-megyei-eletrajzi-lexikon","7":"first","8":"instock","9":"shipping-taxable","10":"product-type-simple"},"_links":{"self":[{"href":"https:\/\/uj.adatbank.ro\/lexikon\/wp-json\/wp\/v2\/product\/12268","targetHints":{"allow":["GET"]}}],"collection":[{"href":"https:\/\/uj.adatbank.ro\/lexikon\/wp-json\/wp\/v2\/product"}],"about":[{"href":"https:\/\/uj.adatbank.ro\/lexikon\/wp-json\/wp\/v2\/types\/product"}],"replies":[{"embeddable":true,"href":"https:\/\/uj.adatbank.ro\/lexikon\/wp-json\/wp\/v2\/comments?post=12268"}],"wp:attachment":[{"href":"https:\/\/uj.adatbank.ro\/lexikon\/wp-json\/wp\/v2\/media?parent=12268"}],"wp:term":[{"taxonomy":"product_brand","embeddable":true,"href":"https:\/\/uj.adatbank.ro\/lexikon\/wp-json\/wp\/v2\/product_brand?post=12268"},{"taxonomy":"product_cat","embeddable":true,"href":"https:\/\/uj.adatbank.ro\/lexikon\/wp-json\/wp\/v2\/product_cat?post=12268"},{"taxonomy":"product_tag","embeddable":true,"href":"https:\/\/uj.adatbank.ro\/lexikon\/wp-json\/wp\/v2\/product_tag?post=12268"}],"curies":[{"name":"wp","href":"https:\/\/api.w.org\/{rel}","templated":true}]}}