{"id":12271,"date":"2025-06-29T14:21:11","date_gmt":"2025-06-29T12:21:11","guid":{"rendered":"https:\/\/uj.adatbank.ro\/lexikon\/termek\/knopfler-maria-id-abranfalvi-ugron-gaborne\/"},"modified":"2025-06-29T14:21:11","modified_gmt":"2025-06-29T12:21:11","slug":"knopfler-maria-id-abranfalvi-ugron-gaborne","status":"publish","type":"product","link":"https:\/\/uj.adatbank.ro\/lexikon\/termek\/knopfler-maria-id-abranfalvi-ugron-gaborne\/","title":{"rendered":"KN\u00d6PFLER M\u00e1ria, id. \u00e1br\u00e1nfalvi Ugron G\u00e1born\u00e9"},"content":{"rendered":"<p>Mv., 1854., \u2020 Bp., 1935. jan. 30.: birtokos. \u2013 K. Vilmos \u00e9s fels\u0151boldog asszonyfalvi P\u00e1ll M\u00e1ria l\u00e1nya. F\u00e9rje: Ugron G\u00e1bor. Gyermekeik: G\u00e1bor (1880\u20131960), Vilma \u00e9s Andr\u00e1s (1885\u20131939). \u2013 Kiutas\u00edtott\u00e1k Rom\u00e1ni\u00e1b\u00f3l (1922. okt. 11.). G\u00e1bor politikus lett, Vilma Mv.-en \u00e9lt palot\u00e1jukban a Transilv\u00e1nia sz\u00e1ll\u00f3ban, az \u00e1llamos\u00edt\u00e1s ut\u00e1n \u00e9let\u00e9t a Tr\u00e9bely sz\u0151l\u0151 egy kis h\u00e1z\u00e1ban t\u00f6lt\u00f6tte. <br \/><strong>Irod.:<\/strong> Id\u0151t\u00e1r 3; Keresztes Gyula: \u00d6r\u00f6ks\u00e9g\u00fcnk 52.: A maroskereszt\u00fari kast\u00e9ly (N\u00fa., 1994. m\u00e1rc. 11.); Lev\u00e9lt\u00e1ri gy\u00e1szj.<\/br><\/p>\n","protected":false},"excerpt":{"rendered":"<p>Mv., 1854., \u2020 Bp., 1935. jan. 30.: birtokos. \u2013 K. Vilmos \u00e9s fels\u0151boldog asszonyfalvi P\u00e1ll M\u00e1ria l\u00e1nya. F\u00e9rje: Ugron G\u00e1bor. Gyermekeik: G\u00e1bor (1880\u20131960), Vilma \u00e9s Andr\u00e1s (1885\u20131939). \u2013 Kiutas\u00edtott\u00e1k Rom\u00e1ni\u00e1b\u00f3l (1922. okt. 11.). G\u00e1bor politikus lett, Vilma Mv.-en \u00e9lt palot\u00e1jukban a Transilv\u00e1nia sz\u00e1ll\u00f3ban, az \u00e1llamos\u00edt\u00e1s ut\u00e1n \u00e9let\u00e9t a Tr\u00e9bely sz\u0151l\u0151 egy kis h\u00e1z\u00e1ban t\u00f6lt\u00f6tte. Irod.: [&hellip;]<\/p>\n","protected":false},"featured_media":0,"comment_status":"open","ping_status":"closed","template":"","meta":[],"product_brand":[],"product_cat":[137],"product_tag":[],"class_list":{"0":"post-12271","1":"product","2":"type-product","3":"status-publish","5":"product_cat-maros-megyei-eletrajzi-lexikon","7":"first","8":"instock","9":"shipping-taxable","10":"product-type-simple"},"_links":{"self":[{"href":"https:\/\/uj.adatbank.ro\/lexikon\/wp-json\/wp\/v2\/product\/12271","targetHints":{"allow":["GET"]}}],"collection":[{"href":"https:\/\/uj.adatbank.ro\/lexikon\/wp-json\/wp\/v2\/product"}],"about":[{"href":"https:\/\/uj.adatbank.ro\/lexikon\/wp-json\/wp\/v2\/types\/product"}],"replies":[{"embeddable":true,"href":"https:\/\/uj.adatbank.ro\/lexikon\/wp-json\/wp\/v2\/comments?post=12271"}],"wp:attachment":[{"href":"https:\/\/uj.adatbank.ro\/lexikon\/wp-json\/wp\/v2\/media?parent=12271"}],"wp:term":[{"taxonomy":"product_brand","embeddable":true,"href":"https:\/\/uj.adatbank.ro\/lexikon\/wp-json\/wp\/v2\/product_brand?post=12271"},{"taxonomy":"product_cat","embeddable":true,"href":"https:\/\/uj.adatbank.ro\/lexikon\/wp-json\/wp\/v2\/product_cat?post=12271"},{"taxonomy":"product_tag","embeddable":true,"href":"https:\/\/uj.adatbank.ro\/lexikon\/wp-json\/wp\/v2\/product_tag?post=12271"}],"curies":[{"name":"wp","href":"https:\/\/api.w.org\/{rel}","templated":true}]}}