{"id":12275,"date":"2025-06-29T14:21:21","date_gmt":"2025-06-29T12:21:21","guid":{"rendered":"https:\/\/uj.adatbank.ro\/lexikon\/termek\/knopfler-zarandi-ausztriai-lovag\/"},"modified":"2025-06-29T14:21:21","modified_gmt":"2025-06-29T12:21:21","slug":"knopfler-zarandi-ausztriai-lovag","status":"publish","type":"product","link":"https:\/\/uj.adatbank.ro\/lexikon\/termek\/knopfler-zarandi-ausztriai-lovag\/","title":{"rendered":"KN\u00d6PFLER, zar\u00e1ndi, ausztriai lovag"},"content":{"rendered":"<p>A csal\u00e1d a Rajna melletti Bingenb\u0151l sz\u00e1rmazott, Ausztri\u00e1ba k\u00f6lt\u00f6z\u00f6tt (1710 k\u00f6r\u00fcl), nemess\u00e9get kapott (1755). Az Erd\u00e9lybe sz\u00e1rmazott tagok m. nemess\u00e9g\u00e9rt folyamodtak, K. K\u00e1roly Vilmos zar\u00e1ndi el\u0151n\u00e9vvel kapott nemess\u00e9get (1868). A csal\u00e1dnak birtoka volt Csittszentiv\u00e1nban. <br \/><strong>Irod.:<\/strong> Csittszentiv\u00e1n; P\u00e1lmay; Sepsisz\u00e9ki<\/br><\/p>\n","protected":false},"excerpt":{"rendered":"<p>A csal\u00e1d a Rajna melletti Bingenb\u0151l sz\u00e1rmazott, Ausztri\u00e1ba k\u00f6lt\u00f6z\u00f6tt (1710 k\u00f6r\u00fcl), nemess\u00e9get kapott (1755). Az Erd\u00e9lybe sz\u00e1rmazott tagok m. nemess\u00e9g\u00e9rt folyamodtak, K. K\u00e1roly Vilmos zar\u00e1ndi el\u0151n\u00e9vvel kapott nemess\u00e9get (1868). A csal\u00e1dnak birtoka volt Csittszentiv\u00e1nban. Irod.: Csittszentiv\u00e1n; P\u00e1lmay; Sepsisz\u00e9ki<\/p>\n","protected":false},"featured_media":0,"comment_status":"open","ping_status":"closed","template":"","meta":[],"product_brand":[],"product_cat":[137],"product_tag":[],"class_list":{"0":"post-12275","1":"product","2":"type-product","3":"status-publish","5":"product_cat-maros-megyei-eletrajzi-lexikon","7":"first","8":"instock","9":"shipping-taxable","10":"product-type-simple"},"_links":{"self":[{"href":"https:\/\/uj.adatbank.ro\/lexikon\/wp-json\/wp\/v2\/product\/12275","targetHints":{"allow":["GET"]}}],"collection":[{"href":"https:\/\/uj.adatbank.ro\/lexikon\/wp-json\/wp\/v2\/product"}],"about":[{"href":"https:\/\/uj.adatbank.ro\/lexikon\/wp-json\/wp\/v2\/types\/product"}],"replies":[{"embeddable":true,"href":"https:\/\/uj.adatbank.ro\/lexikon\/wp-json\/wp\/v2\/comments?post=12275"}],"wp:attachment":[{"href":"https:\/\/uj.adatbank.ro\/lexikon\/wp-json\/wp\/v2\/media?parent=12275"}],"wp:term":[{"taxonomy":"product_brand","embeddable":true,"href":"https:\/\/uj.adatbank.ro\/lexikon\/wp-json\/wp\/v2\/product_brand?post=12275"},{"taxonomy":"product_cat","embeddable":true,"href":"https:\/\/uj.adatbank.ro\/lexikon\/wp-json\/wp\/v2\/product_cat?post=12275"},{"taxonomy":"product_tag","embeddable":true,"href":"https:\/\/uj.adatbank.ro\/lexikon\/wp-json\/wp\/v2\/product_tag?post=12275"}],"curies":[{"name":"wp","href":"https:\/\/api.w.org\/{rel}","templated":true}]}}