{"id":12281,"date":"2025-06-29T14:21:32","date_gmt":"2025-06-29T12:21:32","guid":{"rendered":"https:\/\/uj.adatbank.ro\/lexikon\/termek\/koblos-janos\/"},"modified":"2025-06-29T14:21:32","modified_gmt":"2025-06-29T12:21:32","slug":"koblos-janos","status":"publish","type":"product","link":"https:\/\/uj.adatbank.ro\/lexikon\/termek\/koblos-janos\/","title":{"rendered":"K\u00d6BL\u00d6S J\u00e1nos"},"content":{"rendered":"<p>Maross\u00e1rpatak, 1878 \u2020 ?: kisbirtokos, honv\u00e9d. \u2013 Az 1. vh. kit\u00f6r\u00e9sekor bevonult, a 22. gy. -e. -hez, az orosz frontra vez\u00e9nyelt\u00e9k, Halicsn\u00e1l, Kirown\u00e1l harcolt. Fogs\u00e1gba esett (1916. dec.), sz\u00f6kve j\u00f6tt haza (1918). A K\u00e1roly Csapatkereszt kit\u00fcntetettje. <br \/><strong>Irod.:<\/strong> Berekm\u00e9ri\u2013G\u00e1lfi<\/br><\/p>\n","protected":false},"excerpt":{"rendered":"<p>Maross\u00e1rpatak, 1878 \u2020 ?: kisbirtokos, honv\u00e9d. \u2013 Az 1. vh. kit\u00f6r\u00e9sekor bevonult, a 22. gy. -e. -hez, az orosz frontra vez\u00e9nyelt\u00e9k, Halicsn\u00e1l, Kirown\u00e1l harcolt. Fogs\u00e1gba esett (1916. dec.), sz\u00f6kve j\u00f6tt haza (1918). A K\u00e1roly Csapatkereszt kit\u00fcntetettje. Irod.: Berekm\u00e9ri\u2013G\u00e1lfi<\/p>\n","protected":false},"featured_media":0,"comment_status":"open","ping_status":"closed","template":"","meta":[],"product_brand":[],"product_cat":[137],"product_tag":[],"class_list":{"0":"post-12281","1":"product","2":"type-product","3":"status-publish","5":"product_cat-maros-megyei-eletrajzi-lexikon","7":"first","8":"instock","9":"shipping-taxable","10":"product-type-simple"},"_links":{"self":[{"href":"https:\/\/uj.adatbank.ro\/lexikon\/wp-json\/wp\/v2\/product\/12281","targetHints":{"allow":["GET"]}}],"collection":[{"href":"https:\/\/uj.adatbank.ro\/lexikon\/wp-json\/wp\/v2\/product"}],"about":[{"href":"https:\/\/uj.adatbank.ro\/lexikon\/wp-json\/wp\/v2\/types\/product"}],"replies":[{"embeddable":true,"href":"https:\/\/uj.adatbank.ro\/lexikon\/wp-json\/wp\/v2\/comments?post=12281"}],"wp:attachment":[{"href":"https:\/\/uj.adatbank.ro\/lexikon\/wp-json\/wp\/v2\/media?parent=12281"}],"wp:term":[{"taxonomy":"product_brand","embeddable":true,"href":"https:\/\/uj.adatbank.ro\/lexikon\/wp-json\/wp\/v2\/product_brand?post=12281"},{"taxonomy":"product_cat","embeddable":true,"href":"https:\/\/uj.adatbank.ro\/lexikon\/wp-json\/wp\/v2\/product_cat?post=12281"},{"taxonomy":"product_tag","embeddable":true,"href":"https:\/\/uj.adatbank.ro\/lexikon\/wp-json\/wp\/v2\/product_tag?post=12281"}],"curies":[{"name":"wp","href":"https:\/\/api.w.org\/{rel}","templated":true}]}}