{"id":12283,"date":"2025-06-29T14:21:37","date_gmt":"2025-06-29T12:21:37","guid":{"rendered":"https:\/\/uj.adatbank.ro\/lexikon\/termek\/kobok-szabedi\/"},"modified":"2025-06-29T14:21:37","modified_gmt":"2025-06-29T12:21:37","slug":"kobok-szabedi","status":"publish","type":"product","link":"https:\/\/uj.adatbank.ro\/lexikon\/termek\/kobok-szabedi\/","title":{"rendered":"KOBOK, szab\u00e9di"},"content":{"rendered":"<p>a csal\u00e1db\u00f3l K. Istv\u00e1nt \u00e9s fi\u00e1t Mih\u00e1lyt h\u0171s\u00e9ges hadiszolg\u00e1latai\u00e9rt Apaffy Mih\u00e1ly a szabad sz\u00e9kelyek sor\u00e1b\u00f3l a l\u00f3f\u0151s\u00e9gre emelte ( 1681. j\u00fal. 19.). <br \/><strong>Irod.:<\/strong> P\u00e1lmay<\/br><\/p>\n","protected":false},"excerpt":{"rendered":"<p>a csal\u00e1db\u00f3l K. Istv\u00e1nt \u00e9s fi\u00e1t Mih\u00e1lyt h\u0171s\u00e9ges hadiszolg\u00e1latai\u00e9rt Apaffy Mih\u00e1ly a szabad sz\u00e9kelyek sor\u00e1b\u00f3l a l\u00f3f\u0151s\u00e9gre emelte ( 1681. j\u00fal. 19.). Irod.: P\u00e1lmay<\/p>\n","protected":false},"featured_media":0,"comment_status":"open","ping_status":"closed","template":"","meta":[],"product_brand":[],"product_cat":[137],"product_tag":[],"class_list":{"0":"post-12283","1":"product","2":"type-product","3":"status-publish","5":"product_cat-maros-megyei-eletrajzi-lexikon","7":"first","8":"instock","9":"shipping-taxable","10":"product-type-simple"},"_links":{"self":[{"href":"https:\/\/uj.adatbank.ro\/lexikon\/wp-json\/wp\/v2\/product\/12283","targetHints":{"allow":["GET"]}}],"collection":[{"href":"https:\/\/uj.adatbank.ro\/lexikon\/wp-json\/wp\/v2\/product"}],"about":[{"href":"https:\/\/uj.adatbank.ro\/lexikon\/wp-json\/wp\/v2\/types\/product"}],"replies":[{"embeddable":true,"href":"https:\/\/uj.adatbank.ro\/lexikon\/wp-json\/wp\/v2\/comments?post=12283"}],"wp:attachment":[{"href":"https:\/\/uj.adatbank.ro\/lexikon\/wp-json\/wp\/v2\/media?parent=12283"}],"wp:term":[{"taxonomy":"product_brand","embeddable":true,"href":"https:\/\/uj.adatbank.ro\/lexikon\/wp-json\/wp\/v2\/product_brand?post=12283"},{"taxonomy":"product_cat","embeddable":true,"href":"https:\/\/uj.adatbank.ro\/lexikon\/wp-json\/wp\/v2\/product_cat?post=12283"},{"taxonomy":"product_tag","embeddable":true,"href":"https:\/\/uj.adatbank.ro\/lexikon\/wp-json\/wp\/v2\/product_tag?post=12283"}],"curies":[{"name":"wp","href":"https:\/\/api.w.org\/{rel}","templated":true}]}}