{"id":12294,"date":"2025-06-29T14:21:59","date_gmt":"2025-06-29T12:21:59","guid":{"rendered":"https:\/\/uj.adatbank.ro\/lexikon\/termek\/koch-richard\/"},"modified":"2025-06-29T14:21:59","modified_gmt":"2025-06-29T12:21:59","slug":"koch-richard","status":"publish","type":"product","link":"https:\/\/uj.adatbank.ro\/lexikon\/termek\/koch-richard\/","title":{"rendered":"KOCH Richard"},"content":{"rendered":"<p>? \u2020 ?: gy\u00e1rtulajdonos. \u2013 Pekri G\u00e9za telektulajdonossal k\u00f6z\u00f6sen l\u00e9tes\u00edtett\u00e9k a dics\u0151szentm\u00e1rtoni Hercules T\u00e9gla \u00e9s Cser\u00e9pgy\u00e1r Rt (alap\u00edt\u00e1si \u00e9v 1921), melynek f\u0151 r\u00e9szv\u00e9nyese \u00e9s igazgat\u00f3ja. Fel\u00e9p\u00edtett\u00e9k az els\u0151 modern, k\u00f6rk\u00f6r\u00f6s \u00e9get\u0151kemenc\u00e9t \u00e9s megkezdt\u00e9k a cser\u00e9pgy\u00e1rt\u00e1st is (1927). A b\u00e9csi d\u00f6nt\u00e9st k\u00f6vet\u0151en Mo.-ra t\u00e1vozott, Pekri G\u00e9za visszal\u00e9pett a v\u00e1llalkoz\u00e1st\u00f3l, \u00edgy lett a t\u00e1rsas\u00e1g \u00faj vezet\u0151je Gh. Todoran, cs\u00fcd\u0151telki lelk\u00e9sz (1940\u201345). A h\u00e1bor\u00fa befejez\u00e9se ut\u00e1n visszat\u00e9rt, \u00e9s az \u00e1llamos\u00edt\u00e1sig vezette a gy\u00e1rat (1948). <br \/><strong>Irod.:<\/strong> Dics\u0151szentm\u00e1rton r\u00e9gi arca; EBKL<\/br><\/p>\n","protected":false},"excerpt":{"rendered":"<p>? \u2020 ?: gy\u00e1rtulajdonos. \u2013 Pekri G\u00e9za telektulajdonossal k\u00f6z\u00f6sen l\u00e9tes\u00edtett\u00e9k a dics\u0151szentm\u00e1rtoni Hercules T\u00e9gla \u00e9s Cser\u00e9pgy\u00e1r Rt (alap\u00edt\u00e1si \u00e9v 1921), melynek f\u0151 r\u00e9szv\u00e9nyese \u00e9s igazgat\u00f3ja. Fel\u00e9p\u00edtett\u00e9k az els\u0151 modern, k\u00f6rk\u00f6r\u00f6s \u00e9get\u0151kemenc\u00e9t \u00e9s megkezdt\u00e9k a cser\u00e9pgy\u00e1rt\u00e1st is (1927). A b\u00e9csi d\u00f6nt\u00e9st k\u00f6vet\u0151en Mo.-ra t\u00e1vozott, Pekri G\u00e9za visszal\u00e9pett a v\u00e1llalkoz\u00e1st\u00f3l, \u00edgy lett a t\u00e1rsas\u00e1g \u00faj vezet\u0151je Gh. [&hellip;]<\/p>\n","protected":false},"featured_media":0,"comment_status":"open","ping_status":"closed","template":"","meta":[],"product_brand":[],"product_cat":[137],"product_tag":[],"class_list":{"0":"post-12294","1":"product","2":"type-product","3":"status-publish","5":"product_cat-maros-megyei-eletrajzi-lexikon","7":"first","8":"instock","9":"shipping-taxable","10":"product-type-simple"},"_links":{"self":[{"href":"https:\/\/uj.adatbank.ro\/lexikon\/wp-json\/wp\/v2\/product\/12294","targetHints":{"allow":["GET"]}}],"collection":[{"href":"https:\/\/uj.adatbank.ro\/lexikon\/wp-json\/wp\/v2\/product"}],"about":[{"href":"https:\/\/uj.adatbank.ro\/lexikon\/wp-json\/wp\/v2\/types\/product"}],"replies":[{"embeddable":true,"href":"https:\/\/uj.adatbank.ro\/lexikon\/wp-json\/wp\/v2\/comments?post=12294"}],"wp:attachment":[{"href":"https:\/\/uj.adatbank.ro\/lexikon\/wp-json\/wp\/v2\/media?parent=12294"}],"wp:term":[{"taxonomy":"product_brand","embeddable":true,"href":"https:\/\/uj.adatbank.ro\/lexikon\/wp-json\/wp\/v2\/product_brand?post=12294"},{"taxonomy":"product_cat","embeddable":true,"href":"https:\/\/uj.adatbank.ro\/lexikon\/wp-json\/wp\/v2\/product_cat?post=12294"},{"taxonomy":"product_tag","embeddable":true,"href":"https:\/\/uj.adatbank.ro\/lexikon\/wp-json\/wp\/v2\/product_tag?post=12294"}],"curies":[{"name":"wp","href":"https:\/\/api.w.org\/{rel}","templated":true}]}}