{"id":12305,"date":"2025-06-29T14:22:23","date_gmt":"2025-06-29T12:22:23","guid":{"rendered":"https:\/\/uj.adatbank.ro\/lexikon\/termek\/kocsis-gyorgy\/"},"modified":"2025-06-29T14:22:23","modified_gmt":"2025-06-29T12:22:23","slug":"kocsis-gyorgy","status":"publish","type":"product","link":"https:\/\/uj.adatbank.ro\/lexikon\/termek\/kocsis-gyorgy\/","title":{"rendered":"KOCSIS Gy\u00f6rgy"},"content":{"rendered":"<p>Magyar\u00f3, 1887., \u2020 Magyar\u00f3, 1951: f\u00f6ldm\u0171ves. \u2013 Tartal\u00e9kos \u0151rmester a cs. \u00e9s kir. hid\u00e1szz\u00e1szl\u00f3aljn\u00e1l. <strong>Kit\u00fcntet\u00e9sei:<\/strong> O1, O2, koron\u00e1s Ez\u00fcst, OB, Vas \u00c9K, MHE\u00c9, Leg\u00e9nys\u00e9gi Katonai Szolg\u00e1lati jel III. oszt., 1912\u20131913. \u00e9vi Eml\u00e9kkereszt, N\u00e9met Harcosok \u00c9rdem\u00e9rme Avat\u00e1si id\u0151pont. 1943. m\u00e1rc. 10., Vit\u00e9zi avat\u00e1si id\u0151pont: 1943. m\u00e1rc. 10. <br \/><strong>Irod.:<\/strong> Berekm\u00e9ri\u2013Nemes<\/br><\/p>\n","protected":false},"excerpt":{"rendered":"<p>Magyar\u00f3, 1887., \u2020 Magyar\u00f3, 1951: f\u00f6ldm\u0171ves. \u2013 Tartal\u00e9kos \u0151rmester a cs. \u00e9s kir. hid\u00e1szz\u00e1szl\u00f3aljn\u00e1l. Kit\u00fcntet\u00e9sei: O1, O2, koron\u00e1s Ez\u00fcst, OB, Vas \u00c9K, MHE\u00c9, Leg\u00e9nys\u00e9gi Katonai Szolg\u00e1lati jel III. oszt., 1912\u20131913. \u00e9vi Eml\u00e9kkereszt, N\u00e9met Harcosok \u00c9rdem\u00e9rme Avat\u00e1si id\u0151pont. 1943. m\u00e1rc. 10., Vit\u00e9zi avat\u00e1si id\u0151pont: 1943. m\u00e1rc. 10. Irod.: Berekm\u00e9ri\u2013Nemes<\/p>\n","protected":false},"featured_media":0,"comment_status":"open","ping_status":"closed","template":"","meta":[],"product_brand":[],"product_cat":[137],"product_tag":[],"class_list":{"0":"post-12305","1":"product","2":"type-product","3":"status-publish","5":"product_cat-maros-megyei-eletrajzi-lexikon","7":"first","8":"instock","9":"shipping-taxable","10":"product-type-simple"},"_links":{"self":[{"href":"https:\/\/uj.adatbank.ro\/lexikon\/wp-json\/wp\/v2\/product\/12305","targetHints":{"allow":["GET"]}}],"collection":[{"href":"https:\/\/uj.adatbank.ro\/lexikon\/wp-json\/wp\/v2\/product"}],"about":[{"href":"https:\/\/uj.adatbank.ro\/lexikon\/wp-json\/wp\/v2\/types\/product"}],"replies":[{"embeddable":true,"href":"https:\/\/uj.adatbank.ro\/lexikon\/wp-json\/wp\/v2\/comments?post=12305"}],"wp:attachment":[{"href":"https:\/\/uj.adatbank.ro\/lexikon\/wp-json\/wp\/v2\/media?parent=12305"}],"wp:term":[{"taxonomy":"product_brand","embeddable":true,"href":"https:\/\/uj.adatbank.ro\/lexikon\/wp-json\/wp\/v2\/product_brand?post=12305"},{"taxonomy":"product_cat","embeddable":true,"href":"https:\/\/uj.adatbank.ro\/lexikon\/wp-json\/wp\/v2\/product_cat?post=12305"},{"taxonomy":"product_tag","embeddable":true,"href":"https:\/\/uj.adatbank.ro\/lexikon\/wp-json\/wp\/v2\/product_tag?post=12305"}],"curies":[{"name":"wp","href":"https:\/\/api.w.org\/{rel}","templated":true}]}}