{"id":12307,"date":"2025-06-29T14:22:28","date_gmt":"2025-06-29T12:22:28","guid":{"rendered":"https:\/\/uj.adatbank.ro\/lexikon\/termek\/kocsis-hobo-laszlo\/"},"modified":"2025-06-29T14:22:28","modified_gmt":"2025-06-29T12:22:28","slug":"kocsis-hobo-laszlo","status":"publish","type":"product","link":"https:\/\/uj.adatbank.ro\/lexikon\/termek\/kocsis-hobo-laszlo\/","title":{"rendered":"KOCSIS HOBO L\u00e1szl\u00f3"},"content":{"rendered":"<p>Mv., 1971., \u2020 2009 aug, eltemetve szept. 4.: alpinista. \u2013 Tagja volt a Mv.-i \u00d6r\u00f6kmozg\u00f3 Term\u00e9szetj\u00e1r\u00f3 Egyes\u00fcletnek, az Erd\u00e9lyi K\u00e1rp\u00e1t Egyes\u00fclet Mv.-i Oszt\u00e1ly\u00e1nak, az Outward Bound Egyes\u00fcletnek. Tragikus hegyi balesetben vesztette \u00e9let\u00e9t. A S\u00f3 \u00fatja els\u0151 v\u00e9gigj\u00e1r\u00f3ja \u00e9s kijel\u00f6l\u0151je volt. Tucatnyi t\u00e9rk\u00e9pet k\u00e9sz\u00edtett a t\u00e9rs\u00e9g turist\u00e1i sz\u00e1m\u00e1ra, jelz\u00e9seket festett, r\u00e9szt vett barlangok felt\u00e1r\u00e1s\u00e1ban, fellend\u00edtve, a Maros megyei, \u00e9s f\u0151leg a ny\u00e1r\u00e1dmenti turizmust. Tisztelet\u00e9re eml\u00e9kt\u00e1bl\u00e1t avattak Jobb\u00e1gyfalv\u00e1n, a T\u00fcnd\u00e9r Ilona v\u00f6lgye vend\u00e9gh\u00e1z\u00e1n. <br \/><strong>Irod.:<\/strong> Gligor R\u00f3bert L\u00e1szl\u00f3: K. H. L.-ra eml\u00e9keztek a S\u00f3 \u00fatja napj\u00e1n (V\u00e1s\u00e1rhelyi H\u00edrlap, 2010. \u00e1pr. 27.); N\u00fa. (2009 szept. 3.)<\/br><\/p>\n","protected":false},"excerpt":{"rendered":"<p>Mv., 1971., \u2020 2009 aug, eltemetve szept. 4.: alpinista. \u2013 Tagja volt a Mv.-i \u00d6r\u00f6kmozg\u00f3 Term\u00e9szetj\u00e1r\u00f3 Egyes\u00fcletnek, az Erd\u00e9lyi K\u00e1rp\u00e1t Egyes\u00fclet Mv.-i Oszt\u00e1ly\u00e1nak, az Outward Bound Egyes\u00fcletnek. Tragikus hegyi balesetben vesztette \u00e9let\u00e9t. A S\u00f3 \u00fatja els\u0151 v\u00e9gigj\u00e1r\u00f3ja \u00e9s kijel\u00f6l\u0151je volt. Tucatnyi t\u00e9rk\u00e9pet k\u00e9sz\u00edtett a t\u00e9rs\u00e9g turist\u00e1i sz\u00e1m\u00e1ra, jelz\u00e9seket festett, r\u00e9szt vett barlangok felt\u00e1r\u00e1s\u00e1ban, fellend\u00edtve, a [&hellip;]<\/p>\n","protected":false},"featured_media":0,"comment_status":"open","ping_status":"closed","template":"","meta":[],"product_brand":[],"product_cat":[137],"product_tag":[],"class_list":{"0":"post-12307","1":"product","2":"type-product","3":"status-publish","5":"product_cat-maros-megyei-eletrajzi-lexikon","7":"first","8":"instock","9":"shipping-taxable","10":"product-type-simple"},"_links":{"self":[{"href":"https:\/\/uj.adatbank.ro\/lexikon\/wp-json\/wp\/v2\/product\/12307","targetHints":{"allow":["GET"]}}],"collection":[{"href":"https:\/\/uj.adatbank.ro\/lexikon\/wp-json\/wp\/v2\/product"}],"about":[{"href":"https:\/\/uj.adatbank.ro\/lexikon\/wp-json\/wp\/v2\/types\/product"}],"replies":[{"embeddable":true,"href":"https:\/\/uj.adatbank.ro\/lexikon\/wp-json\/wp\/v2\/comments?post=12307"}],"wp:attachment":[{"href":"https:\/\/uj.adatbank.ro\/lexikon\/wp-json\/wp\/v2\/media?parent=12307"}],"wp:term":[{"taxonomy":"product_brand","embeddable":true,"href":"https:\/\/uj.adatbank.ro\/lexikon\/wp-json\/wp\/v2\/product_brand?post=12307"},{"taxonomy":"product_cat","embeddable":true,"href":"https:\/\/uj.adatbank.ro\/lexikon\/wp-json\/wp\/v2\/product_cat?post=12307"},{"taxonomy":"product_tag","embeddable":true,"href":"https:\/\/uj.adatbank.ro\/lexikon\/wp-json\/wp\/v2\/product_tag?post=12307"}],"curies":[{"name":"wp","href":"https:\/\/api.w.org\/{rel}","templated":true}]}}