{"id":12308,"date":"2025-06-29T14:22:30","date_gmt":"2025-06-29T12:22:30","guid":{"rendered":"https:\/\/uj.adatbank.ro\/lexikon\/termek\/kocsis-imre\/"},"modified":"2025-06-29T14:22:30","modified_gmt":"2025-06-29T12:22:30","slug":"kocsis-imre","status":"publish","type":"product","link":"https:\/\/uj.adatbank.ro\/lexikon\/termek\/kocsis-imre\/","title":{"rendered":"KOCSIS Imre"},"content":{"rendered":"<p>Brass\u00f3, 1894. j\u00fan. 25., \u2020 Szov\u00e1ta, 1969. nov. 5.: r. k. pap. \u2013 Tanulm\u00e1nyait Brass\u00f3ban \u00e9s Gyulafeh\u00e9rv\u00e1ron v\u00e9gezte, papp\u00e1 szentelt\u00e9k (1923. j\u00fan. 29.). K\u00e1pl\u00e1n Cs\u00edkszentsimon \u2013 Csat\u00f3szegen (1923), Gyergy\u00f3szentmikl\u00f3son (1924), Beszterc\u00e9n (1925). Lelkip\u00e1sztor Radnalajosfalv\u00e1n, \u00d3radn\u00e1n, Homor\u00f3dremet\u00e9n \u00e9s Bordoson (1939\u2013), Parajdon (1946) m\u0171k\u0151d\u0151tt. Az I. vh.-ban mint hadnagy az olasz fronton volt, az I. ez\u00fcst vit. \u00e9rem, a Sig. Laud \u00e9s a K\u00e1roly Csapatkereszt kit\u00fcntet\u00e9seket kapta. A Hangya alap\u00edt\u00f3ja \u00e9s \u00fcgyvezet\u0151je, a MP \u00e9s a Szoci\u00e1lis Misszi\u00f3 eln\u00f6ke volt. Beszt\u00e9rc\u00e9n volt beb\u00f6rt\u00f6n\u00f6zve. Bordoson a h\u00e1bor\u00fa alatt is rendkiv\u00fcl \u00fcgyelt az egyh\u00e1zi iskol\u00e1ra. A II. vh. v\u00e9g\u00e9n elmenek\u00fclt. <br \/><strong>Irod.:<\/strong> Maros-k\u00fck\u00fcll\u0151i f\u0151esp; Maros-k\u00fck\u00fcll\u0151i f\u0151esp.; Sz\u00e9kelyf\u00f6ld \u00ed. k.<\/br><\/p>\n","protected":false},"excerpt":{"rendered":"<p>Brass\u00f3, 1894. j\u00fan. 25., \u2020 Szov\u00e1ta, 1969. nov. 5.: r. k. pap. \u2013 Tanulm\u00e1nyait Brass\u00f3ban \u00e9s Gyulafeh\u00e9rv\u00e1ron v\u00e9gezte, papp\u00e1 szentelt\u00e9k (1923. j\u00fan. 29.). K\u00e1pl\u00e1n Cs\u00edkszentsimon \u2013 Csat\u00f3szegen (1923), Gyergy\u00f3szentmikl\u00f3son (1924), Beszterc\u00e9n (1925). Lelkip\u00e1sztor Radnalajosfalv\u00e1n, \u00d3radn\u00e1n, Homor\u00f3dremet\u00e9n \u00e9s Bordoson (1939\u2013), Parajdon (1946) m\u0171k\u0151d\u0151tt. Az I. vh.-ban mint hadnagy az olasz fronton volt, az I. ez\u00fcst vit. [&hellip;]<\/p>\n","protected":false},"featured_media":0,"comment_status":"open","ping_status":"closed","template":"","meta":[],"product_brand":[],"product_cat":[137],"product_tag":[],"class_list":{"0":"post-12308","1":"product","2":"type-product","3":"status-publish","5":"product_cat-maros-megyei-eletrajzi-lexikon","7":"first","8":"instock","9":"shipping-taxable","10":"product-type-simple"},"_links":{"self":[{"href":"https:\/\/uj.adatbank.ro\/lexikon\/wp-json\/wp\/v2\/product\/12308","targetHints":{"allow":["GET"]}}],"collection":[{"href":"https:\/\/uj.adatbank.ro\/lexikon\/wp-json\/wp\/v2\/product"}],"about":[{"href":"https:\/\/uj.adatbank.ro\/lexikon\/wp-json\/wp\/v2\/types\/product"}],"replies":[{"embeddable":true,"href":"https:\/\/uj.adatbank.ro\/lexikon\/wp-json\/wp\/v2\/comments?post=12308"}],"wp:attachment":[{"href":"https:\/\/uj.adatbank.ro\/lexikon\/wp-json\/wp\/v2\/media?parent=12308"}],"wp:term":[{"taxonomy":"product_brand","embeddable":true,"href":"https:\/\/uj.adatbank.ro\/lexikon\/wp-json\/wp\/v2\/product_brand?post=12308"},{"taxonomy":"product_cat","embeddable":true,"href":"https:\/\/uj.adatbank.ro\/lexikon\/wp-json\/wp\/v2\/product_cat?post=12308"},{"taxonomy":"product_tag","embeddable":true,"href":"https:\/\/uj.adatbank.ro\/lexikon\/wp-json\/wp\/v2\/product_tag?post=12308"}],"curies":[{"name":"wp","href":"https:\/\/api.w.org\/{rel}","templated":true}]}}