{"id":12310,"date":"2025-06-29T14:22:33","date_gmt":"2025-06-29T12:22:33","guid":{"rendered":"https:\/\/uj.adatbank.ro\/lexikon\/termek\/kocsis-istvan\/"},"modified":"2025-06-29T14:22:33","modified_gmt":"2025-06-29T12:22:33","slug":"kocsis-istvan","status":"publish","type":"product","link":"https:\/\/uj.adatbank.ro\/lexikon\/termek\/kocsis-istvan\/","title":{"rendered":"KOCSIS Istv\u00e1n"},"content":{"rendered":"<p>Magyar\u00f3, 1911., \u2020 ?: tan\u00edt\u00f3. \u2013 Tanulm\u00e1nyait Mv.-en \u00e9s Nagyenyeden v\u00e9gezte, ahol tan\u00edt\u00f3i \u00e9s k\u00e1ntori oklevelet szerzett. Vajdaszentiv\u00e1nyon tan\u00edtott (1930\u2013). A Hangya \u00fcgyvezet\u0151 igazgat\u00f3ja, a T\u0171zolt\u00f3 Egylet parancsnoka, gazdak\u00f6ri jegyz\u0151, a MP jegyz\u0151je volt. <br \/><strong>Irod.:<\/strong> Sz\u00e9kelyf\u00f6ld \u00ed. k.<\/br><\/p>\n","protected":false},"excerpt":{"rendered":"<p>Magyar\u00f3, 1911., \u2020 ?: tan\u00edt\u00f3. \u2013 Tanulm\u00e1nyait Mv.-en \u00e9s Nagyenyeden v\u00e9gezte, ahol tan\u00edt\u00f3i \u00e9s k\u00e1ntori oklevelet szerzett. Vajdaszentiv\u00e1nyon tan\u00edtott (1930\u2013). A Hangya \u00fcgyvezet\u0151 igazgat\u00f3ja, a T\u0171zolt\u00f3 Egylet parancsnoka, gazdak\u00f6ri jegyz\u0151, a MP jegyz\u0151je volt. Irod.: Sz\u00e9kelyf\u00f6ld \u00ed. k.<\/p>\n","protected":false},"featured_media":0,"comment_status":"open","ping_status":"closed","template":"","meta":[],"product_brand":[],"product_cat":[137],"product_tag":[],"class_list":{"0":"post-12310","1":"product","2":"type-product","3":"status-publish","5":"product_cat-maros-megyei-eletrajzi-lexikon","7":"first","8":"instock","9":"shipping-taxable","10":"product-type-simple"},"_links":{"self":[{"href":"https:\/\/uj.adatbank.ro\/lexikon\/wp-json\/wp\/v2\/product\/12310","targetHints":{"allow":["GET"]}}],"collection":[{"href":"https:\/\/uj.adatbank.ro\/lexikon\/wp-json\/wp\/v2\/product"}],"about":[{"href":"https:\/\/uj.adatbank.ro\/lexikon\/wp-json\/wp\/v2\/types\/product"}],"replies":[{"embeddable":true,"href":"https:\/\/uj.adatbank.ro\/lexikon\/wp-json\/wp\/v2\/comments?post=12310"}],"wp:attachment":[{"href":"https:\/\/uj.adatbank.ro\/lexikon\/wp-json\/wp\/v2\/media?parent=12310"}],"wp:term":[{"taxonomy":"product_brand","embeddable":true,"href":"https:\/\/uj.adatbank.ro\/lexikon\/wp-json\/wp\/v2\/product_brand?post=12310"},{"taxonomy":"product_cat","embeddable":true,"href":"https:\/\/uj.adatbank.ro\/lexikon\/wp-json\/wp\/v2\/product_cat?post=12310"},{"taxonomy":"product_tag","embeddable":true,"href":"https:\/\/uj.adatbank.ro\/lexikon\/wp-json\/wp\/v2\/product_tag?post=12310"}],"curies":[{"name":"wp","href":"https:\/\/api.w.org\/{rel}","templated":true}]}}