{"id":12327,"date":"2025-06-29T14:23:03","date_gmt":"2025-06-29T12:23:03","guid":{"rendered":"https:\/\/uj.adatbank.ro\/lexikon\/termek\/kodolanyi-kobulniczky-andras\/"},"modified":"2025-06-29T14:23:03","modified_gmt":"2025-06-29T12:23:03","slug":"kodolanyi-kobulniczky-andras","status":"publish","type":"product","link":"https:\/\/uj.adatbank.ro\/lexikon\/termek\/kodolanyi-kobulniczky-andras\/","title":{"rendered":"KODOL\u00c1NYI (KOBULNICZKY) Andr\u00e1s"},"content":{"rendered":"<p>1892. m\u00e1j. 18., \u2020 Sz\u00e1szr\u00e9gen, 1947. j\u00fan. 17.: szakaszvezet\u0151. \u2013 a cs. \u00e9s kir.-i 62. gyalogezredben, <strong>Kit\u00fcntet\u00e9sei:<\/strong> <strong>Kit\u00fcntet\u00e9sei:<\/strong> O1, O2, OB, Kcsk, Seb\u00c9, MHE\u00c9, BHE\u00c9. Vit\u00e9z\u00e9 avat\u00e1sa 1942. dec. 6. <br \/><strong>Irod.:<\/strong> Berekm\u00e9ri\u2013Nemes<\/br><\/p>\n","protected":false},"excerpt":{"rendered":"<p>1892. m\u00e1j. 18., \u2020 Sz\u00e1szr\u00e9gen, 1947. j\u00fan. 17.: szakaszvezet\u0151. \u2013 a cs. \u00e9s kir.-i 62. gyalogezredben, Kit\u00fcntet\u00e9sei: Kit\u00fcntet\u00e9sei: O1, O2, OB, Kcsk, Seb\u00c9, MHE\u00c9, BHE\u00c9. Vit\u00e9z\u00e9 avat\u00e1sa 1942. dec. 6. Irod.: Berekm\u00e9ri\u2013Nemes<\/p>\n","protected":false},"featured_media":0,"comment_status":"open","ping_status":"closed","template":"","meta":[],"product_brand":[],"product_cat":[137],"product_tag":[],"class_list":{"0":"post-12327","1":"product","2":"type-product","3":"status-publish","5":"product_cat-maros-megyei-eletrajzi-lexikon","7":"first","8":"instock","9":"shipping-taxable","10":"product-type-simple"},"_links":{"self":[{"href":"https:\/\/uj.adatbank.ro\/lexikon\/wp-json\/wp\/v2\/product\/12327","targetHints":{"allow":["GET"]}}],"collection":[{"href":"https:\/\/uj.adatbank.ro\/lexikon\/wp-json\/wp\/v2\/product"}],"about":[{"href":"https:\/\/uj.adatbank.ro\/lexikon\/wp-json\/wp\/v2\/types\/product"}],"replies":[{"embeddable":true,"href":"https:\/\/uj.adatbank.ro\/lexikon\/wp-json\/wp\/v2\/comments?post=12327"}],"wp:attachment":[{"href":"https:\/\/uj.adatbank.ro\/lexikon\/wp-json\/wp\/v2\/media?parent=12327"}],"wp:term":[{"taxonomy":"product_brand","embeddable":true,"href":"https:\/\/uj.adatbank.ro\/lexikon\/wp-json\/wp\/v2\/product_brand?post=12327"},{"taxonomy":"product_cat","embeddable":true,"href":"https:\/\/uj.adatbank.ro\/lexikon\/wp-json\/wp\/v2\/product_cat?post=12327"},{"taxonomy":"product_tag","embeddable":true,"href":"https:\/\/uj.adatbank.ro\/lexikon\/wp-json\/wp\/v2\/product_tag?post=12327"}],"curies":[{"name":"wp","href":"https:\/\/api.w.org\/{rel}","templated":true}]}}