{"id":12336,"date":"2025-06-29T14:23:28","date_gmt":"2025-06-29T12:23:28","guid":{"rendered":"https:\/\/uj.adatbank.ro\/lexikon\/termek\/kohler-karolyne-jakab-erzsebet-k-jakab-erzsebet\/"},"modified":"2025-06-29T14:23:28","modified_gmt":"2025-06-29T12:23:28","slug":"kohler-karolyne-jakab-erzsebet-k-jakab-erzsebet","status":"publish","type":"product","link":"https:\/\/uj.adatbank.ro\/lexikon\/termek\/kohler-karolyne-jakab-erzsebet-k-jakab-erzsebet\/","title":{"rendered":"KOHLER K\u00e1rolyn\u00e9, Jakab Erzs\u00e9bet, K. Jakab Erzs\u00e9bet"},"content":{"rendered":"<p>Petrila, 1911. m\u00e1j. 16., \u2020 Mv., 1984. febr. 9.: tan\u00e1r. \u2013 J. Lajos \u00e9s Anna le\u00e1nya, nagycsal\u00e1dba sz\u00fcletett 6. gyermekk\u00e9nt. F\u00e9rje: Kohler K\u00e1roly, m\u00e9rn\u00f6k (esk\u00fcv\u0151 1936). Le\u00e1nyuk: K B\u00e1lint J\u00falia Zsuzsanna. \u2013 A sz\u00fcleivel Szebenbe k\u00f6lt\u00f6ztek \u00e9s az elemi iskol\u00e1t n\u00e9met\u00fcl az Orsolya rendi z\u00e1rd\u00e1ban v\u00e9gezte (1918\u201326). Kor\u00e1n kezdett dolgozni (1927\u2013) \u00e9s rom\u00e1n iskol\u00e1ban \u00e9retts\u00e9gizett a munka mellett. A f\u00e9rj\u00e9vel Buk. -be k\u00f6lt\u00f6z\u00f6tt, ahol idegennyelv\u0171 levelez\u0151 volt (1938\u201344). Mv.-en a Coop. Robot igazgat\u00f3ja (1946\u201348), akt\u00edvista a RKP MAT szervezet\u00e9n\u00e9l (1948\u201352), politikai gazdas\u00e1gtan \u00e9s marxista filoz\u00f3fia tan\u00e1ra a mv.-i OGYI-n (1949\u201355). K\u00f6zben a buk.-i Zsdanov egyetem filoz\u00f3fia szak\u00e1n diplom\u00e1zott (1949\u201354). A mv.-i Szentgy\u00f6rgyi Istv\u00e1n Sz\u00ednm\u0171v\u00e9szeti Int\u00e9zet filoz\u00f3fia tan\u00e1rn\u0151je nyugd\u00edjaz\u00e1s\u00e1ig (1955\u201368). \u2014<strong>F. m.:<\/strong><strong>ford.:<\/strong> Fr. Wolf: Mamlock professzor (1961 k.) <br \/><strong>Irod.:<\/strong> csal\u00e1di inf.; [Nekrol\u00f3g](V. Z., 1984. febr. 11.)<\/br><\/p>\n","protected":false},"excerpt":{"rendered":"<p>Petrila, 1911. m\u00e1j. 16., \u2020 Mv., 1984. febr. 9.: tan\u00e1r. \u2013 J. Lajos \u00e9s Anna le\u00e1nya, nagycsal\u00e1dba sz\u00fcletett 6. gyermekk\u00e9nt. F\u00e9rje: Kohler K\u00e1roly, m\u00e9rn\u00f6k (esk\u00fcv\u0151 1936). Le\u00e1nyuk: K B\u00e1lint J\u00falia Zsuzsanna. \u2013 A sz\u00fcleivel Szebenbe k\u00f6lt\u00f6ztek \u00e9s az elemi iskol\u00e1t n\u00e9met\u00fcl az Orsolya rendi z\u00e1rd\u00e1ban v\u00e9gezte (1918\u201326). Kor\u00e1n kezdett dolgozni (1927\u2013) \u00e9s rom\u00e1n iskol\u00e1ban \u00e9retts\u00e9gizett [&hellip;]<\/p>\n","protected":false},"featured_media":0,"comment_status":"open","ping_status":"closed","template":"","meta":[],"product_brand":[],"product_cat":[137],"product_tag":[],"class_list":{"0":"post-12336","1":"product","2":"type-product","3":"status-publish","5":"product_cat-maros-megyei-eletrajzi-lexikon","7":"first","8":"instock","9":"shipping-taxable","10":"product-type-simple"},"_links":{"self":[{"href":"https:\/\/uj.adatbank.ro\/lexikon\/wp-json\/wp\/v2\/product\/12336","targetHints":{"allow":["GET"]}}],"collection":[{"href":"https:\/\/uj.adatbank.ro\/lexikon\/wp-json\/wp\/v2\/product"}],"about":[{"href":"https:\/\/uj.adatbank.ro\/lexikon\/wp-json\/wp\/v2\/types\/product"}],"replies":[{"embeddable":true,"href":"https:\/\/uj.adatbank.ro\/lexikon\/wp-json\/wp\/v2\/comments?post=12336"}],"wp:attachment":[{"href":"https:\/\/uj.adatbank.ro\/lexikon\/wp-json\/wp\/v2\/media?parent=12336"}],"wp:term":[{"taxonomy":"product_brand","embeddable":true,"href":"https:\/\/uj.adatbank.ro\/lexikon\/wp-json\/wp\/v2\/product_brand?post=12336"},{"taxonomy":"product_cat","embeddable":true,"href":"https:\/\/uj.adatbank.ro\/lexikon\/wp-json\/wp\/v2\/product_cat?post=12336"},{"taxonomy":"product_tag","embeddable":true,"href":"https:\/\/uj.adatbank.ro\/lexikon\/wp-json\/wp\/v2\/product_tag?post=12336"}],"curies":[{"name":"wp","href":"https:\/\/api.w.org\/{rel}","templated":true}]}}