{"id":12361,"date":"2025-06-29T14:24:37","date_gmt":"2025-06-29T12:24:37","guid":{"rendered":"https:\/\/uj.adatbank.ro\/lexikon\/termek\/kolcsar-renate\/"},"modified":"2025-06-29T14:24:37","modified_gmt":"2025-06-29T12:24:37","slug":"kolcsar-renate","status":"publish","type":"product","link":"https:\/\/uj.adatbank.ro\/lexikon\/termek\/kolcsar-renate\/","title":{"rendered":"KOLCS\u00c1R Ren\u00e1te"},"content":{"rendered":"<p>1963, \u2020 Sv\u00e9dorsz\u00e1g, 2007. jan. 8 : tan\u00e1rn\u0151, fotom\u0171v\u00e9sz. \u2013 Erd\u00e9lyi fizikus, gyergy\u00f3remetei, mv.-i tan\u00e1rn\u0151, sv\u00e9d \u00e1llampolg\u00e1r, fot\u00f3m\u0171v\u00e9sz. Egyetemet v\u00e9gzett, de nem kapott itthon k\u00e9pess\u00e9geinek megfelel\u0151 munk\u00e1t. A f\u00e9nyk\u00e9p albuma hal\u00e1la ut\u00e1n jelent meg. \u2013 <strong>F. m.:<\/strong> F\u00e9nyt\u0151l f\u00e9nyig ahogy jr. Renate Kolcs\u00e1r l\u00e1tta (Mv., 2008). <strong>F. ki\u00e1ll.:<\/strong> V\u00e1ndoki\u00e1ll\u00edt\u00e1sa Mv.-en a Deus Providebit Tanulm\u00e1nyi H\u00e1zban. (2009. m\u00e1j. -j\u00fan.) <br \/><strong>Irod.:<\/strong> F\u00e9nyt\u0151l f\u00e9nyig (Mv., 2008); Sebesty\u00e9n Spielmann Mih\u00e1ly: Visszan\u00e9zve (N\u00fa., M\u00fazsa, 837. sz., 2008. m\u00e1j. 24.)<\/br><\/p>\n","protected":false},"excerpt":{"rendered":"<p>1963, \u2020 Sv\u00e9dorsz\u00e1g, 2007. jan. 8 : tan\u00e1rn\u0151, fotom\u0171v\u00e9sz. \u2013 Erd\u00e9lyi fizikus, gyergy\u00f3remetei, mv.-i tan\u00e1rn\u0151, sv\u00e9d \u00e1llampolg\u00e1r, fot\u00f3m\u0171v\u00e9sz. Egyetemet v\u00e9gzett, de nem kapott itthon k\u00e9pess\u00e9geinek megfelel\u0151 munk\u00e1t. A f\u00e9nyk\u00e9p albuma hal\u00e1la ut\u00e1n jelent meg. \u2013 F. m.: F\u00e9nyt\u0151l f\u00e9nyig ahogy jr. Renate Kolcs\u00e1r l\u00e1tta (Mv., 2008). F. ki\u00e1ll.: V\u00e1ndoki\u00e1ll\u00edt\u00e1sa Mv.-en a Deus Providebit Tanulm\u00e1nyi H\u00e1zban. [&hellip;]<\/p>\n","protected":false},"featured_media":0,"comment_status":"open","ping_status":"closed","template":"","meta":[],"product_brand":[],"product_cat":[137],"product_tag":[],"class_list":{"0":"post-12361","1":"product","2":"type-product","3":"status-publish","5":"product_cat-maros-megyei-eletrajzi-lexikon","7":"first","8":"instock","9":"shipping-taxable","10":"product-type-simple"},"_links":{"self":[{"href":"https:\/\/uj.adatbank.ro\/lexikon\/wp-json\/wp\/v2\/product\/12361","targetHints":{"allow":["GET"]}}],"collection":[{"href":"https:\/\/uj.adatbank.ro\/lexikon\/wp-json\/wp\/v2\/product"}],"about":[{"href":"https:\/\/uj.adatbank.ro\/lexikon\/wp-json\/wp\/v2\/types\/product"}],"replies":[{"embeddable":true,"href":"https:\/\/uj.adatbank.ro\/lexikon\/wp-json\/wp\/v2\/comments?post=12361"}],"wp:attachment":[{"href":"https:\/\/uj.adatbank.ro\/lexikon\/wp-json\/wp\/v2\/media?parent=12361"}],"wp:term":[{"taxonomy":"product_brand","embeddable":true,"href":"https:\/\/uj.adatbank.ro\/lexikon\/wp-json\/wp\/v2\/product_brand?post=12361"},{"taxonomy":"product_cat","embeddable":true,"href":"https:\/\/uj.adatbank.ro\/lexikon\/wp-json\/wp\/v2\/product_cat?post=12361"},{"taxonomy":"product_tag","embeddable":true,"href":"https:\/\/uj.adatbank.ro\/lexikon\/wp-json\/wp\/v2\/product_tag?post=12361"}],"curies":[{"name":"wp","href":"https:\/\/api.w.org\/{rel}","templated":true}]}}