{"id":12380,"date":"2025-06-29T14:25:19","date_gmt":"2025-06-29T12:25:19","guid":{"rendered":"https:\/\/uj.adatbank.ro\/lexikon\/termek\/kolosi-janos\/"},"modified":"2025-06-29T14:25:19","modified_gmt":"2025-06-29T12:25:19","slug":"kolosi-janos","status":"publish","type":"product","link":"https:\/\/uj.adatbank.ro\/lexikon\/termek\/kolosi-janos\/","title":{"rendered":"KOLOSI J\u00e1nos"},"content":{"rendered":"<p>? \u2020 Kib\u00e9d, 1787.: ref. lelk\u00e9sz. \u2013 Mv.-en subscrib\u00e1lt (1733). Marburgban peregrin\u00e1lt (1741). Harangl\u00e1bon (1743\u201349), Koronk\u00e1n (1750\u2013), Mez\u0151madarason (1758\u201361), Sz\u00e9kelykakasdon (1761\u201363), Kib\u00e9den szolg\u00e1lt (1769\u201387). A marossz\u00e9ki egyh\u00e1zmegye esperese hal\u00e1l\u00e1ig (1760\u2013). \u2013 <strong>F. m.:<\/strong> Tan\u00edt\u00e1s. Az el\u00e1v\u00e1laszt\u00e1sr\u00f3l \u00e9s meg-vet\u00e9sr\u0151l. (Kv., 1761). <br \/><strong>Irod.:<\/strong> K\u00fck\u00fcll\u0151i Ref. Egyh\u00e1zm. 2.; Sz\u00e9kelykakasd<\/br><\/p>\n","protected":false},"excerpt":{"rendered":"<p>? \u2020 Kib\u00e9d, 1787.: ref. lelk\u00e9sz. \u2013 Mv.-en subscrib\u00e1lt (1733). Marburgban peregrin\u00e1lt (1741). Harangl\u00e1bon (1743\u201349), Koronk\u00e1n (1750\u2013), Mez\u0151madarason (1758\u201361), Sz\u00e9kelykakasdon (1761\u201363), Kib\u00e9den szolg\u00e1lt (1769\u201387). A marossz\u00e9ki egyh\u00e1zmegye esperese hal\u00e1l\u00e1ig (1760\u2013). \u2013 F. m.: Tan\u00edt\u00e1s. Az el\u00e1v\u00e1laszt\u00e1sr\u00f3l \u00e9s meg-vet\u00e9sr\u0151l. (Kv., 1761). Irod.: K\u00fck\u00fcll\u0151i Ref. Egyh\u00e1zm. 2.; Sz\u00e9kelykakasd<\/p>\n","protected":false},"featured_media":0,"comment_status":"open","ping_status":"closed","template":"","meta":[],"product_brand":[],"product_cat":[137],"product_tag":[],"class_list":{"0":"post-12380","1":"product","2":"type-product","3":"status-publish","5":"product_cat-maros-megyei-eletrajzi-lexikon","7":"first","8":"instock","9":"shipping-taxable","10":"product-type-simple"},"_links":{"self":[{"href":"https:\/\/uj.adatbank.ro\/lexikon\/wp-json\/wp\/v2\/product\/12380","targetHints":{"allow":["GET"]}}],"collection":[{"href":"https:\/\/uj.adatbank.ro\/lexikon\/wp-json\/wp\/v2\/product"}],"about":[{"href":"https:\/\/uj.adatbank.ro\/lexikon\/wp-json\/wp\/v2\/types\/product"}],"replies":[{"embeddable":true,"href":"https:\/\/uj.adatbank.ro\/lexikon\/wp-json\/wp\/v2\/comments?post=12380"}],"wp:attachment":[{"href":"https:\/\/uj.adatbank.ro\/lexikon\/wp-json\/wp\/v2\/media?parent=12380"}],"wp:term":[{"taxonomy":"product_brand","embeddable":true,"href":"https:\/\/uj.adatbank.ro\/lexikon\/wp-json\/wp\/v2\/product_brand?post=12380"},{"taxonomy":"product_cat","embeddable":true,"href":"https:\/\/uj.adatbank.ro\/lexikon\/wp-json\/wp\/v2\/product_cat?post=12380"},{"taxonomy":"product_tag","embeddable":true,"href":"https:\/\/uj.adatbank.ro\/lexikon\/wp-json\/wp\/v2\/product_tag?post=12380"}],"curies":[{"name":"wp","href":"https:\/\/api.w.org\/{rel}","templated":true}]}}