{"id":12391,"date":"2025-06-29T14:25:42","date_gmt":"2025-06-29T12:25:42","guid":{"rendered":"https:\/\/uj.adatbank.ro\/lexikon\/termek\/kolosvary-jozsef\/"},"modified":"2025-06-29T14:25:42","modified_gmt":"2025-06-29T12:25:42","slug":"kolosvary-jozsef","status":"publish","type":"product","link":"https:\/\/uj.adatbank.ro\/lexikon\/termek\/kolosvary-jozsef\/","title":{"rendered":"KOLOSV\u00c1RY J\u00f3zsef"},"content":{"rendered":"<p>Nagyszalonta, 1889, \u2020 ?: : gy\u00f3gyszer\u00e9sz. \u2013 Apja gimn.-i tan\u00e1r. K\u00f6z\u00e9piskol\u00e1it Mez\u0151t\u00faron \u00e9s Bp.-en, gy\u00f3gyszer\u00e9sz egyetemet Bp.-en v\u00e9gzett (1912. j\u00fan. 15.). Gyergy\u00f3szentmikl\u00f3son volt gy\u00f3gyszer\u00e9sz, Mv.-en a Hints Zolt\u00e1nnal t\u00e1rstulajdonosa az Arany Szarvas Gy\u00f3gyszert\u00e1rnak (1925\u201326\u2013), innen kil\u00e9pve az \u00d6rangyal gy\u00f3gyszert\u00e1r kezel\u0151je (1926), tulajdonosa (1926\u201336. nov.). \u00c9l\u00e9nk t\u00e1rsadalmi tev\u00e9kenys\u00e9get folytatott. A MP. Az orsz. Gy\u00f3gyszer\u00e9szegyes\u00fclet \u00e9s t\u00f6bb t\u00e1rsadalmi, kultur\u00e1lis egyes\u00fclet tagja volt. Bel- \u00e9s k\u00fclf\u00f6ldi szaklapokban cikkei jelentek meg. Ol\u00e1hszentgy\u00f6rgyre k\u00f6lt\u00f6z\u00f6tt, ahol \u00e1tvette az Arany Kereszt gy\u00f3gyszert\u00e1r vezet\u00e9s\u00e9r (1936\u201349. \u00e1pr. 2.).<br \/><strong>Irod.:<\/strong> Ki kicsoda ?; P\u00e9ter H. M.; P\u00e9ter H. M. 2013<\/br><\/p>\n","protected":false},"excerpt":{"rendered":"<p>Nagyszalonta, 1889, \u2020 ?: : gy\u00f3gyszer\u00e9sz. \u2013 Apja gimn.-i tan\u00e1r. K\u00f6z\u00e9piskol\u00e1it Mez\u0151t\u00faron \u00e9s Bp.-en, gy\u00f3gyszer\u00e9sz egyetemet Bp.-en v\u00e9gzett (1912. j\u00fan. 15.). Gyergy\u00f3szentmikl\u00f3son volt gy\u00f3gyszer\u00e9sz, Mv.-en a Hints Zolt\u00e1nnal t\u00e1rstulajdonosa az Arany Szarvas Gy\u00f3gyszert\u00e1rnak (1925\u201326\u2013), innen kil\u00e9pve az \u00d6rangyal gy\u00f3gyszert\u00e1r kezel\u0151je (1926), tulajdonosa (1926\u201336. nov.). \u00c9l\u00e9nk t\u00e1rsadalmi tev\u00e9kenys\u00e9get folytatott. A MP. Az orsz. Gy\u00f3gyszer\u00e9szegyes\u00fclet \u00e9s t\u00f6bb [&hellip;]<\/p>\n","protected":false},"featured_media":0,"comment_status":"open","ping_status":"closed","template":"","meta":[],"product_brand":[],"product_cat":[137],"product_tag":[],"class_list":{"0":"post-12391","1":"product","2":"type-product","3":"status-publish","5":"product_cat-maros-megyei-eletrajzi-lexikon","7":"first","8":"instock","9":"shipping-taxable","10":"product-type-simple"},"_links":{"self":[{"href":"https:\/\/uj.adatbank.ro\/lexikon\/wp-json\/wp\/v2\/product\/12391","targetHints":{"allow":["GET"]}}],"collection":[{"href":"https:\/\/uj.adatbank.ro\/lexikon\/wp-json\/wp\/v2\/product"}],"about":[{"href":"https:\/\/uj.adatbank.ro\/lexikon\/wp-json\/wp\/v2\/types\/product"}],"replies":[{"embeddable":true,"href":"https:\/\/uj.adatbank.ro\/lexikon\/wp-json\/wp\/v2\/comments?post=12391"}],"wp:attachment":[{"href":"https:\/\/uj.adatbank.ro\/lexikon\/wp-json\/wp\/v2\/media?parent=12391"}],"wp:term":[{"taxonomy":"product_brand","embeddable":true,"href":"https:\/\/uj.adatbank.ro\/lexikon\/wp-json\/wp\/v2\/product_brand?post=12391"},{"taxonomy":"product_cat","embeddable":true,"href":"https:\/\/uj.adatbank.ro\/lexikon\/wp-json\/wp\/v2\/product_cat?post=12391"},{"taxonomy":"product_tag","embeddable":true,"href":"https:\/\/uj.adatbank.ro\/lexikon\/wp-json\/wp\/v2\/product_tag?post=12391"}],"curies":[{"name":"wp","href":"https:\/\/api.w.org\/{rel}","templated":true}]}}