{"id":12409,"date":"2025-06-29T14:26:16","date_gmt":"2025-06-29T12:26:16","guid":{"rendered":"https:\/\/uj.adatbank.ro\/lexikon\/termek\/kolozsvari-puskas-sandor-puskas-sandor\/"},"modified":"2025-06-29T14:26:16","modified_gmt":"2025-06-29T12:26:16","slug":"kolozsvari-puskas-sandor-puskas-sandor","status":"publish","type":"product","link":"https:\/\/uj.adatbank.ro\/lexikon\/termek\/kolozsvari-puskas-sandor-puskas-sandor\/","title":{"rendered":"KOLOZSV\u00c1RI PUSK\u00c1S S\u00e1ndor, Pusk\u00e1s S\u00e1ndor"},"content":{"rendered":"<p>Kv., 1928. j\u00fan. 18., \u2020 Mv., 2020. m\u00e1j. 31.: szobr\u00e1sz, \u00f6tv\u00f6sm\u0171v\u00e9sz. \u2013P. Szil\u00e1rd \u00e9s Eleon\u00f3ra fia. Feles\u00e9ge: Vera t\u00e1ncosn\u0151 (1975). Le\u00e1nyuk: No\u00e9mi (1979). \u2013 Kv.-on v\u00e9gzett a Ion Andreescu K\u00e9pz\u0151m\u0171v\u00e9szeti F\u0151iskol\u00e1n (1953). A Rom\u00e1niai K\u00e9pz\u0151m\u0171v\u00e9sz Sz\u00f6vets\u00e9g tagja (1954). A Magyar K\u00e9pz\u0151m\u0171v\u00e9sz Sz\u00f6vets\u00e9g tagja (1992). Szobrait k\u0151be, f\u00e9mbe, f\u00e1ba, vasba, terrakottba alkotta \u00e9s \u00e9kszereket is k\u00e9sz\u00edtett. Sokan hatottak m\u0171v\u00e9szet\u00e9re, tal\u00e1n a fest\u0151 Nagy Imre \u00e9s L\u00e1szl\u00f3 Gyula t\u00f6rt\u00e9n\u00e9sz ker\u00fcl el\u0151t\u00e9rbe. \u00c9let\u00e9r\u0151l, csal\u00e1dj\u00e1r\u00f3l, bar\u00e1tair\u00f3l, tisztel\u0151ir\u0151l a Szil\u00e1nkok c. k\u00f6nyv\u00e9ben mes\u00e9l. Ki\u00e1ll\u00edt\u00e1sai voltak belf\u00f6ld\u00f6n: Kv., Cs\u00edkszereda, Mv., Szatm\u00e1r, Buk., \u00e9s m\u00e1s v\u00e1rosokban, k\u00fclf\u00f6ld\u00f6n: Berlin, Velence, Vars\u00f3, Moszkva, Kair\u00f3, P\u00e1rizs, Kecskem\u00e9t, Bp. lak\u00f3i l\u00e1thatt\u00e1k szobrait, portr\u00e9it, d\u00edszt\u00e1rgyait, \u00e9kszereit. Jelent\u0151s a portr\u00e9szobr\u00e1szata. K\u00f6r\u00f6si Csoma S\u00e1ndor, Bethlen G\u00e1bor, Szent Istv\u00e1n, Szent l\u00e1szl\u00f3, Bolyai, S\u00fct\u0151 Andr\u00e1s Kv.-on sz\u00fcletett a Bara Margit m\u0171v\u00e9szn\u0151 szobra, Delly Ferenc s\u00edreml\u00e9ke \u00e9s a Tyukodi-szobra a kv.-i H\u00e1zsong\u00e1rdi temet\u0151ben van. F\u00e9mszobrokat is k\u00e9sz\u00edtett, tengerparti rendel\u00e9sre k\u00e9sz\u00fclt a H\u00fasz\u00e9vesek c. fiatal p\u00e1rt \u00e1br\u00e1zol\u00f3 szobra horganylemezb\u0151l. A Rom. K\u00e9pz\u0151m\u0171v\u00e9szeti Sz\u00f6vets\u00e9g (UAP) tagja. Kit\u00fcntet\u00e9se: Kultur\u00e1lis \u00c9rdemrend (1968), Moszkvai ifj\u00fas\u00e1gi fesztiv\u00e1l d\u00edja (1957). <br \/><strong>Irod.:<\/strong> 100 \u00e9v; EMKK 2010; Erd\u00e9lyi L. 2009; Erd\u00e9lyi Lajos 2018 ; Korunk gal\u00e9ria; RepM; Nagy Mikl\u00f3s Kund: Kilenc \u00e9vtized eml\u00e9kszil\u00e1nkjai: Besz\u00e9lget\u00e9s a 90 \u00e9ves Kolozsv\u00e1ri Pusk\u00e1s S\u00e1ndor szobr\u00e1szm\u0171v\u00e9sszel = Nagy Mikl\u00f3s Kund. Szemben \u00fcl\u00fcnk \u00e9s besz\u00e9lget\u00fcnk. Interj\u00fak (Mv., 2021., p. 21\u201327.); Nagy M. K. M\u0171terem<\/br><\/p>\n","protected":false},"excerpt":{"rendered":"<p>Kv., 1928. j\u00fan. 18., \u2020 Mv., 2020. m\u00e1j. 31.: szobr\u00e1sz, \u00f6tv\u00f6sm\u0171v\u00e9sz. \u2013P. Szil\u00e1rd \u00e9s Eleon\u00f3ra fia. Feles\u00e9ge: Vera t\u00e1ncosn\u0151 (1975). Le\u00e1nyuk: No\u00e9mi (1979). \u2013 Kv.-on v\u00e9gzett a Ion Andreescu K\u00e9pz\u0151m\u0171v\u00e9szeti F\u0151iskol\u00e1n (1953). A Rom\u00e1niai K\u00e9pz\u0151m\u0171v\u00e9sz Sz\u00f6vets\u00e9g tagja (1954). A Magyar K\u00e9pz\u0151m\u0171v\u00e9sz Sz\u00f6vets\u00e9g tagja (1992). Szobrait k\u0151be, f\u00e9mbe, f\u00e1ba, vasba, terrakottba alkotta \u00e9s \u00e9kszereket is k\u00e9sz\u00edtett. [&hellip;]<\/p>\n","protected":false},"featured_media":0,"comment_status":"open","ping_status":"closed","template":"","meta":[],"product_brand":[],"product_cat":[137],"product_tag":[],"class_list":{"0":"post-12409","1":"product","2":"type-product","3":"status-publish","5":"product_cat-maros-megyei-eletrajzi-lexikon","7":"first","8":"instock","9":"shipping-taxable","10":"product-type-simple"},"_links":{"self":[{"href":"https:\/\/uj.adatbank.ro\/lexikon\/wp-json\/wp\/v2\/product\/12409","targetHints":{"allow":["GET"]}}],"collection":[{"href":"https:\/\/uj.adatbank.ro\/lexikon\/wp-json\/wp\/v2\/product"}],"about":[{"href":"https:\/\/uj.adatbank.ro\/lexikon\/wp-json\/wp\/v2\/types\/product"}],"replies":[{"embeddable":true,"href":"https:\/\/uj.adatbank.ro\/lexikon\/wp-json\/wp\/v2\/comments?post=12409"}],"wp:attachment":[{"href":"https:\/\/uj.adatbank.ro\/lexikon\/wp-json\/wp\/v2\/media?parent=12409"}],"wp:term":[{"taxonomy":"product_brand","embeddable":true,"href":"https:\/\/uj.adatbank.ro\/lexikon\/wp-json\/wp\/v2\/product_brand?post=12409"},{"taxonomy":"product_cat","embeddable":true,"href":"https:\/\/uj.adatbank.ro\/lexikon\/wp-json\/wp\/v2\/product_cat?post=12409"},{"taxonomy":"product_tag","embeddable":true,"href":"https:\/\/uj.adatbank.ro\/lexikon\/wp-json\/wp\/v2\/product_tag?post=12409"}],"curies":[{"name":"wp","href":"https:\/\/api.w.org\/{rel}","templated":true}]}}