{"id":12412,"date":"2025-06-29T14:26:21","date_gmt":"2025-06-29T12:26:21","guid":{"rendered":"https:\/\/uj.adatbank.ro\/lexikon\/termek\/kolozsvary-istvan-szeki\/"},"modified":"2025-06-29T14:26:21","modified_gmt":"2025-06-29T12:26:21","slug":"kolozsvary-istvan-szeki","status":"publish","type":"product","link":"https:\/\/uj.adatbank.ro\/lexikon\/termek\/kolozsvary-istvan-szeki\/","title":{"rendered":"KOLOZSV\u00c1RY Istv\u00e1n, sz\u00e9ki"},"content":{"rendered":"<p>1874., \u2020 Kv., 1914. jan. 5. Maroscsp\u00f3n temett\u00e9k: sz\u00e1mvizsg\u00e1l\u00f3. \u2013 Feles\u00e9ge als\u00f3csern\u00e1toni V\u00e9gh Ilus. &#8211; M. kir. sz\u00e1mvizsg\u00e1l\u00f3 Mv.-en. <br \/><strong>Irod.:<\/strong> Gy\u00e1szjelent\u0151<\/br><\/p>\n","protected":false},"excerpt":{"rendered":"<p>1874., \u2020 Kv., 1914. jan. 5. Maroscsp\u00f3n temett\u00e9k: sz\u00e1mvizsg\u00e1l\u00f3. \u2013 Feles\u00e9ge als\u00f3csern\u00e1toni V\u00e9gh Ilus. &#8211; M. kir. sz\u00e1mvizsg\u00e1l\u00f3 Mv.-en. Irod.: Gy\u00e1szjelent\u0151<\/p>\n","protected":false},"featured_media":0,"comment_status":"open","ping_status":"closed","template":"","meta":[],"product_brand":[],"product_cat":[137],"product_tag":[],"class_list":{"0":"post-12412","1":"product","2":"type-product","3":"status-publish","5":"product_cat-maros-megyei-eletrajzi-lexikon","7":"first","8":"instock","9":"shipping-taxable","10":"product-type-simple"},"_links":{"self":[{"href":"https:\/\/uj.adatbank.ro\/lexikon\/wp-json\/wp\/v2\/product\/12412","targetHints":{"allow":["GET"]}}],"collection":[{"href":"https:\/\/uj.adatbank.ro\/lexikon\/wp-json\/wp\/v2\/product"}],"about":[{"href":"https:\/\/uj.adatbank.ro\/lexikon\/wp-json\/wp\/v2\/types\/product"}],"replies":[{"embeddable":true,"href":"https:\/\/uj.adatbank.ro\/lexikon\/wp-json\/wp\/v2\/comments?post=12412"}],"wp:attachment":[{"href":"https:\/\/uj.adatbank.ro\/lexikon\/wp-json\/wp\/v2\/media?parent=12412"}],"wp:term":[{"taxonomy":"product_brand","embeddable":true,"href":"https:\/\/uj.adatbank.ro\/lexikon\/wp-json\/wp\/v2\/product_brand?post=12412"},{"taxonomy":"product_cat","embeddable":true,"href":"https:\/\/uj.adatbank.ro\/lexikon\/wp-json\/wp\/v2\/product_cat?post=12412"},{"taxonomy":"product_tag","embeddable":true,"href":"https:\/\/uj.adatbank.ro\/lexikon\/wp-json\/wp\/v2\/product_tag?post=12412"}],"curies":[{"name":"wp","href":"https:\/\/api.w.org\/{rel}","templated":true}]}}