{"id":12414,"date":"2025-06-29T14:26:25","date_gmt":"2025-06-29T12:26:25","guid":{"rendered":"https:\/\/uj.adatbank.ro\/lexikon\/termek\/kolozsvary-jozsef-2\/"},"modified":"2025-06-29T14:26:25","modified_gmt":"2025-06-29T12:26:25","slug":"kolozsvary-jozsef-2","status":"publish","type":"product","link":"https:\/\/uj.adatbank.ro\/lexikon\/termek\/kolozsvary-jozsef-2\/","title":{"rendered":"KOLOZSV\u00c1RY J\u00f3zsef"},"content":{"rendered":"<p>Mv., 1925., \u2020 Mv., 1947. nov. 14.: asztalos. \u2013 A MNSz marostordamegyei szervezet\u00e9nek megyei ifj\u00fas\u00e1gi vezet\u0151je. A II. vh.-ban a Tudor Vladimiresecu-hadoszt\u00e1ly \u00f6nk\u00e9ntese, majd a RKP \u00e9s az KISz v\u00e9g\u00fcl a MNSZ keret\u00e9ben dolgozott. Buk.-ben a Maniu g\u00e1rdist\u00e1k megvert\u00e9k (1945), hal\u00e1la is ennek k\u00f6vetkezm\u00e9nye. <br \/><strong>Irod.:<\/strong> [Nekrol\u00f3g] (Szabad Sz\u00f3, 1947, nov. 16.)<\/br><\/p>\n","protected":false},"excerpt":{"rendered":"<p>Mv., 1925., \u2020 Mv., 1947. nov. 14.: asztalos. \u2013 A MNSz marostordamegyei szervezet\u00e9nek megyei ifj\u00fas\u00e1gi vezet\u0151je. A II. vh.-ban a Tudor Vladimiresecu-hadoszt\u00e1ly \u00f6nk\u00e9ntese, majd a RKP \u00e9s az KISz v\u00e9g\u00fcl a MNSZ keret\u00e9ben dolgozott. Buk.-ben a Maniu g\u00e1rdist\u00e1k megvert\u00e9k (1945), hal\u00e1la is ennek k\u00f6vetkezm\u00e9nye. Irod.: [Nekrol\u00f3g] (Szabad Sz\u00f3, 1947, nov. 16.)<\/p>\n","protected":false},"featured_media":0,"comment_status":"open","ping_status":"closed","template":"","meta":[],"product_brand":[],"product_cat":[137],"product_tag":[],"class_list":{"0":"post-12414","1":"product","2":"type-product","3":"status-publish","5":"product_cat-maros-megyei-eletrajzi-lexikon","7":"first","8":"instock","9":"shipping-taxable","10":"product-type-simple"},"_links":{"self":[{"href":"https:\/\/uj.adatbank.ro\/lexikon\/wp-json\/wp\/v2\/product\/12414","targetHints":{"allow":["GET"]}}],"collection":[{"href":"https:\/\/uj.adatbank.ro\/lexikon\/wp-json\/wp\/v2\/product"}],"about":[{"href":"https:\/\/uj.adatbank.ro\/lexikon\/wp-json\/wp\/v2\/types\/product"}],"replies":[{"embeddable":true,"href":"https:\/\/uj.adatbank.ro\/lexikon\/wp-json\/wp\/v2\/comments?post=12414"}],"wp:attachment":[{"href":"https:\/\/uj.adatbank.ro\/lexikon\/wp-json\/wp\/v2\/media?parent=12414"}],"wp:term":[{"taxonomy":"product_brand","embeddable":true,"href":"https:\/\/uj.adatbank.ro\/lexikon\/wp-json\/wp\/v2\/product_brand?post=12414"},{"taxonomy":"product_cat","embeddable":true,"href":"https:\/\/uj.adatbank.ro\/lexikon\/wp-json\/wp\/v2\/product_cat?post=12414"},{"taxonomy":"product_tag","embeddable":true,"href":"https:\/\/uj.adatbank.ro\/lexikon\/wp-json\/wp\/v2\/product_tag?post=12414"}],"curies":[{"name":"wp","href":"https:\/\/api.w.org\/{rel}","templated":true}]}}