{"id":12424,"date":"2025-06-29T14:26:45","date_gmt":"2025-06-29T12:26:45","guid":{"rendered":"https:\/\/uj.adatbank.ro\/lexikon\/termek\/kolumban-mozes\/"},"modified":"2025-06-29T14:26:45","modified_gmt":"2025-06-29T12:26:45","slug":"kolumban-mozes","status":"publish","type":"product","link":"https:\/\/uj.adatbank.ro\/lexikon\/termek\/kolumban-mozes\/","title":{"rendered":"KOLUMB\u00c1N M\u00f3zes"},"content":{"rendered":"<p>Fels\u0151r\u00e1kos (Brass\u00f3), 1904. m\u00e1j. 4., \u2020 Kv., 1973. m\u00e1j. 29.: orvos, m\u0171ford\u00edt\u00f3. V\u00e9gs\u0151 nyughelye Fels\u0151r\u00e1kos temet\u0151je, a falu nevezetes sz\u00fcl\u00f6ttjek\u00e9nt kopjaf\u00e1val eml\u00e9keztek meg r\u00f3la. &#8211; Feles\u00e9ge: Farag\u00f3 Erzs\u00e9bet, matematika tan\u00e1r. Fi\u00fak: P\u00e1l. \u2013 Fels\u0151r\u00e1kosi sz\u00e9kely f\u00f6ldm\u0171ves csal\u00e1db\u00f3l sz\u00e1rmazott. Tanulm\u00e1nyait Olasztelk\u00e9n \u00e9s R\u00e1koson kezdte, a k\u00f6z\u00e9piskol\u00e1t Kv.-on az Unit. Koll.-ban \u00e9retts\u00e9gizett (1924), az orvosi egyetemet Kv.-on kezdte, de a sz\u00fclei nem b\u00edrt\u00e1k anyagilag a tan\u00edttat\u00e1st \u00e9s Buk.-ben a katonaorvosin (1924\u20131930) v\u00e9gezte; doktor\u00e1lt (1930). Rendk\u00edv\u00fcli k\u00f6nyeds\u00e9ggel elsaj\u00e1t\u00edtott 17 nyelvet, a jap\u00e1n nyelv tan\u00e1ra \u00e9s ford\u00edt\u00f3ja, a Pen Club is soraiba v\u00e1lasztotta. Mint katonaorvos kezdte p\u00e1ly\u00e1j\u00e1t Babadag, Herkulesf\u00fcrd\u0151, Mv., Boto\u015fani, Szatm\u00e1rn\u00e9meti, Buk., Cern\u0103u\u0163-ban; k\u00f6rorvos Olaszteleken (1940\u201346); \u00e1ltal\u00e1nos orvos, fog\u00e1sz Szov\u00e1t\u00e1n (1946\u201349). Megh\u00edv\u00e1sra a mv.-i OGYI adjunktusa egyetemi el\u0151ad\u00f3tan\u00e1ra (1946\u201363), az Eg\u00e9szs\u00e9g\u00fcgyi Szervez\u00e9s Tansz\u00e9k vezet\u0151je (1949\u201363). A Bel\u00fcgyminiszt\u00e9rium eg\u00e9szs\u00e9g\u00fcgyi szolg\u00e1lat\u00e1ban dolgozott, onnan vonult nyugalomba (1963\u201368). Kutat\u00e1si ter\u00fclete: az alkoholizmus elleni harc, an\u00e9mi\u00e1k, b\u0151r- \u00e9s nemibetegs\u00e9gek, a falusi tuberkul\u00f3zis elleni harc, gyermekkori reumatizmusok, a lak\u00f3ss\u00e1g eg\u00e9szs\u00e9g\u00fcgyi nevel\u00e9se, eg\u00e9szs\u00e9g\u00fcgyi szervez\u00e9s, a r\u00e1k korai felismer\u00e9se \u00e9s megel\u0151z\u00e9se. Sz\u00e1mos hazai \u00e9s nemzek\u00f6zi szimpoziumon vett r\u00e9sz, szakk\u00f6zlem\u00e9nyei: Revista Sanitar\u0103 Militar\u0103, Cern\u0103u\u0163i Medical, Clujul Medical, revista Medical\u0103, Spitalul, Orvosi Szemle. Az Orvosi Szeml\u00e9ben megjelent k\u00f6zlem\u00e9nyei k\u00fcl\u00f6nlenyomatokban is forgalomba ker\u00fcltek, \u00edgy a tuberkul\u00f3zis elleni k\u00fczdelem falusi megszervez\u00e9s\u00e9r\u0151l sz\u00f3l\u00f3 \u00e9rtekez\u00e9se (1960\/2). Jeles orosz \u00edr\u00f3k m\u0171veit ford\u00edtotta: Gogol, Lev Tolsztoj, Zsurakovics, Ovecsnikov, Tinyanov; jap\u00e1nb\u00f3l Nacume Szoszeki: A kap\u00fa c. m\u0171v\u00e9t. \u2013 <strong>F. m.:<\/strong> Eg\u00e9szs\u00e9g\u00fcgyi szervez\u00e9s (Mv., 1951); <strong>t\u00e1rssz.:<\/strong> Manual de organizare a s\u0103n\u0103t\u0103\u0163ii publice (Buc., 1956); <strong>ford.:<\/strong> Gogol: Iv\u00e1n Ivanovics \u00e9s Iv\u00e1n Nikiforovics \u00f6sszevesz\u00e9s\u00e9nek t\u00f6rt\u00e9nete (K\u00f3s K\u00e1rollyal ), Csehov, A. P.: Elbesz\u00e9l\u00e9sek (Buk., 1952); Galan, Jaroslav. A felszabadult ember nagys\u00e1ga (Horv\u00e1th \u00c1gostonnal; Buk., 1952); Protopopova, A.: Maria Fjodorovna Voronyicseva (M\u00e1rk Alexandr\u00e1val; Buk., 1952); Tolsztoj, L. N.: Ivan Iljics hal\u00e1la (Kacs\u00f3 S\u00e1ndorral; Buk., 1953); Lev Tolsztoj: \u00dar \u00e9s szolga (K\u00f3s K\u00e1rollyal, Buk., 1954); Sz. Zsurakovics Kiholja: Podorj\u00e1n elbesz\u00e9l\u00e9sei c. (K\u00f3s K\u00e1rollyal, 1954), Ovecskin: Vid\u00e9ki h\u00e9tk\u00f6znapok (Lovas M\u00e1rtonnal; 1956); Adamov, G. B.: K\u00e9t tenger titka (Buk., 1956); Adamov, Arkagyij: Tarka banda (ford. Fazekas L\u00f3r\u00e1nddal; Buk., 1958); Bogdanovics L. A.: Egy l\u00e9lekb\u00fav\u00e1r feljegyz\u00e9sei. (Buk., 1960); Jurij Tinyanov: Nyesett sz\u00e1rnyak (reg., ford. Moln\u00e1r Tiborral; 1962); Nacume Sz\u00f3szeki: A kapu (jap\u00e1nb\u00f3l, Bp. 1962). <br \/><strong>Irod.:<\/strong> Genersich; Nagy L.; RMIL; Szigethy\u2013\u00dajv\u00e1ri; Sz\u00f6ll\u0151si 2009; Viharban<\/br><\/p>\n","protected":false},"excerpt":{"rendered":"<p>Fels\u0151r\u00e1kos (Brass\u00f3), 1904. m\u00e1j. 4., \u2020 Kv., 1973. m\u00e1j. 29.: orvos, m\u0171ford\u00edt\u00f3. V\u00e9gs\u0151 nyughelye Fels\u0151r\u00e1kos temet\u0151je, a falu nevezetes sz\u00fcl\u00f6ttjek\u00e9nt kopjaf\u00e1val eml\u00e9keztek meg r\u00f3la. &#8211; Feles\u00e9ge: Farag\u00f3 Erzs\u00e9bet, matematika tan\u00e1r. Fi\u00fak: P\u00e1l. \u2013 Fels\u0151r\u00e1kosi sz\u00e9kely f\u00f6ldm\u0171ves csal\u00e1db\u00f3l sz\u00e1rmazott. Tanulm\u00e1nyait Olasztelk\u00e9n \u00e9s R\u00e1koson kezdte, a k\u00f6z\u00e9piskol\u00e1t Kv.-on az Unit. Koll.-ban \u00e9retts\u00e9gizett (1924), az orvosi egyetemet Kv.-on [&hellip;]<\/p>\n","protected":false},"featured_media":0,"comment_status":"open","ping_status":"closed","template":"","meta":[],"product_brand":[],"product_cat":[137],"product_tag":[],"class_list":{"0":"post-12424","1":"product","2":"type-product","3":"status-publish","5":"product_cat-maros-megyei-eletrajzi-lexikon","7":"first","8":"instock","9":"shipping-taxable","10":"product-type-simple"},"_links":{"self":[{"href":"https:\/\/uj.adatbank.ro\/lexikon\/wp-json\/wp\/v2\/product\/12424","targetHints":{"allow":["GET"]}}],"collection":[{"href":"https:\/\/uj.adatbank.ro\/lexikon\/wp-json\/wp\/v2\/product"}],"about":[{"href":"https:\/\/uj.adatbank.ro\/lexikon\/wp-json\/wp\/v2\/types\/product"}],"replies":[{"embeddable":true,"href":"https:\/\/uj.adatbank.ro\/lexikon\/wp-json\/wp\/v2\/comments?post=12424"}],"wp:attachment":[{"href":"https:\/\/uj.adatbank.ro\/lexikon\/wp-json\/wp\/v2\/media?parent=12424"}],"wp:term":[{"taxonomy":"product_brand","embeddable":true,"href":"https:\/\/uj.adatbank.ro\/lexikon\/wp-json\/wp\/v2\/product_brand?post=12424"},{"taxonomy":"product_cat","embeddable":true,"href":"https:\/\/uj.adatbank.ro\/lexikon\/wp-json\/wp\/v2\/product_cat?post=12424"},{"taxonomy":"product_tag","embeddable":true,"href":"https:\/\/uj.adatbank.ro\/lexikon\/wp-json\/wp\/v2\/product_tag?post=12424"}],"curies":[{"name":"wp","href":"https:\/\/api.w.org\/{rel}","templated":true}]}}