{"id":12441,"date":"2025-06-29T14:27:20","date_gmt":"2025-06-29T12:27:20","guid":{"rendered":"https:\/\/uj.adatbank.ro\/lexikon\/termek\/komjati-karoly\/"},"modified":"2025-06-29T14:27:20","modified_gmt":"2025-06-29T12:27:20","slug":"komjati-karoly","status":"publish","type":"product","link":"https:\/\/uj.adatbank.ro\/lexikon\/termek\/komjati-karoly\/","title":{"rendered":"KOMJ\u00c1TI K\u00e1roly"},"content":{"rendered":"<p>Bp., 1896. m\u00e1rc. 8., \u2020 Bp., 1953. j\u00fal. 3.: zeneszerz\u0151. \u2013 Tanulm\u00e1nyait a bp.-i zeneakad\u00e9mi\u00e1n v\u00e9gezte zongopra \u00e9s zeneszerzlsi szakon (1911\u201315). Tan\u00e1r Bp.-en, korrepetitor Berlinben, ahol k\u00e9s\u0151bb az Apoll\u00f3 kabar\u00e9 igazgat\u00f3ja; Nagyv\u00e1radon, Mv.-en, Kv.-on sz\u00ednh\u00e1zi karnagy (1927\u201330). Az \u00faj magyar zene h\u00edvek\u00e9nt Bart\u00f3k B\u00e9la mellett foglalt \u00e1ll\u00e1st a mv.-i Sz\u00e9kely Napl\u00f3ban. Szerzem\u00e9nyei : dalok, von\u00f3sn\u00e9gzesek, operetttek\u2013 Operettjei : Pillang\u00f3 f\u0151hadnagy, \u00c9jf\u00e9li tang\u00f3, Cirkusz stb. <br \/><strong>Irod.:<\/strong> \u00d6kr\u00f6s; RMIL<\/br><\/p>\n","protected":false},"excerpt":{"rendered":"<p>Bp., 1896. m\u00e1rc. 8., \u2020 Bp., 1953. j\u00fal. 3.: zeneszerz\u0151. \u2013 Tanulm\u00e1nyait a bp.-i zeneakad\u00e9mi\u00e1n v\u00e9gezte zongopra \u00e9s zeneszerzlsi szakon (1911\u201315). Tan\u00e1r Bp.-en, korrepetitor Berlinben, ahol k\u00e9s\u0151bb az Apoll\u00f3 kabar\u00e9 igazgat\u00f3ja; Nagyv\u00e1radon, Mv.-en, Kv.-on sz\u00ednh\u00e1zi karnagy (1927\u201330). Az \u00faj magyar zene h\u00edvek\u00e9nt Bart\u00f3k B\u00e9la mellett foglalt \u00e1ll\u00e1st a mv.-i Sz\u00e9kely Napl\u00f3ban. Szerzem\u00e9nyei : dalok, von\u00f3sn\u00e9gzesek, [&hellip;]<\/p>\n","protected":false},"featured_media":0,"comment_status":"open","ping_status":"closed","template":"","meta":[],"product_brand":[],"product_cat":[137],"product_tag":[],"class_list":{"0":"post-12441","1":"product","2":"type-product","3":"status-publish","5":"product_cat-maros-megyei-eletrajzi-lexikon","7":"first","8":"instock","9":"shipping-taxable","10":"product-type-simple"},"_links":{"self":[{"href":"https:\/\/uj.adatbank.ro\/lexikon\/wp-json\/wp\/v2\/product\/12441","targetHints":{"allow":["GET"]}}],"collection":[{"href":"https:\/\/uj.adatbank.ro\/lexikon\/wp-json\/wp\/v2\/product"}],"about":[{"href":"https:\/\/uj.adatbank.ro\/lexikon\/wp-json\/wp\/v2\/types\/product"}],"replies":[{"embeddable":true,"href":"https:\/\/uj.adatbank.ro\/lexikon\/wp-json\/wp\/v2\/comments?post=12441"}],"wp:attachment":[{"href":"https:\/\/uj.adatbank.ro\/lexikon\/wp-json\/wp\/v2\/media?parent=12441"}],"wp:term":[{"taxonomy":"product_brand","embeddable":true,"href":"https:\/\/uj.adatbank.ro\/lexikon\/wp-json\/wp\/v2\/product_brand?post=12441"},{"taxonomy":"product_cat","embeddable":true,"href":"https:\/\/uj.adatbank.ro\/lexikon\/wp-json\/wp\/v2\/product_cat?post=12441"},{"taxonomy":"product_tag","embeddable":true,"href":"https:\/\/uj.adatbank.ro\/lexikon\/wp-json\/wp\/v2\/product_tag?post=12441"}],"curies":[{"name":"wp","href":"https:\/\/api.w.org\/{rel}","templated":true}]}}