{"id":12444,"date":"2025-06-29T14:27:25","date_gmt":"2025-06-29T12:27:25","guid":{"rendered":"https:\/\/uj.adatbank.ro\/lexikon\/termek\/komjatszegi-erzsebet-peter-gezane-peter-erzsebet\/"},"modified":"2025-06-29T14:27:25","modified_gmt":"2025-06-29T12:27:25","slug":"komjatszegi-erzsebet-peter-gezane-peter-erzsebet","status":"publish","type":"product","link":"https:\/\/uj.adatbank.ro\/lexikon\/termek\/komjatszegi-erzsebet-peter-gezane-peter-erzsebet\/","title":{"rendered":"KOMJ\u00c1TSZEGI Erzs\u00e9bet, P\u00e9ter G\u00e9z\u00e1n\u00e9, P\u00e9ter Erzs\u00e9bet"},"content":{"rendered":"<p>? \u2020 Mv., 19 ? : tan\u00edt\u00f3n\u0151. \u2013 M\u00e9rn\u00f6k f\u00e9rj\u00e9t a h\u00e1bor\u00fa v\u00e9g\u00e9n (1944) Bp.-r\u0151l orosz fogs\u00e1gba hurcolt\u00e1k, ahol meghalt. H\u00e1rom gyermek\u00e9vel visszat\u00e9rt Mv. -re. Mv.-en tan\u00edtott, kinevezt\u00e9k igazgat\u00f3nak. Az iskol\u00e1k \u00e1llamos\u00edt\u00e1sa ut\u00e1n (1948) k\u00f6vetelt\u00e9k, hogy mondjon le a vall\u00e1sa gyakorl\u00e1s\u00e1r\u00f3l, de err\u0151l \u00e9s gyermekei vall\u00e1sos nevel\u00e9s\u00e9r\u0151l nem volt hajland\u00f3 lemondani. Lev\u00e1ltott\u00e1k igazgat\u00f3i beoszt\u00e1s\u00e1r\u00f3l, csak \u00f3vod\u00e1ban dolgozhatott, mint gyermekgondoz\u00f3. <br \/><strong>Irod.:<\/strong> Pedag\u00f3gusok h\u0151sies \u00e9lete (N\u00fa., 1995. aug. 25.)<\/br><\/p>\n","protected":false},"excerpt":{"rendered":"<p>? \u2020 Mv., 19 ? : tan\u00edt\u00f3n\u0151. \u2013 M\u00e9rn\u00f6k f\u00e9rj\u00e9t a h\u00e1bor\u00fa v\u00e9g\u00e9n (1944) Bp.-r\u0151l orosz fogs\u00e1gba hurcolt\u00e1k, ahol meghalt. H\u00e1rom gyermek\u00e9vel visszat\u00e9rt Mv. -re. Mv.-en tan\u00edtott, kinevezt\u00e9k igazgat\u00f3nak. Az iskol\u00e1k \u00e1llamos\u00edt\u00e1sa ut\u00e1n (1948) k\u00f6vetelt\u00e9k, hogy mondjon le a vall\u00e1sa gyakorl\u00e1s\u00e1r\u00f3l, de err\u0151l \u00e9s gyermekei vall\u00e1sos nevel\u00e9s\u00e9r\u0151l nem volt hajland\u00f3 lemondani. Lev\u00e1ltott\u00e1k igazgat\u00f3i beoszt\u00e1s\u00e1r\u00f3l, csak [&hellip;]<\/p>\n","protected":false},"featured_media":0,"comment_status":"open","ping_status":"closed","template":"","meta":[],"product_brand":[],"product_cat":[137],"product_tag":[],"class_list":{"0":"post-12444","1":"product","2":"type-product","3":"status-publish","5":"product_cat-maros-megyei-eletrajzi-lexikon","7":"first","8":"instock","9":"shipping-taxable","10":"product-type-simple"},"_links":{"self":[{"href":"https:\/\/uj.adatbank.ro\/lexikon\/wp-json\/wp\/v2\/product\/12444","targetHints":{"allow":["GET"]}}],"collection":[{"href":"https:\/\/uj.adatbank.ro\/lexikon\/wp-json\/wp\/v2\/product"}],"about":[{"href":"https:\/\/uj.adatbank.ro\/lexikon\/wp-json\/wp\/v2\/types\/product"}],"replies":[{"embeddable":true,"href":"https:\/\/uj.adatbank.ro\/lexikon\/wp-json\/wp\/v2\/comments?post=12444"}],"wp:attachment":[{"href":"https:\/\/uj.adatbank.ro\/lexikon\/wp-json\/wp\/v2\/media?parent=12444"}],"wp:term":[{"taxonomy":"product_brand","embeddable":true,"href":"https:\/\/uj.adatbank.ro\/lexikon\/wp-json\/wp\/v2\/product_brand?post=12444"},{"taxonomy":"product_cat","embeddable":true,"href":"https:\/\/uj.adatbank.ro\/lexikon\/wp-json\/wp\/v2\/product_cat?post=12444"},{"taxonomy":"product_tag","embeddable":true,"href":"https:\/\/uj.adatbank.ro\/lexikon\/wp-json\/wp\/v2\/product_tag?post=12444"}],"curies":[{"name":"wp","href":"https:\/\/api.w.org\/{rel}","templated":true}]}}