{"id":12482,"date":"2025-06-29T14:28:47","date_gmt":"2025-06-29T12:28:47","guid":{"rendered":"https:\/\/uj.adatbank.ro\/lexikon\/termek\/koncz-marton-2\/"},"modified":"2025-06-29T14:28:47","modified_gmt":"2025-06-29T12:28:47","slug":"koncz-marton-2","status":"publish","type":"product","link":"https:\/\/uj.adatbank.ro\/lexikon\/termek\/koncz-marton-2\/","title":{"rendered":"KONCZ M\u00e1rton"},"content":{"rendered":"<p>? \u2020 Rava, 1831.: unit. esperes. -Boldogasszonyfalv\u00e1r\u00f3l (Feh\u00e9r) h\u00edvt\u00e1k meg Rav\u00e1ba, ahol 31 \u00e9vig szolg\u00e1lt (1801\u201331). Egyh\u00e1zi \u00fcgyv\u00e9d, k\u00f6z\u00fcgyigazgat\u00f3, jegyz\u0151 s v\u00e9g\u00fcl esperes lett. Vezet\u00e9se alatt az ekl\u00e9zsia l\u00e1tv\u00e1nyosan fejl\u0151d\u00f6tt. Szigor\u00fa, er\u00e9lyes ember volt, aki a nagy erd\u0151perben m\u00e9g h\u00edveivel is szembesz\u00e1ll az igazs\u00e1g \u00e9rdek\u00e9ben. Izs\u00e1k Zsigmond kur\u00e1torral egy\u00fctt (1804\u20137) fel\u00e9p\u00edtett\u00e9k a templomot, a mesteri lak\u00e1st is (1806). Sokat tett a kereszt\u00fari iskola \u00e9p\u00edt\u00e9se \u00e9rdek\u00e9ben. <br \/><strong>Irod.:<\/strong> Rava; <\/br><\/p>\n","protected":false},"excerpt":{"rendered":"<p>? \u2020 Rava, 1831.: unit. esperes. -Boldogasszonyfalv\u00e1r\u00f3l (Feh\u00e9r) h\u00edvt\u00e1k meg Rav\u00e1ba, ahol 31 \u00e9vig szolg\u00e1lt (1801\u201331). Egyh\u00e1zi \u00fcgyv\u00e9d, k\u00f6z\u00fcgyigazgat\u00f3, jegyz\u0151 s v\u00e9g\u00fcl esperes lett. Vezet\u00e9se alatt az ekl\u00e9zsia l\u00e1tv\u00e1nyosan fejl\u0151d\u00f6tt. Szigor\u00fa, er\u00e9lyes ember volt, aki a nagy erd\u0151perben m\u00e9g h\u00edveivel is szembesz\u00e1ll az igazs\u00e1g \u00e9rdek\u00e9ben. Izs\u00e1k Zsigmond kur\u00e1torral egy\u00fctt (1804\u20137) fel\u00e9p\u00edtett\u00e9k a templomot, a mesteri [&hellip;]<\/p>\n","protected":false},"featured_media":0,"comment_status":"open","ping_status":"closed","template":"","meta":[],"product_brand":[],"product_cat":[137],"product_tag":[],"class_list":{"0":"post-12482","1":"product","2":"type-product","3":"status-publish","5":"product_cat-maros-megyei-eletrajzi-lexikon","7":"first","8":"instock","9":"shipping-taxable","10":"product-type-simple"},"_links":{"self":[{"href":"https:\/\/uj.adatbank.ro\/lexikon\/wp-json\/wp\/v2\/product\/12482","targetHints":{"allow":["GET"]}}],"collection":[{"href":"https:\/\/uj.adatbank.ro\/lexikon\/wp-json\/wp\/v2\/product"}],"about":[{"href":"https:\/\/uj.adatbank.ro\/lexikon\/wp-json\/wp\/v2\/types\/product"}],"replies":[{"embeddable":true,"href":"https:\/\/uj.adatbank.ro\/lexikon\/wp-json\/wp\/v2\/comments?post=12482"}],"wp:attachment":[{"href":"https:\/\/uj.adatbank.ro\/lexikon\/wp-json\/wp\/v2\/media?parent=12482"}],"wp:term":[{"taxonomy":"product_brand","embeddable":true,"href":"https:\/\/uj.adatbank.ro\/lexikon\/wp-json\/wp\/v2\/product_brand?post=12482"},{"taxonomy":"product_cat","embeddable":true,"href":"https:\/\/uj.adatbank.ro\/lexikon\/wp-json\/wp\/v2\/product_cat?post=12482"},{"taxonomy":"product_tag","embeddable":true,"href":"https:\/\/uj.adatbank.ro\/lexikon\/wp-json\/wp\/v2\/product_tag?post=12482"}],"curies":[{"name":"wp","href":"https:\/\/api.w.org\/{rel}","templated":true}]}}