{"id":12523,"date":"2025-06-29T14:30:07","date_gmt":"2025-06-29T12:30:07","guid":{"rendered":"https:\/\/uj.adatbank.ro\/lexikon\/termek\/konya\/"},"modified":"2025-06-29T14:30:07","modified_gmt":"2025-06-29T12:30:07","slug":"konya","status":"publish","type":"product","link":"https:\/\/uj.adatbank.ro\/lexikon\/termek\/konya\/","title":{"rendered":"K\u00d3NYA"},"content":{"rendered":"<p>? \u2020 ?: csend\u0151rkapit\u00e1ny. \u2013 A marosi csend\u0151rnyomoz\u00f3 brig\u00e1d vezet\u0151je. Deport\u00e1l\u00e1suk el\u0151tt, g\u00fazsba k\u00f6tve, egy speci\u00e1lisan berendezett teremben, \u00e9rt\u00e9keik fel\u0151l vallatva a letart\u00f3ztatott zsid\u00f3 lakosokat addig verette, am\u00edg el\u00e1jultak, \u00e9s miden \u00e9rt\u00e9k\u00fcket elvett\u00e9k (- kb. 5, 5 kg aranygy\u0171r\u0171 gy\u0171lt \u00f6ssze, m\u00e1s apr\u00f3 \u00e9kszerek, p\u00e9nz stb). 7500 lakost sz\u00e1ll\u00edtottak embertelen k\u00f6r\u00fclm\u00e9nyek k\u00f6z\u00f6tt Auschwitz \u2013 Birkenauba, Dachauba, N\u00fcrnbergbe \u00e9s Holsoba, ahonnan kb. csak 1100 t\u00e9rt vissza. Bede B\u0103la\u015f\u2013Kocsis<\/br><\/p>\n","protected":false},"excerpt":{"rendered":"<p>? \u2020 ?: csend\u0151rkapit\u00e1ny. \u2013 A marosi csend\u0151rnyomoz\u00f3 brig\u00e1d vezet\u0151je. Deport\u00e1l\u00e1suk el\u0151tt, g\u00fazsba k\u00f6tve, egy speci\u00e1lisan berendezett teremben, \u00e9rt\u00e9keik fel\u0151l vallatva a letart\u00f3ztatott zsid\u00f3 lakosokat addig verette, am\u00edg el\u00e1jultak, \u00e9s miden \u00e9rt\u00e9k\u00fcket elvett\u00e9k (- kb. 5, 5 kg aranygy\u0171r\u0171 gy\u0171lt \u00f6ssze, m\u00e1s apr\u00f3 \u00e9kszerek, p\u00e9nz stb). 7500 lakost sz\u00e1ll\u00edtottak embertelen k\u00f6r\u00fclm\u00e9nyek k\u00f6z\u00f6tt Auschwitz \u2013 Birkenauba, [&hellip;]<\/p>\n","protected":false},"featured_media":0,"comment_status":"open","ping_status":"closed","template":"","meta":[],"product_brand":[],"product_cat":[137],"product_tag":[],"class_list":{"0":"post-12523","1":"product","2":"type-product","3":"status-publish","5":"product_cat-maros-megyei-eletrajzi-lexikon","7":"first","8":"instock","9":"shipping-taxable","10":"product-type-simple"},"_links":{"self":[{"href":"https:\/\/uj.adatbank.ro\/lexikon\/wp-json\/wp\/v2\/product\/12523","targetHints":{"allow":["GET"]}}],"collection":[{"href":"https:\/\/uj.adatbank.ro\/lexikon\/wp-json\/wp\/v2\/product"}],"about":[{"href":"https:\/\/uj.adatbank.ro\/lexikon\/wp-json\/wp\/v2\/types\/product"}],"replies":[{"embeddable":true,"href":"https:\/\/uj.adatbank.ro\/lexikon\/wp-json\/wp\/v2\/comments?post=12523"}],"wp:attachment":[{"href":"https:\/\/uj.adatbank.ro\/lexikon\/wp-json\/wp\/v2\/media?parent=12523"}],"wp:term":[{"taxonomy":"product_brand","embeddable":true,"href":"https:\/\/uj.adatbank.ro\/lexikon\/wp-json\/wp\/v2\/product_brand?post=12523"},{"taxonomy":"product_cat","embeddable":true,"href":"https:\/\/uj.adatbank.ro\/lexikon\/wp-json\/wp\/v2\/product_cat?post=12523"},{"taxonomy":"product_tag","embeddable":true,"href":"https:\/\/uj.adatbank.ro\/lexikon\/wp-json\/wp\/v2\/product_tag?post=12523"}],"curies":[{"name":"wp","href":"https:\/\/api.w.org\/{rel}","templated":true}]}}