{"id":12527,"date":"2025-06-29T14:30:15","date_gmt":"2025-06-29T12:30:15","guid":{"rendered":"https:\/\/uj.adatbank.ro\/lexikon\/termek\/konya-erno\/"},"modified":"2025-06-29T14:30:15","modified_gmt":"2025-06-29T12:30:15","slug":"konya-erno","status":"publish","type":"product","link":"https:\/\/uj.adatbank.ro\/lexikon\/termek\/konya-erno\/","title":{"rendered":"K\u00d3NYA Ern\u0151"},"content":{"rendered":"<p>Sz\u00e9kelykocs\u00e1rd, 1903., \u2020 Gid\u00f3falva, 1978., s\u00edrja Mv.-en a ref. temet\u0151ben van: ref. lelk\u00e9sz. \u2013 Feles\u00e9ge: Kiss M\u00e1ria (1906\u20131943). Gyermekeik: Ibolyka (1934\u20131951), Attila (1940\u20131963). II. feles\u00e9ge Nagy Margit (1906\u20131997). \u2013 Nagyborosny\u00f3i sz\u00e9kely nemesi csal\u00e1db\u00f3l sz\u00e1rmazott. Nagyenyeden \u00e9retts\u00e9gizett \u00e9s Kv.-on v\u00e9gezte a teol\u00f3gi\u00e1t (1926). Magyar\u00f3n kezdte p\u00e1ly\u00e1j\u00e1t (1926\u2013), majd Sz\u00e9kesen megv\u00e1lasztott lelk\u00e9sz (1929\u201363). A templom zsindelyfedel\u00e9t cser\u00e9ppel cser\u00e9lt\u00e9k ki, kib\u0151v\u00edtett\u00e9k az iskola \u00e9p\u00fclet\u00e9t (1933). A marosi ref. egyh\u00e1zmegye tan\u00e1csb\u00edr\u00e1ja, a sz\u00e9kesi Gazdak\u00f6r vezet\u0151je, a Fogyaszt\u00e1si \u00e9s a Tejsz\u00f6vetkezet eln\u00f6ke, a k\u00f6zs\u00e9gi tan\u00e1cs tagja volt. Minden t\u00e1rsadalmi \u00e9s kultur\u00e1lis egyes\u00fclet m\u0171k\u00f6d\u00e9s\u00e9ben tev\u00e9keny r\u00e9szt v\u00e1llalt. Szamos\u00fajv\u00e1ron volt politikai fogoly (1947\u201348). \u00c9tfalva-Zolt\u00e1n lelkip\u00e1sztora (1968-ig). <br \/><strong>Irod.:<\/strong> Akik im\u00e1dkoztak 2.; Cs\u00e1ky; Sz\u00e9kelyf\u00f6ld \u00ed. k.; Sz\u00e9kes<\/br><\/p>\n","protected":false},"excerpt":{"rendered":"<p>Sz\u00e9kelykocs\u00e1rd, 1903., \u2020 Gid\u00f3falva, 1978., s\u00edrja Mv.-en a ref. temet\u0151ben van: ref. lelk\u00e9sz. \u2013 Feles\u00e9ge: Kiss M\u00e1ria (1906\u20131943). Gyermekeik: Ibolyka (1934\u20131951), Attila (1940\u20131963). II. feles\u00e9ge Nagy Margit (1906\u20131997). \u2013 Nagyborosny\u00f3i sz\u00e9kely nemesi csal\u00e1db\u00f3l sz\u00e1rmazott. Nagyenyeden \u00e9retts\u00e9gizett \u00e9s Kv.-on v\u00e9gezte a teol\u00f3gi\u00e1t (1926). Magyar\u00f3n kezdte p\u00e1ly\u00e1j\u00e1t (1926\u2013), majd Sz\u00e9kesen megv\u00e1lasztott lelk\u00e9sz (1929\u201363). A templom zsindelyfedel\u00e9t cser\u00e9ppel [&hellip;]<\/p>\n","protected":false},"featured_media":0,"comment_status":"open","ping_status":"closed","template":"","meta":[],"product_brand":[],"product_cat":[137],"product_tag":[],"class_list":{"0":"post-12527","1":"product","2":"type-product","3":"status-publish","5":"product_cat-maros-megyei-eletrajzi-lexikon","7":"first","8":"instock","9":"shipping-taxable","10":"product-type-simple"},"_links":{"self":[{"href":"https:\/\/uj.adatbank.ro\/lexikon\/wp-json\/wp\/v2\/product\/12527","targetHints":{"allow":["GET"]}}],"collection":[{"href":"https:\/\/uj.adatbank.ro\/lexikon\/wp-json\/wp\/v2\/product"}],"about":[{"href":"https:\/\/uj.adatbank.ro\/lexikon\/wp-json\/wp\/v2\/types\/product"}],"replies":[{"embeddable":true,"href":"https:\/\/uj.adatbank.ro\/lexikon\/wp-json\/wp\/v2\/comments?post=12527"}],"wp:attachment":[{"href":"https:\/\/uj.adatbank.ro\/lexikon\/wp-json\/wp\/v2\/media?parent=12527"}],"wp:term":[{"taxonomy":"product_brand","embeddable":true,"href":"https:\/\/uj.adatbank.ro\/lexikon\/wp-json\/wp\/v2\/product_brand?post=12527"},{"taxonomy":"product_cat","embeddable":true,"href":"https:\/\/uj.adatbank.ro\/lexikon\/wp-json\/wp\/v2\/product_cat?post=12527"},{"taxonomy":"product_tag","embeddable":true,"href":"https:\/\/uj.adatbank.ro\/lexikon\/wp-json\/wp\/v2\/product_tag?post=12527"}],"curies":[{"name":"wp","href":"https:\/\/api.w.org\/{rel}","templated":true}]}}