{"id":12528,"date":"2025-06-29T14:30:19","date_gmt":"2025-06-29T12:30:19","guid":{"rendered":"https:\/\/uj.adatbank.ro\/lexikon\/termek\/konya-ferenc\/"},"modified":"2025-06-29T14:30:19","modified_gmt":"2025-06-29T12:30:19","slug":"konya-ferenc","status":"publish","type":"product","link":"https:\/\/uj.adatbank.ro\/lexikon\/termek\/konya-ferenc\/","title":{"rendered":"K\u00d3NYA Ferenc"},"content":{"rendered":"<p>Egerpatak, 1741., \u2020 V\u00e1mosg\u00e1lfalva, 1797. szept. 20.: ref. lelk\u00e9sz. \u2013 Kv.-on tanult, Utrechtben peregrin\u00e1lt (1768\u201370). A krakk\u00f3i zsinaton szentelt\u00e9k papp\u00e1. H\u00e9derf\u00e1j\u00e1n (1771\u201383) \u00e9s V\u00e1mosg\u00e1lfalv\u00e1n (1783\u201397) lelkip\u00e1sztor, prosenior (1783\u201386), esperes hal\u00e1l\u00e1ig (1783\u201397), majd gener\u00e1lis direktor. Saj\u00e1t p\u00e9nz\u00e9b\u0151l \u00e9p\u00edtette fel a ma is \u00e1ll\u00f3 papilakot. Elind\u00edtotta az egyh\u00e1zk\u00f6zs\u00e9gi anyak\u00f6nyvel\u00e9st, szigor\u00fa rendet teremtett a kepefizet\u00e9sben. \u00d6sszegy\u0171jt\u00f6tte a ref. lelk\u00e9szek \u00e9letrajzi adatait kronologikus sorrendben, jegyz\u00e9ke 309 lelkip\u00e1sztor nev\u00e9t tartalmazza, ez a K\u00fck\u00fcll\u0151i Egyh\u00e1zmegye egyik becses egyh\u00e1zt\u00f6rt\u00e9neti alkot\u00e1sa. A k\u00fck\u00fcll\u0151i egyh\u00e1zvid\u00e9ki arch\u00edvum l\u00e9trehoz\u00e1s\u00e1val megel\u0151zte kor\u00e1t, az egyh\u00e1zi lev\u00e9lt\u00e1r fel\u00e1ll\u00edt\u00e1s\u00e1nak kezdem\u00e9nyez\u0151je. P\u00e1r lakonikus mondatban t\u00f6m\u00f6r feljegyz\u00e9seket k\u00e9sz\u00edtett a gener\u00e1lis synodusokr\u00f3l \/ zsinatokr\u00f3l (1771\u2013) \u00e9s ezeket bem\u00e1solta az esperesi protocollum\u00e1ba (1788\u2013), t\u00e9nyeket \u00e9s hat\u00e1rozatokat r\u00f6gz\u00edtett. A kebli t\u00f6rt\u00e9net\u00edr\u00e1s el\u0151k\u00e9sz\u00edt\u0151j\u00e9nek \u00e9s \u00fatt\u00f6r\u0151j\u00e9nek tekinthet\u0151. <br \/><strong>Irod.:<\/strong> Cs\u00e1v\u00e1s; Fogarasi; H\u00e9derf\u00e1ja \u00e9s egyh\u00e1za; K\u00fck\u00fcll\u0151i Ref. Egyh\u00e1zm. 1., 3., 4.; Zov\u00e1nyi<\/br><\/p>\n","protected":false},"excerpt":{"rendered":"<p>Egerpatak, 1741., \u2020 V\u00e1mosg\u00e1lfalva, 1797. szept. 20.: ref. lelk\u00e9sz. \u2013 Kv.-on tanult, Utrechtben peregrin\u00e1lt (1768\u201370). A krakk\u00f3i zsinaton szentelt\u00e9k papp\u00e1. H\u00e9derf\u00e1j\u00e1n (1771\u201383) \u00e9s V\u00e1mosg\u00e1lfalv\u00e1n (1783\u201397) lelkip\u00e1sztor, prosenior (1783\u201386), esperes hal\u00e1l\u00e1ig (1783\u201397), majd gener\u00e1lis direktor. Saj\u00e1t p\u00e9nz\u00e9b\u0151l \u00e9p\u00edtette fel a ma is \u00e1ll\u00f3 papilakot. Elind\u00edtotta az egyh\u00e1zk\u00f6zs\u00e9gi anyak\u00f6nyvel\u00e9st, szigor\u00fa rendet teremtett a kepefizet\u00e9sben. \u00d6sszegy\u0171jt\u00f6tte a ref. [&hellip;]<\/p>\n","protected":false},"featured_media":0,"comment_status":"open","ping_status":"closed","template":"","meta":[],"product_brand":[],"product_cat":[137],"product_tag":[],"class_list":{"0":"post-12528","1":"product","2":"type-product","3":"status-publish","5":"product_cat-maros-megyei-eletrajzi-lexikon","7":"first","8":"instock","9":"shipping-taxable","10":"product-type-simple"},"_links":{"self":[{"href":"https:\/\/uj.adatbank.ro\/lexikon\/wp-json\/wp\/v2\/product\/12528","targetHints":{"allow":["GET"]}}],"collection":[{"href":"https:\/\/uj.adatbank.ro\/lexikon\/wp-json\/wp\/v2\/product"}],"about":[{"href":"https:\/\/uj.adatbank.ro\/lexikon\/wp-json\/wp\/v2\/types\/product"}],"replies":[{"embeddable":true,"href":"https:\/\/uj.adatbank.ro\/lexikon\/wp-json\/wp\/v2\/comments?post=12528"}],"wp:attachment":[{"href":"https:\/\/uj.adatbank.ro\/lexikon\/wp-json\/wp\/v2\/media?parent=12528"}],"wp:term":[{"taxonomy":"product_brand","embeddable":true,"href":"https:\/\/uj.adatbank.ro\/lexikon\/wp-json\/wp\/v2\/product_brand?post=12528"},{"taxonomy":"product_cat","embeddable":true,"href":"https:\/\/uj.adatbank.ro\/lexikon\/wp-json\/wp\/v2\/product_cat?post=12528"},{"taxonomy":"product_tag","embeddable":true,"href":"https:\/\/uj.adatbank.ro\/lexikon\/wp-json\/wp\/v2\/product_tag?post=12528"}],"curies":[{"name":"wp","href":"https:\/\/api.w.org\/{rel}","templated":true}]}}