{"id":12544,"date":"2025-06-29T14:30:46","date_gmt":"2025-06-29T12:30:46","guid":{"rendered":"https:\/\/uj.adatbank.ro\/lexikon\/termek\/koos-gyorgy-2\/"},"modified":"2025-06-29T14:30:46","modified_gmt":"2025-06-29T12:30:46","slug":"koos-gyorgy-2","status":"publish","type":"product","link":"https:\/\/uj.adatbank.ro\/lexikon\/termek\/koos-gyorgy-2\/","title":{"rendered":"KO\u00d3S Gy\u00f6rgy"},"content":{"rendered":"<p>1920., \u2020 Mv., 1978. jan. 10.: m\u00e9rn\u00f6k. \u2013 A mv.-i cukorgy\u00e1r igazgat\u00f3ja volt (1950 k\u00f6r\u00fcl), majd a Konzervgy\u00e1r igazgat\u00f3ja. <br \/><strong>Irod.:<\/strong> Mv. m\u0171v. v\u00e1r.; [Nekrol\u00f3g] (V. Z., 1978. jan. 11.)<\/br><\/p>\n","protected":false},"excerpt":{"rendered":"<p>1920., \u2020 Mv., 1978. jan. 10.: m\u00e9rn\u00f6k. \u2013 A mv.-i cukorgy\u00e1r igazgat\u00f3ja volt (1950 k\u00f6r\u00fcl), majd a Konzervgy\u00e1r igazgat\u00f3ja. Irod.: Mv. m\u0171v. v\u00e1r.; [Nekrol\u00f3g] (V. Z., 1978. jan. 11.)<\/p>\n","protected":false},"featured_media":0,"comment_status":"open","ping_status":"closed","template":"","meta":[],"product_brand":[],"product_cat":[137],"product_tag":[],"class_list":{"0":"post-12544","1":"product","2":"type-product","3":"status-publish","5":"product_cat-maros-megyei-eletrajzi-lexikon","7":"first","8":"instock","9":"shipping-taxable","10":"product-type-simple"},"_links":{"self":[{"href":"https:\/\/uj.adatbank.ro\/lexikon\/wp-json\/wp\/v2\/product\/12544","targetHints":{"allow":["GET"]}}],"collection":[{"href":"https:\/\/uj.adatbank.ro\/lexikon\/wp-json\/wp\/v2\/product"}],"about":[{"href":"https:\/\/uj.adatbank.ro\/lexikon\/wp-json\/wp\/v2\/types\/product"}],"replies":[{"embeddable":true,"href":"https:\/\/uj.adatbank.ro\/lexikon\/wp-json\/wp\/v2\/comments?post=12544"}],"wp:attachment":[{"href":"https:\/\/uj.adatbank.ro\/lexikon\/wp-json\/wp\/v2\/media?parent=12544"}],"wp:term":[{"taxonomy":"product_brand","embeddable":true,"href":"https:\/\/uj.adatbank.ro\/lexikon\/wp-json\/wp\/v2\/product_brand?post=12544"},{"taxonomy":"product_cat","embeddable":true,"href":"https:\/\/uj.adatbank.ro\/lexikon\/wp-json\/wp\/v2\/product_cat?post=12544"},{"taxonomy":"product_tag","embeddable":true,"href":"https:\/\/uj.adatbank.ro\/lexikon\/wp-json\/wp\/v2\/product_tag?post=12544"}],"curies":[{"name":"wp","href":"https:\/\/api.w.org\/{rel}","templated":true}]}}