{"id":12545,"date":"2025-06-29T14:30:48","date_gmt":"2025-06-29T12:30:48","guid":{"rendered":"https:\/\/uj.adatbank.ro\/lexikon\/termek\/koos-gyula\/"},"modified":"2025-06-29T14:30:48","modified_gmt":"2025-06-29T12:30:48","slug":"koos-gyula","status":"publish","type":"product","link":"https:\/\/uj.adatbank.ro\/lexikon\/termek\/koos-gyula\/","title":{"rendered":"KO\u00d3S Gyula"},"content":{"rendered":"<p>1933.? \u2020 Sz\u00e1szr\u00e9gen, 2009. aug. 14.: sportol\u00f3, edz\u0151. \u2013 Asztaliteniszez\u0151, majd edz\u0151 Sz\u00e1szr\u00e9genben. <br \/><strong>Irod.:<\/strong> Szab\u00f3 Anntal: K. Gy.-ra eml\u00e9kezve versenyeztek Sz\u00e1szr\u00e9genben (V\u00e1s\u00e1rhelyi H\u00edrlap, 2009. szept. 4.)<\/br><\/p>\n","protected":false},"excerpt":{"rendered":"<p>1933.? \u2020 Sz\u00e1szr\u00e9gen, 2009. aug. 14.: sportol\u00f3, edz\u0151. \u2013 Asztaliteniszez\u0151, majd edz\u0151 Sz\u00e1szr\u00e9genben. Irod.: Szab\u00f3 Anntal: K. Gy.-ra eml\u00e9kezve versenyeztek Sz\u00e1szr\u00e9genben (V\u00e1s\u00e1rhelyi H\u00edrlap, 2009. szept. 4.)<\/p>\n","protected":false},"featured_media":0,"comment_status":"open","ping_status":"closed","template":"","meta":[],"product_brand":[],"product_cat":[137],"product_tag":[],"class_list":{"0":"post-12545","1":"product","2":"type-product","3":"status-publish","5":"product_cat-maros-megyei-eletrajzi-lexikon","7":"first","8":"instock","9":"shipping-taxable","10":"product-type-simple"},"_links":{"self":[{"href":"https:\/\/uj.adatbank.ro\/lexikon\/wp-json\/wp\/v2\/product\/12545","targetHints":{"allow":["GET"]}}],"collection":[{"href":"https:\/\/uj.adatbank.ro\/lexikon\/wp-json\/wp\/v2\/product"}],"about":[{"href":"https:\/\/uj.adatbank.ro\/lexikon\/wp-json\/wp\/v2\/types\/product"}],"replies":[{"embeddable":true,"href":"https:\/\/uj.adatbank.ro\/lexikon\/wp-json\/wp\/v2\/comments?post=12545"}],"wp:attachment":[{"href":"https:\/\/uj.adatbank.ro\/lexikon\/wp-json\/wp\/v2\/media?parent=12545"}],"wp:term":[{"taxonomy":"product_brand","embeddable":true,"href":"https:\/\/uj.adatbank.ro\/lexikon\/wp-json\/wp\/v2\/product_brand?post=12545"},{"taxonomy":"product_cat","embeddable":true,"href":"https:\/\/uj.adatbank.ro\/lexikon\/wp-json\/wp\/v2\/product_cat?post=12545"},{"taxonomy":"product_tag","embeddable":true,"href":"https:\/\/uj.adatbank.ro\/lexikon\/wp-json\/wp\/v2\/product_tag?post=12545"}],"curies":[{"name":"wp","href":"https:\/\/api.w.org\/{rel}","templated":true}]}}