{"id":12549,"date":"2025-06-29T14:30:55","date_gmt":"2025-06-29T12:30:55","guid":{"rendered":"https:\/\/uj.adatbank.ro\/lexikon\/termek\/kopacz-jozsef\/"},"modified":"2025-06-29T14:30:55","modified_gmt":"2025-06-29T12:30:55","slug":"kopacz-jozsef","status":"publish","type":"product","link":"https:\/\/uj.adatbank.ro\/lexikon\/termek\/kopacz-jozsef\/","title":{"rendered":"KOPACZ J\u00f3zsef"},"content":{"rendered":"<p>? \u2020 ? : p\u00e9nz\u00fcgyi sz\u00e1mellen\u0151r. \u2013 Mv.-en., a MSE v\u00e1lasztm\u00e1nyi tagja, az evez\u0151s szakoszt\u00e1ly sportigazgat\u00f3ja. Mint akt\u00edv sportol\u00f3 t\u00f6bb els\u0151 \u00e9s m\u00e1sodik helyet \u00e9rt el (1932). Megalak\u00edtotta az evez\u0151s szakoszt\u00e1lyt, amelynek el\u0151bb titk\u00e1ra, majd p\u00e9nzt\u00e1rosa (\u20131938), azut\u00e1n igazgat\u00f3ja volt. Hozz\u00e1\u00e9rt\u0151 lelkes vezet\u0151k\u00e9nt, sokat harcolt az egyes\u00fcle \u00e9rdek\u00e9ben. <br \/><strong>Irod.:<\/strong> Pluh\u00e1r<\/br><\/p>\n","protected":false},"excerpt":{"rendered":"<p>? \u2020 ? : p\u00e9nz\u00fcgyi sz\u00e1mellen\u0151r. \u2013 Mv.-en., a MSE v\u00e1lasztm\u00e1nyi tagja, az evez\u0151s szakoszt\u00e1ly sportigazgat\u00f3ja. Mint akt\u00edv sportol\u00f3 t\u00f6bb els\u0151 \u00e9s m\u00e1sodik helyet \u00e9rt el (1932). Megalak\u00edtotta az evez\u0151s szakoszt\u00e1lyt, amelynek el\u0151bb titk\u00e1ra, majd p\u00e9nzt\u00e1rosa (\u20131938), azut\u00e1n igazgat\u00f3ja volt. Hozz\u00e1\u00e9rt\u0151 lelkes vezet\u0151k\u00e9nt, sokat harcolt az egyes\u00fcle \u00e9rdek\u00e9ben. Irod.: Pluh\u00e1r<\/p>\n","protected":false},"featured_media":0,"comment_status":"open","ping_status":"closed","template":"","meta":[],"product_brand":[],"product_cat":[137],"product_tag":[],"class_list":{"0":"post-12549","1":"product","2":"type-product","3":"status-publish","5":"product_cat-maros-megyei-eletrajzi-lexikon","7":"first","8":"instock","9":"shipping-taxable","10":"product-type-simple"},"_links":{"self":[{"href":"https:\/\/uj.adatbank.ro\/lexikon\/wp-json\/wp\/v2\/product\/12549","targetHints":{"allow":["GET"]}}],"collection":[{"href":"https:\/\/uj.adatbank.ro\/lexikon\/wp-json\/wp\/v2\/product"}],"about":[{"href":"https:\/\/uj.adatbank.ro\/lexikon\/wp-json\/wp\/v2\/types\/product"}],"replies":[{"embeddable":true,"href":"https:\/\/uj.adatbank.ro\/lexikon\/wp-json\/wp\/v2\/comments?post=12549"}],"wp:attachment":[{"href":"https:\/\/uj.adatbank.ro\/lexikon\/wp-json\/wp\/v2\/media?parent=12549"}],"wp:term":[{"taxonomy":"product_brand","embeddable":true,"href":"https:\/\/uj.adatbank.ro\/lexikon\/wp-json\/wp\/v2\/product_brand?post=12549"},{"taxonomy":"product_cat","embeddable":true,"href":"https:\/\/uj.adatbank.ro\/lexikon\/wp-json\/wp\/v2\/product_cat?post=12549"},{"taxonomy":"product_tag","embeddable":true,"href":"https:\/\/uj.adatbank.ro\/lexikon\/wp-json\/wp\/v2\/product_tag?post=12549"}],"curies":[{"name":"wp","href":"https:\/\/api.w.org\/{rel}","templated":true}]}}