{"id":12551,"date":"2025-06-29T14:30:59","date_gmt":"2025-06-29T12:30:59","guid":{"rendered":"https:\/\/uj.adatbank.ro\/lexikon\/termek\/kopacz-maria\/"},"modified":"2025-06-29T14:30:59","modified_gmt":"2025-06-29T12:30:59","slug":"kopacz-maria","status":"publish","type":"product","link":"https:\/\/uj.adatbank.ro\/lexikon\/termek\/kopacz-maria\/","title":{"rendered":"KOPACZ M\u00e1ria"},"content":{"rendered":"<p>Mv., 1941. \u2020 ? : grafikus \u00e9s fest\u0151. \u2013M\u0171v\u00e9szeti tanulm\u00e1nyait Kv.-on a K\u00e9pz\u0151m\u0171v\u00e9szeti F\u0151iskol\u00e1n v\u00e9gezte. Hazai \u00e9s k\u00fclf\u00f6ldi t\u00e1rlatokon szerepelt. Jelent\u0151s illusztr\u00e1tor peri\u00f3dik\u00e1kban, sz\u00fcrrealista. Nemzetk\u00f6zi alkot\u00f3t\u00e1borok tagja. Mag\u00e1ngy\u0171jtem\u00e9nyekben vannak m\u0171vei \u00e9s a vajai Vay \u00c1d\u00e1m M\u00fazeum gy\u0171jtem\u00e9ny\u00e9ben. <br \/><strong>Irod.:<\/strong> Szab\u00f3\u2013K\u00e1llai<\/br><\/p>\n","protected":false},"excerpt":{"rendered":"<p>Mv., 1941. \u2020 ? : grafikus \u00e9s fest\u0151. \u2013M\u0171v\u00e9szeti tanulm\u00e1nyait Kv.-on a K\u00e9pz\u0151m\u0171v\u00e9szeti F\u0151iskol\u00e1n v\u00e9gezte. Hazai \u00e9s k\u00fclf\u00f6ldi t\u00e1rlatokon szerepelt. Jelent\u0151s illusztr\u00e1tor peri\u00f3dik\u00e1kban, sz\u00fcrrealista. Nemzetk\u00f6zi alkot\u00f3t\u00e1borok tagja. Mag\u00e1ngy\u0171jtem\u00e9nyekben vannak m\u0171vei \u00e9s a vajai Vay \u00c1d\u00e1m M\u00fazeum gy\u0171jtem\u00e9ny\u00e9ben. Irod.: Szab\u00f3\u2013K\u00e1llai<\/p>\n","protected":false},"featured_media":0,"comment_status":"open","ping_status":"closed","template":"","meta":[],"product_brand":[],"product_cat":[137],"product_tag":[],"class_list":{"0":"post-12551","1":"product","2":"type-product","3":"status-publish","5":"product_cat-maros-megyei-eletrajzi-lexikon","7":"first","8":"instock","9":"shipping-taxable","10":"product-type-simple"},"_links":{"self":[{"href":"https:\/\/uj.adatbank.ro\/lexikon\/wp-json\/wp\/v2\/product\/12551","targetHints":{"allow":["GET"]}}],"collection":[{"href":"https:\/\/uj.adatbank.ro\/lexikon\/wp-json\/wp\/v2\/product"}],"about":[{"href":"https:\/\/uj.adatbank.ro\/lexikon\/wp-json\/wp\/v2\/types\/product"}],"replies":[{"embeddable":true,"href":"https:\/\/uj.adatbank.ro\/lexikon\/wp-json\/wp\/v2\/comments?post=12551"}],"wp:attachment":[{"href":"https:\/\/uj.adatbank.ro\/lexikon\/wp-json\/wp\/v2\/media?parent=12551"}],"wp:term":[{"taxonomy":"product_brand","embeddable":true,"href":"https:\/\/uj.adatbank.ro\/lexikon\/wp-json\/wp\/v2\/product_brand?post=12551"},{"taxonomy":"product_cat","embeddable":true,"href":"https:\/\/uj.adatbank.ro\/lexikon\/wp-json\/wp\/v2\/product_cat?post=12551"},{"taxonomy":"product_tag","embeddable":true,"href":"https:\/\/uj.adatbank.ro\/lexikon\/wp-json\/wp\/v2\/product_tag?post=12551"}],"curies":[{"name":"wp","href":"https:\/\/api.w.org\/{rel}","templated":true}]}}