{"id":12552,"date":"2025-06-29T14:31:03","date_gmt":"2025-06-29T12:31:03","guid":{"rendered":"https:\/\/uj.adatbank.ro\/lexikon\/termek\/kopacz-miklos-lukacs\/"},"modified":"2025-06-29T14:31:03","modified_gmt":"2025-06-29T12:31:03","slug":"kopacz-miklos-lukacs","status":"publish","type":"product","link":"https:\/\/uj.adatbank.ro\/lexikon\/termek\/kopacz-miklos-lukacs\/","title":{"rendered":"KOPACZ Mikl\u00f3s Luk\u00e1cs"},"content":{"rendered":"<p>Mv., 1911. j\u00fal. 21., \u2020 Mv., 1997. febr. 9.: grafikus, d\u00edszlettervez\u0151. \u2013 Mv.-en a R. K. L\u00edc.-ban \u00e9retts\u00e9gizett (1932). Az Aurel Ciupe fest\u0151 \u00e1ltal vezetett Szabad K\u00e9pz\u0151m\u0171v\u00e9szeti Tanfolyamon tanult festeni (1933\u201336). D\u00edsz\u00edt\u0151m\u0171v\u00e9szk\u00e9nt dolgozott a sz\u00ednh\u00e1zn\u00e1l (1936\u201340). A magyar hadsereg tartal\u00e9kos hadnagya (1943). A mv.-i Sport Klub, valamint a v\u00e1ros igaz\u00e1n jellegzetes modern plak\u00e1tjainak rajzol\u00f3ja volt. Tagja a MMKE-nek (1975\u2013). a KMMSZ- nek (1979). Olajfestm\u00e9nyekkel \u00e9s akvarelekkel szerepelt t\u00f6bb mv.-i ki\u00e1ll\u00edt\u00e1son (1980\u201390). \u00d6n\u00e9let\u00edr\u00e1s c. k\u00f6tete (1960), \u00f6n\u00e9letrajzi visszaeml\u00e9kez\u00e9s a Pockingben, N\u00e9metorsz\u00e1gban fogs\u00e1gban elt\u00f6lt\u00f6tt id\u0151re, a hazat\u00e9r\u00e9s ut\u00e1ni \u00e9vekre. A mv.-i Sport Klubj\u00e1ban az \u00e1ltala kezdem\u00e9nyezett \u00e9s sportkedvel\u0151 fiatalokkal \u00f6ner\u0151b\u0151l l\u00e9trehozott Weekend-telep kialak\u00edt\u00e1si munk\u00e1latair\u00f3l, valamint a v\u00e1ros igaz\u00e1n jellegzetes modern plak\u00e1tjainak rajzol\u00f3ja volt. Tagja a MMKE-nek (1975\u2013). a KMMSZ- nek (1979). Olajfestm\u00e9nyekkel \u00e9s akvarelekkel szerepelt t\u00f6bb mv.-i ki\u00e1ll\u00edt\u00e1son (1980\u201390). \u2013 <strong>F. ki\u00e1ll.:<\/strong> egy\u00e9ni: Mv. (1980; 1982; 1985). <br \/><strong>Irod.:<\/strong> AAPM; Mv.-i \u00f6rm\u00e9nyek; Opri\u015f 2018; \u00d6kr\u00f6s<\/br><\/p>\n","protected":false},"excerpt":{"rendered":"<p>Mv., 1911. j\u00fal. 21., \u2020 Mv., 1997. febr. 9.: grafikus, d\u00edszlettervez\u0151. \u2013 Mv.-en a R. K. L\u00edc.-ban \u00e9retts\u00e9gizett (1932). Az Aurel Ciupe fest\u0151 \u00e1ltal vezetett Szabad K\u00e9pz\u0151m\u0171v\u00e9szeti Tanfolyamon tanult festeni (1933\u201336). D\u00edsz\u00edt\u0151m\u0171v\u00e9szk\u00e9nt dolgozott a sz\u00ednh\u00e1zn\u00e1l (1936\u201340). A magyar hadsereg tartal\u00e9kos hadnagya (1943). A mv.-i Sport Klub, valamint a v\u00e1ros igaz\u00e1n jellegzetes modern plak\u00e1tjainak rajzol\u00f3ja volt. [&hellip;]<\/p>\n","protected":false},"featured_media":0,"comment_status":"open","ping_status":"closed","template":"","meta":[],"product_brand":[],"product_cat":[137],"product_tag":[],"class_list":{"0":"post-12552","1":"product","2":"type-product","3":"status-publish","5":"product_cat-maros-megyei-eletrajzi-lexikon","7":"first","8":"instock","9":"shipping-taxable","10":"product-type-simple"},"_links":{"self":[{"href":"https:\/\/uj.adatbank.ro\/lexikon\/wp-json\/wp\/v2\/product\/12552","targetHints":{"allow":["GET"]}}],"collection":[{"href":"https:\/\/uj.adatbank.ro\/lexikon\/wp-json\/wp\/v2\/product"}],"about":[{"href":"https:\/\/uj.adatbank.ro\/lexikon\/wp-json\/wp\/v2\/types\/product"}],"replies":[{"embeddable":true,"href":"https:\/\/uj.adatbank.ro\/lexikon\/wp-json\/wp\/v2\/comments?post=12552"}],"wp:attachment":[{"href":"https:\/\/uj.adatbank.ro\/lexikon\/wp-json\/wp\/v2\/media?parent=12552"}],"wp:term":[{"taxonomy":"product_brand","embeddable":true,"href":"https:\/\/uj.adatbank.ro\/lexikon\/wp-json\/wp\/v2\/product_brand?post=12552"},{"taxonomy":"product_cat","embeddable":true,"href":"https:\/\/uj.adatbank.ro\/lexikon\/wp-json\/wp\/v2\/product_cat?post=12552"},{"taxonomy":"product_tag","embeddable":true,"href":"https:\/\/uj.adatbank.ro\/lexikon\/wp-json\/wp\/v2\/product_tag?post=12552"}],"curies":[{"name":"wp","href":"https:\/\/api.w.org\/{rel}","templated":true}]}}