{"id":12553,"date":"2025-06-29T14:31:05","date_gmt":"2025-06-29T12:31:05","guid":{"rendered":"https:\/\/uj.adatbank.ro\/lexikon\/termek\/kopacz-patrik-janos-p\/"},"modified":"2025-06-29T14:31:05","modified_gmt":"2025-06-29T12:31:05","slug":"kopacz-patrik-janos-p","status":"publish","type":"product","link":"https:\/\/uj.adatbank.ro\/lexikon\/termek\/kopacz-patrik-janos-p\/","title":{"rendered":"KOPACZ P\u00e1trik J\u00e1nos, P."},"content":{"rendered":"<p>Cs\u00edkcsics\u00f3, 1782. nov. 13. \u2020 1848. okt. 31.: ferences szerzetes. \u2013 Be\u00f6lt\u00f6z\u00f6tt (1802. szept. 12.). Felszentelt\u00e9k (1805. dec. 20.). S\u00e1rpatakon lelk\u00e9sz. Az 1848-as forradalmi esem\u00e9nyek sor\u00e1n \u00fcld\u00f6zt\u00e9k. Segesv\u00e1r fel\u00e9 pr\u00f3b\u00e1lt menek\u00fclni. Egy rom\u00e1n felkel\u0151 lel\u0151tte, a s\u00e1rpataki templomot \u00e9s a papilakot kifosztott\u00e1k. <br \/><strong>Irod.:<\/strong> Gy\u00f6rgy: A ferencrendiek; P\u00e1l-Antal \u2013 Szab\u00f3 2.<\/br><\/p>\n","protected":false},"excerpt":{"rendered":"<p>Cs\u00edkcsics\u00f3, 1782. nov. 13. \u2020 1848. okt. 31.: ferences szerzetes. \u2013 Be\u00f6lt\u00f6z\u00f6tt (1802. szept. 12.). Felszentelt\u00e9k (1805. dec. 20.). S\u00e1rpatakon lelk\u00e9sz. Az 1848-as forradalmi esem\u00e9nyek sor\u00e1n \u00fcld\u00f6zt\u00e9k. Segesv\u00e1r fel\u00e9 pr\u00f3b\u00e1lt menek\u00fclni. Egy rom\u00e1n felkel\u0151 lel\u0151tte, a s\u00e1rpataki templomot \u00e9s a papilakot kifosztott\u00e1k. Irod.: Gy\u00f6rgy: A ferencrendiek; P\u00e1l-Antal \u2013 Szab\u00f3 2.<\/p>\n","protected":false},"featured_media":0,"comment_status":"open","ping_status":"closed","template":"","meta":[],"product_brand":[],"product_cat":[137],"product_tag":[],"class_list":{"0":"post-12553","1":"product","2":"type-product","3":"status-publish","5":"product_cat-maros-megyei-eletrajzi-lexikon","7":"first","8":"instock","9":"shipping-taxable","10":"product-type-simple"},"_links":{"self":[{"href":"https:\/\/uj.adatbank.ro\/lexikon\/wp-json\/wp\/v2\/product\/12553","targetHints":{"allow":["GET"]}}],"collection":[{"href":"https:\/\/uj.adatbank.ro\/lexikon\/wp-json\/wp\/v2\/product"}],"about":[{"href":"https:\/\/uj.adatbank.ro\/lexikon\/wp-json\/wp\/v2\/types\/product"}],"replies":[{"embeddable":true,"href":"https:\/\/uj.adatbank.ro\/lexikon\/wp-json\/wp\/v2\/comments?post=12553"}],"wp:attachment":[{"href":"https:\/\/uj.adatbank.ro\/lexikon\/wp-json\/wp\/v2\/media?parent=12553"}],"wp:term":[{"taxonomy":"product_brand","embeddable":true,"href":"https:\/\/uj.adatbank.ro\/lexikon\/wp-json\/wp\/v2\/product_brand?post=12553"},{"taxonomy":"product_cat","embeddable":true,"href":"https:\/\/uj.adatbank.ro\/lexikon\/wp-json\/wp\/v2\/product_cat?post=12553"},{"taxonomy":"product_tag","embeddable":true,"href":"https:\/\/uj.adatbank.ro\/lexikon\/wp-json\/wp\/v2\/product_tag?post=12553"}],"curies":[{"name":"wp","href":"https:\/\/api.w.org\/{rel}","templated":true}]}}