{"id":12563,"date":"2025-06-29T14:31:25","date_gmt":"2025-06-29T12:31:25","guid":{"rendered":"https:\/\/uj.adatbank.ro\/lexikon\/termek\/kopeczi-bodos-samuel-kopetzi-beodos-samuel\/"},"modified":"2025-06-29T14:31:25","modified_gmt":"2025-06-29T12:31:25","slug":"kopeczi-bodos-samuel-kopetzi-beodos-samuel","status":"publish","type":"product","link":"https:\/\/uj.adatbank.ro\/lexikon\/termek\/kopeczi-bodos-samuel-kopetzi-beodos-samuel\/","title":{"rendered":"K\u00d6PECZI BODOS S\u00e1muel, K\u00f6petzi Beodos Samuel"},"content":{"rendered":"<p>? \u2020 ? : ref. lelk\u00e9sz. \u2013 A nagyenyedi Koll. -b\u00f3l ment a franekerai egyetemre (1771). Sz\u00e1szbonyh\u00e1n. szolg\u00e1lt. \u2013 <strong>F. m.:<\/strong> Dissertatio philologico- theologica ad illustrandum ritum superstitiosum, qui perstringitur Ezech. VIII: : 17; et nomen symbolicum, quod Aegypto tribuitur Jesaiae XVIII: 1, quam \u2026 praeside Samuel Henr. Manger \u2026 publico examini subjicit (Franequerae, 1772). <br \/><strong>Irod.:<\/strong> Benk\u0151 Andr\u00e1s: K. B. S. (M\u0171vel\u0151d\u00e9s, 5. sz., 1971); RMK III\/18. sz.; Szinnyei<\/br><\/p>\n","protected":false},"excerpt":{"rendered":"<p>? \u2020 ? : ref. lelk\u00e9sz. \u2013 A nagyenyedi Koll. -b\u00f3l ment a franekerai egyetemre (1771). Sz\u00e1szbonyh\u00e1n. szolg\u00e1lt. \u2013 F. m.: Dissertatio philologico- theologica ad illustrandum ritum superstitiosum, qui perstringitur Ezech. VIII: : 17; et nomen symbolicum, quod Aegypto tribuitur Jesaiae XVIII: 1, quam \u2026 praeside Samuel Henr. Manger \u2026 publico examini subjicit (Franequerae, 1772). [&hellip;]<\/p>\n","protected":false},"featured_media":0,"comment_status":"open","ping_status":"closed","template":"","meta":[],"product_brand":[],"product_cat":[137],"product_tag":[],"class_list":{"0":"post-12563","1":"product","2":"type-product","3":"status-publish","5":"product_cat-maros-megyei-eletrajzi-lexikon","7":"first","8":"instock","9":"shipping-taxable","10":"product-type-simple"},"_links":{"self":[{"href":"https:\/\/uj.adatbank.ro\/lexikon\/wp-json\/wp\/v2\/product\/12563","targetHints":{"allow":["GET"]}}],"collection":[{"href":"https:\/\/uj.adatbank.ro\/lexikon\/wp-json\/wp\/v2\/product"}],"about":[{"href":"https:\/\/uj.adatbank.ro\/lexikon\/wp-json\/wp\/v2\/types\/product"}],"replies":[{"embeddable":true,"href":"https:\/\/uj.adatbank.ro\/lexikon\/wp-json\/wp\/v2\/comments?post=12563"}],"wp:attachment":[{"href":"https:\/\/uj.adatbank.ro\/lexikon\/wp-json\/wp\/v2\/media?parent=12563"}],"wp:term":[{"taxonomy":"product_brand","embeddable":true,"href":"https:\/\/uj.adatbank.ro\/lexikon\/wp-json\/wp\/v2\/product_brand?post=12563"},{"taxonomy":"product_cat","embeddable":true,"href":"https:\/\/uj.adatbank.ro\/lexikon\/wp-json\/wp\/v2\/product_cat?post=12563"},{"taxonomy":"product_tag","embeddable":true,"href":"https:\/\/uj.adatbank.ro\/lexikon\/wp-json\/wp\/v2\/product_tag?post=12563"}],"curies":[{"name":"wp","href":"https:\/\/api.w.org\/{rel}","templated":true}]}}