{"id":12592,"date":"2025-06-29T14:32:20","date_gmt":"2025-06-29T12:32:20","guid":{"rendered":"https:\/\/uj.adatbank.ro\/lexikon\/termek\/korda-maria-borosjenoi-gr-kemeny-laszlone\/"},"modified":"2025-06-29T14:32:20","modified_gmt":"2025-06-29T12:32:20","slug":"korda-maria-borosjenoi-gr-kemeny-laszlone","status":"publish","type":"product","link":"https:\/\/uj.adatbank.ro\/lexikon\/termek\/korda-maria-borosjenoi-gr-kemeny-laszlone\/","title":{"rendered":"KORDA M\u00e1ria, borosjen\u0151i gr., Kem\u00e9ny L\u00e1szl\u00f3n\u00e9"},"content":{"rendered":"<p>1761.? \u2020 Szt. Margita, 1810. m\u00e1rc. 19.: \u2013 Korda Gy\u00f6rgy, borosjen\u0151i gr. (?\u20131786) \u00e9s gr. sz\u00e9ki Teleki Zsuzs\u00e1nna le\u00e1nya. \u2013 A mez\u0151bodoni ref. templomnak ez\u00fcstt\u00e1ny\u00e9rt, selyem sz\u00f3sz\u00e9ktakar\u00f3t (1794), ismeretlen \u00f6tv\u00f6s k\u00e9sz\u00edtette (1796) keny\u00e9roszt\u00f3 t\u00e1ny\u00e9rt aj\u00e1nd\u00e9kozott. <br \/><strong>Irod.:<\/strong> K\u00fck\u00fcll\u0151i Ref. Egyh\u00e1zm. 4.; Lev\u00e9lt\u00e1ri gy\u00e1szj.<\/br><\/p>\n","protected":false},"excerpt":{"rendered":"<p>1761.? \u2020 Szt. Margita, 1810. m\u00e1rc. 19.: \u2013 Korda Gy\u00f6rgy, borosjen\u0151i gr. (?\u20131786) \u00e9s gr. sz\u00e9ki Teleki Zsuzs\u00e1nna le\u00e1nya. \u2013 A mez\u0151bodoni ref. templomnak ez\u00fcstt\u00e1ny\u00e9rt, selyem sz\u00f3sz\u00e9ktakar\u00f3t (1794), ismeretlen \u00f6tv\u00f6s k\u00e9sz\u00edtette (1796) keny\u00e9roszt\u00f3 t\u00e1ny\u00e9rt aj\u00e1nd\u00e9kozott. Irod.: K\u00fck\u00fcll\u0151i Ref. Egyh\u00e1zm. 4.; Lev\u00e9lt\u00e1ri gy\u00e1szj.<\/p>\n","protected":false},"featured_media":0,"comment_status":"open","ping_status":"closed","template":"","meta":[],"product_brand":[],"product_cat":[137],"product_tag":[],"class_list":{"0":"post-12592","1":"product","2":"type-product","3":"status-publish","5":"product_cat-maros-megyei-eletrajzi-lexikon","7":"first","8":"instock","9":"shipping-taxable","10":"product-type-simple"},"_links":{"self":[{"href":"https:\/\/uj.adatbank.ro\/lexikon\/wp-json\/wp\/v2\/product\/12592","targetHints":{"allow":["GET"]}}],"collection":[{"href":"https:\/\/uj.adatbank.ro\/lexikon\/wp-json\/wp\/v2\/product"}],"about":[{"href":"https:\/\/uj.adatbank.ro\/lexikon\/wp-json\/wp\/v2\/types\/product"}],"replies":[{"embeddable":true,"href":"https:\/\/uj.adatbank.ro\/lexikon\/wp-json\/wp\/v2\/comments?post=12592"}],"wp:attachment":[{"href":"https:\/\/uj.adatbank.ro\/lexikon\/wp-json\/wp\/v2\/media?parent=12592"}],"wp:term":[{"taxonomy":"product_brand","embeddable":true,"href":"https:\/\/uj.adatbank.ro\/lexikon\/wp-json\/wp\/v2\/product_brand?post=12592"},{"taxonomy":"product_cat","embeddable":true,"href":"https:\/\/uj.adatbank.ro\/lexikon\/wp-json\/wp\/v2\/product_cat?post=12592"},{"taxonomy":"product_tag","embeddable":true,"href":"https:\/\/uj.adatbank.ro\/lexikon\/wp-json\/wp\/v2\/product_tag?post=12592"}],"curies":[{"name":"wp","href":"https:\/\/api.w.org\/{rel}","templated":true}]}}