{"id":12601,"date":"2025-06-29T14:32:42","date_gmt":"2025-06-29T12:32:42","guid":{"rendered":"https:\/\/uj.adatbank.ro\/lexikon\/termek\/korizmics-iren-gr-frater-belane\/"},"modified":"2025-06-29T14:32:42","modified_gmt":"2025-06-29T12:32:42","slug":"korizmics-iren-gr-frater-belane","status":"publish","type":"product","link":"https:\/\/uj.adatbank.ro\/lexikon\/termek\/korizmics-iren-gr-frater-belane\/","title":{"rendered":"KORIZMICS Ir\u00e9n, gr., Fr\u00e1ter B\u00e9l\u00e1n\u00e9"},"content":{"rendered":"<p>Bp., 1875, \u2020 Holtmaros (Maros), 1965.: f\u00f6ldbirtokos. \u2013 Amerik\u00e1ban nevelkedett, p\u00e1r \u00e9vet \u00e9lt Egyiptomban, angolul, franci\u00e1ul \u00e9s spanyolul is tudott. Apja K. Antal, az Egyiptomban sz\u00e9kel\u0151 Nemzetk\u00f6zi B\u00edr\u00f3s\u00e1g eln\u00f6ke. Nevel\u0151anyja \u00e9s tan\u00edt\u00f3mestere volt Fr\u00e1ter Ilon\u00e1nak, f\u00e9rje els\u0151 h\u00e1zass\u00e1g\u00e1b\u00f3l sz\u00fcletett l\u00e1ny\u00e1nak. F\u00e9rj\u00e9vel Disznaj\u00f3ra k\u00f6lt\u00f6z\u00f6tt (1908\u2013). Kilakoltatt\u00e1k a kast\u00e9lyb\u00f3l, a gazdatiszthez k\u00f6lt\u00f6z\u00f6tt. Az \u00faj, modern, berendezett h\u00e1romemeletes kast\u00e9lyt, amit fel\u00e9p\u00edtetettek Disznaj\u00f3n (1913\u201318), b\u00e9keid\u0151ben lerombolt\u00e1k (1947). Sok viszontags\u00e1g ut\u00e1n, a holtmarosi \u00f6regotthonba ker\u00fclt, ahol elhunyt 90 \u00e9ves kor\u00e1ban. <br \/><strong>Irod.:<\/strong> Rh\u00e9deyek \u00e9s Fr\u00e1terek<\/br><\/p>\n","protected":false},"excerpt":{"rendered":"<p>Bp., 1875, \u2020 Holtmaros (Maros), 1965.: f\u00f6ldbirtokos. \u2013 Amerik\u00e1ban nevelkedett, p\u00e1r \u00e9vet \u00e9lt Egyiptomban, angolul, franci\u00e1ul \u00e9s spanyolul is tudott. Apja K. Antal, az Egyiptomban sz\u00e9kel\u0151 Nemzetk\u00f6zi B\u00edr\u00f3s\u00e1g eln\u00f6ke. Nevel\u0151anyja \u00e9s tan\u00edt\u00f3mestere volt Fr\u00e1ter Ilon\u00e1nak, f\u00e9rje els\u0151 h\u00e1zass\u00e1g\u00e1b\u00f3l sz\u00fcletett l\u00e1ny\u00e1nak. F\u00e9rj\u00e9vel Disznaj\u00f3ra k\u00f6lt\u00f6z\u00f6tt (1908\u2013). Kilakoltatt\u00e1k a kast\u00e9lyb\u00f3l, a gazdatiszthez k\u00f6lt\u00f6z\u00f6tt. Az \u00faj, modern, berendezett h\u00e1romemeletes [&hellip;]<\/p>\n","protected":false},"featured_media":0,"comment_status":"open","ping_status":"closed","template":"","meta":[],"product_brand":[],"product_cat":[137],"product_tag":[],"class_list":{"0":"post-12601","1":"product","2":"type-product","3":"status-publish","5":"product_cat-maros-megyei-eletrajzi-lexikon","7":"first","8":"instock","9":"shipping-taxable","10":"product-type-simple"},"_links":{"self":[{"href":"https:\/\/uj.adatbank.ro\/lexikon\/wp-json\/wp\/v2\/product\/12601","targetHints":{"allow":["GET"]}}],"collection":[{"href":"https:\/\/uj.adatbank.ro\/lexikon\/wp-json\/wp\/v2\/product"}],"about":[{"href":"https:\/\/uj.adatbank.ro\/lexikon\/wp-json\/wp\/v2\/types\/product"}],"replies":[{"embeddable":true,"href":"https:\/\/uj.adatbank.ro\/lexikon\/wp-json\/wp\/v2\/comments?post=12601"}],"wp:attachment":[{"href":"https:\/\/uj.adatbank.ro\/lexikon\/wp-json\/wp\/v2\/media?parent=12601"}],"wp:term":[{"taxonomy":"product_brand","embeddable":true,"href":"https:\/\/uj.adatbank.ro\/lexikon\/wp-json\/wp\/v2\/product_brand?post=12601"},{"taxonomy":"product_cat","embeddable":true,"href":"https:\/\/uj.adatbank.ro\/lexikon\/wp-json\/wp\/v2\/product_cat?post=12601"},{"taxonomy":"product_tag","embeddable":true,"href":"https:\/\/uj.adatbank.ro\/lexikon\/wp-json\/wp\/v2\/product_tag?post=12601"}],"curies":[{"name":"wp","href":"https:\/\/api.w.org\/{rel}","templated":true}]}}