{"id":12612,"date":"2025-06-29T14:33:01","date_gmt":"2025-06-29T12:33:01","guid":{"rendered":"https:\/\/uj.adatbank.ro\/lexikon\/termek\/kornhoffer-vilmos\/"},"modified":"2025-06-29T14:33:01","modified_gmt":"2025-06-29T12:33:01","slug":"kornhoffer-vilmos","status":"publish","type":"product","link":"https:\/\/uj.adatbank.ro\/lexikon\/termek\/kornhoffer-vilmos\/","title":{"rendered":"KORNHOFFER Vilmos"},"content":{"rendered":"<p>S\u00e1romberke, 1899., \u2020 ? : \u00fcgyv\u00e9d, politikus. \u2013 K\u00f6z\u00e9piskol\u00e1it a sz\u00e1szr\u00e9geni \u00e9s a mv.-i f\u0151gimn\u00e1ziumban v\u00e9gezte, az egyetemre Bp.-en \u00e9s Kv.-on j\u00e1rt. \u00dcgyv\u00e9d Sz\u00e1szr\u00e9genben (1922\u2013). Az els\u0151 vh.-ban az 5. honv\u00e9d t\u0171z\u00e9rezredben harcolt, mint hadapr\u00f3d\u0151rmester szerelt le. A MP v\u00e1rmegyei int\u00e9z\u0151bizotts\u00e1g\u00e1nak tagja, megyei aleln\u00f6ke (1932), helyi eln\u00f6ke volt, megyei tan\u00e1csos(1937), k\u00e9pvisel\u0151 jel\u00f6lt (1928, 31). <br \/><strong>Irod.:<\/strong> Id\u0151t\u00e1r 3; Sz\u00e9kelyf\u00f6ld \u00ed. k.<\/br><\/p>\n","protected":false},"excerpt":{"rendered":"<p>S\u00e1romberke, 1899., \u2020 ? : \u00fcgyv\u00e9d, politikus. \u2013 K\u00f6z\u00e9piskol\u00e1it a sz\u00e1szr\u00e9geni \u00e9s a mv.-i f\u0151gimn\u00e1ziumban v\u00e9gezte, az egyetemre Bp.-en \u00e9s Kv.-on j\u00e1rt. \u00dcgyv\u00e9d Sz\u00e1szr\u00e9genben (1922\u2013). Az els\u0151 vh.-ban az 5. honv\u00e9d t\u0171z\u00e9rezredben harcolt, mint hadapr\u00f3d\u0151rmester szerelt le. A MP v\u00e1rmegyei int\u00e9z\u0151bizotts\u00e1g\u00e1nak tagja, megyei aleln\u00f6ke (1932), helyi eln\u00f6ke volt, megyei tan\u00e1csos(1937), k\u00e9pvisel\u0151 jel\u00f6lt (1928, 31). Irod.: [&hellip;]<\/p>\n","protected":false},"featured_media":0,"comment_status":"open","ping_status":"closed","template":"","meta":[],"product_brand":[],"product_cat":[137],"product_tag":[],"class_list":{"0":"post-12612","1":"product","2":"type-product","3":"status-publish","5":"product_cat-maros-megyei-eletrajzi-lexikon","7":"first","8":"instock","9":"shipping-taxable","10":"product-type-simple"},"_links":{"self":[{"href":"https:\/\/uj.adatbank.ro\/lexikon\/wp-json\/wp\/v2\/product\/12612","targetHints":{"allow":["GET"]}}],"collection":[{"href":"https:\/\/uj.adatbank.ro\/lexikon\/wp-json\/wp\/v2\/product"}],"about":[{"href":"https:\/\/uj.adatbank.ro\/lexikon\/wp-json\/wp\/v2\/types\/product"}],"replies":[{"embeddable":true,"href":"https:\/\/uj.adatbank.ro\/lexikon\/wp-json\/wp\/v2\/comments?post=12612"}],"wp:attachment":[{"href":"https:\/\/uj.adatbank.ro\/lexikon\/wp-json\/wp\/v2\/media?parent=12612"}],"wp:term":[{"taxonomy":"product_brand","embeddable":true,"href":"https:\/\/uj.adatbank.ro\/lexikon\/wp-json\/wp\/v2\/product_brand?post=12612"},{"taxonomy":"product_cat","embeddable":true,"href":"https:\/\/uj.adatbank.ro\/lexikon\/wp-json\/wp\/v2\/product_cat?post=12612"},{"taxonomy":"product_tag","embeddable":true,"href":"https:\/\/uj.adatbank.ro\/lexikon\/wp-json\/wp\/v2\/product_tag?post=12612"}],"curies":[{"name":"wp","href":"https:\/\/api.w.org\/{rel}","templated":true}]}}