{"id":12623,"date":"2025-06-29T14:33:23","date_gmt":"2025-06-29T12:33:23","guid":{"rendered":"https:\/\/uj.adatbank.ro\/lexikon\/termek\/kornis-farkas-homorodszentpali\/"},"modified":"2025-06-29T14:33:23","modified_gmt":"2025-06-29T12:33:23","slug":"kornis-farkas-homorodszentpali","status":"publish","type":"product","link":"https:\/\/uj.adatbank.ro\/lexikon\/termek\/kornis-farkas-homorodszentpali\/","title":{"rendered":"KORNIS Farkas, homor\u00f3dszentp\u00e1li"},"content":{"rendered":"<p>? \u2020 Gyulafeh\u00e9rv\u00e1r, 1600.: birtokos, kir\u00e1lyb\u00edr\u00f3. \u2013 Anyai nagyanyja: Harinai Farkas Margit., K. Mikl\u00f3s \u00e9s Bikli Borb\u00e1la fia. B\u00e1tyja K. Mih\u00e1ly (\u2020 1582). Feles\u00e9ge: 1. Petki Katalin (\u2020 kor\u00e1n elhunyt), 2. Bethlen Krisztina (\u2020 1631), T\u00f6bben tartottak m. \u00e9s latin nyelv\u0171 halotti besz\u00e9det felette (1631. nov. 25. \u00e9s nov. 26). Fiaik: 1. Gy\u00f6rgy, Mikl\u00f3s, J\u00e1nos, Mih\u00e1ly, Gergely, Ferenc, Farkas, 2. Gy\u00f6rgy; le\u00e1nyaik: Anna D\u00e1niel Ferencn\u00e9, majd Sz\u00e9kely M\u00f3zesn\u00e9; Katalin, Petki J\u00e1nosn\u00e9; Borb\u00e1la, Zalasdi Mikl\u00f3sn\u00e9; Judit, P\u00e9chi Simonn\u00e9. Petki Mih\u00e1ly hal\u00e1la ut\u00e1n, fi\u00e1nak Petki J\u00e1nosnak \u00e9s testv\u00e9reinek gy\u00e1mja volt. Tanulm\u00e1nyai nem ismeretesek, de Gy\u00f6rgy fi\u00e1hoz \u00edrt latin \u00e9s g\u00f6r\u00f6g nyelv\u0171 levelei magas k\u00e9pz\u00e9sr\u0151l tanuskodnak. R\u00e9szt vett a k\u00f6z\u00e9letben: annak a deleg\u00e1ci\u00f3nak volt tagja, b\u00e1tyj\u00e1val egy\u00fctt elkis\u00e9rt\u00e9k J\u00e1nos Zsigmond fejedelmet Szulejm\u00e1n szult\u00e1n zimonyi t\u00e1bor\u00e1ba (1566), t\u00f6bb birtok adom\u00e1nyt kapott b\u00e1tyj\u00e1val k\u00f6z\u00f6sen. Udvarhelysz\u00e9ki birtokosk\u00e9nt B\u00e1thory Istv\u00e1n kinevezte Petki Mih\u00e1ly mellett a m\u00e1sik kir\u00e1lyb\u00edr\u00f3nak (1571. j\u00fan. 9.). Erd\u0151szentgy\u00f6rgy birtokosa (1599), melyet le\u00e1nya Margit-Rh\u00e9dey J\u00e1nosn\u00e9 \u00f6r\u00f6k\u00f6lt. Ut\u00f3d n\u00e9lk\u00fclt elhunyt b\u00e1tyja vagyon\u00e1nak \u00f6r\u00f6k\u00f6se k\u00f6z\u00f6sen s\u00f3gorn\u0151j\u00e9vel, Erd\u00e9lyi S\u00e1r\u00e1val. Vagyon\u00e1t gyarap\u00edtotta, Udvarfalv\u00e1n szerzett r\u00e9szj\u00f3sz\u00e1got (1575. m\u00e1rc. 29.), majd D\u00e1ly\u00e1ban egy k\u00fari\u00e1t szerzett (1589), t\u00f6bb telep\u00fcl\u00e9sen r\u00e9szj\u00f3sz\u00e1got vett, Homor\u00f3dszentp\u00e1lon eleg\u00e1ns udvarh\u00e1zat \u00e9p\u00edtetett (1579). Szamosk\u00f6zy szerint Mih\u00e1ly vajda lefejeztette a feh\u00e9rv\u00e1ri b\u00f6rt\u00f6nben (1599). Basta utas\u00edt\u00e1sa alapj\u00e1n, a h\u0171tlen K. F. vagyon\u00e1t Kornis G\u00e1sp\u00e1r kapta (1603. szept. 19.). <br \/><strong>Irod.:<\/strong> Basta; Halotti besz\u00e9dek; Horn Ildik\u00f3: Erd\u00e9lyi unit. 16. sz.; Kelemen; K\u00e9nosi-Uzoni 2.; Kereszt\u00e9ny Magvet\u0151 41. \u00e9vf. 3. f\u00fczet; K\u0151v\u00e1ry L\u00e1szl\u00f3<\/br><\/p>\n","protected":false},"excerpt":{"rendered":"<p>? \u2020 Gyulafeh\u00e9rv\u00e1r, 1600.: birtokos, kir\u00e1lyb\u00edr\u00f3. \u2013 Anyai nagyanyja: Harinai Farkas Margit., K. Mikl\u00f3s \u00e9s Bikli Borb\u00e1la fia. B\u00e1tyja K. Mih\u00e1ly (\u2020 1582). Feles\u00e9ge: 1. Petki Katalin (\u2020 kor\u00e1n elhunyt), 2. Bethlen Krisztina (\u2020 1631), T\u00f6bben tartottak m. \u00e9s latin nyelv\u0171 halotti besz\u00e9det felette (1631. nov. 25. \u00e9s nov. 26). Fiaik: 1. Gy\u00f6rgy, Mikl\u00f3s, J\u00e1nos, [&hellip;]<\/p>\n","protected":false},"featured_media":0,"comment_status":"open","ping_status":"closed","template":"","meta":[],"product_brand":[],"product_cat":[137],"product_tag":[],"class_list":{"0":"post-12623","1":"product","2":"type-product","3":"status-publish","5":"product_cat-maros-megyei-eletrajzi-lexikon","7":"first","8":"instock","9":"shipping-taxable","10":"product-type-simple"},"_links":{"self":[{"href":"https:\/\/uj.adatbank.ro\/lexikon\/wp-json\/wp\/v2\/product\/12623","targetHints":{"allow":["GET"]}}],"collection":[{"href":"https:\/\/uj.adatbank.ro\/lexikon\/wp-json\/wp\/v2\/product"}],"about":[{"href":"https:\/\/uj.adatbank.ro\/lexikon\/wp-json\/wp\/v2\/types\/product"}],"replies":[{"embeddable":true,"href":"https:\/\/uj.adatbank.ro\/lexikon\/wp-json\/wp\/v2\/comments?post=12623"}],"wp:attachment":[{"href":"https:\/\/uj.adatbank.ro\/lexikon\/wp-json\/wp\/v2\/media?parent=12623"}],"wp:term":[{"taxonomy":"product_brand","embeddable":true,"href":"https:\/\/uj.adatbank.ro\/lexikon\/wp-json\/wp\/v2\/product_brand?post=12623"},{"taxonomy":"product_cat","embeddable":true,"href":"https:\/\/uj.adatbank.ro\/lexikon\/wp-json\/wp\/v2\/product_cat?post=12623"},{"taxonomy":"product_tag","embeddable":true,"href":"https:\/\/uj.adatbank.ro\/lexikon\/wp-json\/wp\/v2\/product_tag?post=12623"}],"curies":[{"name":"wp","href":"https:\/\/api.w.org\/{rel}","templated":true}]}}