{"id":12630,"date":"2025-06-29T14:33:39","date_gmt":"2025-06-29T12:33:39","guid":{"rendered":"https:\/\/uj.adatbank.ro\/lexikon\/termek\/kornis-gaspar-goncruszkai-homorodszentpalibr\/"},"modified":"2025-06-29T14:33:39","modified_gmt":"2025-06-29T12:33:39","slug":"kornis-gaspar-goncruszkai-homorodszentpalibr","status":"publish","type":"product","link":"https:\/\/uj.adatbank.ro\/lexikon\/termek\/kornis-gaspar-goncruszkai-homorodszentpalibr\/","title":{"rendered":"KORNIS G\u00e1sp\u00e1r, g\u00f6ncruszkai, homor\u00f3dszentp\u00e1libr"},"content":{"rendered":"<p>1625: ? v. 1641. \u2020Szentbenedek, 1683. j\u00fan. 7, Kolozsmonostoron temett\u00e9k: erd\u00e9lyi f\u0151\u00far, eml\u00e9k\u00edr\u00f3, marossz\u00e9ki f\u0151kapit\u00e1ny. \u2013 K. Ferenc (1607\u20131661) f\u0151isp\u00e1n \u00e9s Wessel\u00e9nyi Kata (\u2020 1658) fia. Feles\u00e9ge: 1. szentdemeteri Balassi Erzs\u00e9bet, \u00f6zv. r\u00e1t\u00f3thi Gyulaffi L\u00e1szl\u00f3n\u00e9 (\u2020 1664); esk. 1663; 2. k\u00f6r\u00f6sszegi \u00e9s adorj\u00e1ni gr. Cs\u00e1ky M\u00e1ria, Cs. Istv\u00e1n (1635\u20131699) orsz\u00e1gb\u00edr\u00f3 \u00e9s L\u00f3nyai Margit (\u2020 1670) le\u00e1nya. (\u2020 1688), esk 1675. Gyermekeik: Zsigmond (1677\u20131731), erd\u00e9lyi gubern\u00e1tor; Istv\u00e1n (1680\u20131741); Krisztina, ap\u00e1ca (1683\u20131725); Anna Haller Gy\u00f6rgyn\u00e9 (\u20201719 e.); Margit L\u00e1z\u00e1r Ferencn\u00e9 (\u2020 1698). \u00d6n\u00e9let\u00edr\u00e1s\u00e1b\u00f3l gyan\u00edthat\u00f3 hogy k\u00fclf\u00f6ld\u00f6n is j\u00e1rt, apj\u00e1t miut\u00e1n kiszabadult a t\u00f6r\u00f6k fogs\u00e1gb\u00f3l elkis\u00e9rte Loretoba, hazat\u00e9r\u00e9s\u00fck k\u00f6zben apja meghalt B\u00e9csben (1661), ezut\u00e1n ker\u00fclt Zrinyi Mikl\u00f3s szolg\u00e1lat\u00e1ba; Visszat\u00e1rve Erd\u00e9lybe (1661\u2013) Kem\u00e9ny J\u00e1nos fejedelem h\u00edve lett \u00e9s r\u00e9szt vett a nagysz\u0151ll\u0151si csat\u00e1ban (1662). Ez\u00e9rt I Apafi Mih\u00e1ly fej- \u00e9s j\u00f3sz\u00e1gveszt\u00e9sre \u00edt\u00e9lte de hamarosan megkegyelmezett neki, majd fejedelmi tan\u00e1csoss\u00e1 akarta kinevezni de nem fogadta el a k\u00edn\u00e1lt hivatalt. Marossz\u00e9k f\u0151kapit\u00e1nya (1663. dec. 15. \u2013), Rh\u00e9dey Ferenc iktatta be a fejedelem megb\u00edz\u00e1s\u00e1b\u00f3l. R\u00e9szt vett B\u00e1nffy D\u00e9nes elfogat\u00e1s\u00e1ban (1674). A bujdos\u00f3kkal t\u00e1rgyal\u00f3 k\u00fcld\u00f6tts\u00e9g tagja (1680). Befoly\u00e1sos tehets\u00e9ges \u00e1llamf\u00e9rfi volt \u00e9s emellett visszaszerezte csal\u00e1dja hanyatl\u00f3 f\u00e9ny\u00e9t \u00e9s vagyon\u00e1t. V\u00e1ratlanul halt meg, mivel kort\u00e1rsai szerint Teleki Mih\u00e1ly leghat\u00e1rozottabb ellens\u00e9ge volt azt h\u00edresztekt\u00e9k hogy megm\u00e9rgezt\u00e9k. Nagyapja, K. Boldizs\u00e1r, szentbenedeki kast\u00e9ly\u00e1t kib\u0151v\u00edtette, a megl\u00e9v\u0151 r\u00e9szeket \u00e1t\u00e9p\u00edtette. F\u00f6ljegyz\u00e9seket \u00edrt szentbenedeki h\u00e1z\u00e1ban csal\u00e1dja t\u00f6rt\u00e9net\u00e9r\u0151l \u00e9s egy\u00e9ni \u00e9let\u00e9r\u0151l (1678\u20131683), 1594-t\u0151l t\u00e1rgyalja az esem\u00e9nyeket. M\u0171ve a kr\u00f3nika \u00e9s a memo\u00e1r \u00f6tv\u00f6zete. A t\u00e9nyszer\u0171 le\u00edr\u00e1sok mora\u00adliz\u00e1l\u00f3 elm\u00e9lked\u00e9sekkel keverednek. Munk\u00e1ja a barokk pr\u00f3za jellegzetes darabja, melyet Szil\u00e1gyi S\u00e1ndor k\u00f6z\u00f6lt az \u00daj M\u00fazeumban (1860). \u2013 <strong>F. m.:<\/strong> \u00c1ll\u00f3 \u00e9s mozg\u00f3k\u00e9pek; Kornis G\u00e1sp\u00e1r feljegyz\u00e9sei Erd\u00e9ly \u00e9s csal\u00e1dja viszontags\u00e1gair\u00f3l. 1678\u201383. \/ Kiad. Bitskey Istv\u00e1n (M. eml\u00e9k\u00edr\u00f3k, 16\u201318. sz.; Bp., 1982); K. G. eml\u00e9kirata  =  Erd\u00e9ly \u00f6r\u00f6ks\u00e9ge, 6.; Erd\u00e9ly \u00e9s csal\u00e1dja viszontags\u00e1gair\u00f3l  =  Muribunda Trans. <br \/><strong>Irod.:<\/strong> Bicsok-Orb\u00e1n; Gudenus; Gyallay; Sz\u00e1deczky Kardos; Kelemen Lajos 2006; Kornis; MAM\u0170L; P\u00e1l-Antal 2002; P\u00e1l- Antal 2013; Papp Kl\u00e1ra; RMK; Sz\u00e1deczky; SzOkl, 4; Szinnyei; Szinnyei J.; Szov\u00e1ta; Teleki Mih\u00e1ly udvartart\u00e1si napl\u00f3ja (1673\u20131681) (Kv., 2007); \u00daM\u00c9L; Veress Endre 1917<\/br><\/p>\n","protected":false},"excerpt":{"rendered":"<p>1625: ? v. 1641. \u2020Szentbenedek, 1683. j\u00fan. 7, Kolozsmonostoron temett\u00e9k: erd\u00e9lyi f\u0151\u00far, eml\u00e9k\u00edr\u00f3, marossz\u00e9ki f\u0151kapit\u00e1ny. \u2013 K. Ferenc (1607\u20131661) f\u0151isp\u00e1n \u00e9s Wessel\u00e9nyi Kata (\u2020 1658) fia. Feles\u00e9ge: 1. szentdemeteri Balassi Erzs\u00e9bet, \u00f6zv. r\u00e1t\u00f3thi Gyulaffi L\u00e1szl\u00f3n\u00e9 (\u2020 1664); esk. 1663; 2. k\u00f6r\u00f6sszegi \u00e9s adorj\u00e1ni gr. Cs\u00e1ky M\u00e1ria, Cs. Istv\u00e1n (1635\u20131699) orsz\u00e1gb\u00edr\u00f3 \u00e9s L\u00f3nyai Margit (\u2020 1670) [&hellip;]<\/p>\n","protected":false},"featured_media":0,"comment_status":"open","ping_status":"closed","template":"","meta":[],"product_brand":[],"product_cat":[137],"product_tag":[],"class_list":{"0":"post-12630","1":"product","2":"type-product","3":"status-publish","5":"product_cat-maros-megyei-eletrajzi-lexikon","7":"first","8":"instock","9":"shipping-taxable","10":"product-type-simple"},"_links":{"self":[{"href":"https:\/\/uj.adatbank.ro\/lexikon\/wp-json\/wp\/v2\/product\/12630","targetHints":{"allow":["GET"]}}],"collection":[{"href":"https:\/\/uj.adatbank.ro\/lexikon\/wp-json\/wp\/v2\/product"}],"about":[{"href":"https:\/\/uj.adatbank.ro\/lexikon\/wp-json\/wp\/v2\/types\/product"}],"replies":[{"embeddable":true,"href":"https:\/\/uj.adatbank.ro\/lexikon\/wp-json\/wp\/v2\/comments?post=12630"}],"wp:attachment":[{"href":"https:\/\/uj.adatbank.ro\/lexikon\/wp-json\/wp\/v2\/media?parent=12630"}],"wp:term":[{"taxonomy":"product_brand","embeddable":true,"href":"https:\/\/uj.adatbank.ro\/lexikon\/wp-json\/wp\/v2\/product_brand?post=12630"},{"taxonomy":"product_cat","embeddable":true,"href":"https:\/\/uj.adatbank.ro\/lexikon\/wp-json\/wp\/v2\/product_cat?post=12630"},{"taxonomy":"product_tag","embeddable":true,"href":"https:\/\/uj.adatbank.ro\/lexikon\/wp-json\/wp\/v2\/product_tag?post=12630"}],"curies":[{"name":"wp","href":"https:\/\/api.w.org\/{rel}","templated":true}]}}