{"id":12637,"date":"2025-06-29T14:33:51","date_gmt":"2025-06-29T12:33:51","guid":{"rendered":"https:\/\/uj.adatbank.ro\/lexikon\/termek\/kornis-judit-homorodszentpali-pecsi-pechi-simonne\/"},"modified":"2025-06-29T14:33:51","modified_gmt":"2025-06-29T12:33:51","slug":"kornis-judit-homorodszentpali-pecsi-pechi-simonne","status":"publish","type":"product","link":"https:\/\/uj.adatbank.ro\/lexikon\/termek\/kornis-judit-homorodszentpali-pecsi-pechi-simonne\/","title":{"rendered":"KORNIS Judit, homor\u00f3dszentp\u00e1li, P\u00e9csi P\u00e9chi Simonn\u00e9"},"content":{"rendered":"<p>1585 k., \u2020 Szenterzs\u00e9bet, 1621. jan.: f\u00f6ldbirtokos. \u2013 Farkas (\u2020 1600) \u00e9s sz\u00e9kelyderzsi Petki Kata l\u00e1nya. F\u00e9rje P\u00e9csi Simon (1570\u20131642) szenterzs\u00e9beti f\u00f6ldbirtokos, erd\u00e9lyi kancell\u00e1r (esk. 1608). Gyermekei Krisztina, b\u00f6g\u00f6zi Farkas Ferencn\u00e9, Erzs\u00e9bet, Mindszenti G\u00e1born\u00e9, Haller P\u00e9tern\u00e9, Judit Angyalosi Istv\u00e1nn\u00e9, Zsuzsanna, K\u00e9nosi Ferencn\u00e9. Gyermekei apjuk fogs\u00e1ga idej\u00e9n (1621\u201324) anyai nagyanyjukn\u00e1l \u00e9ltek a radn\u00f3ti v\u00e1rkast\u00e9lyban. <br \/><strong>Irod.:<\/strong> Erd\u00e9lyi testamentumok; Harmath-K\u00e1lm\u00e1n; Kem\u00e9ny Zs: \u00d6zvegy \u00e9s l\u00e1nya; K\u00e9nosi-Uzoni 2.; Keresztes<\/br><\/p>\n","protected":false},"excerpt":{"rendered":"<p>1585 k., \u2020 Szenterzs\u00e9bet, 1621. jan.: f\u00f6ldbirtokos. \u2013 Farkas (\u2020 1600) \u00e9s sz\u00e9kelyderzsi Petki Kata l\u00e1nya. F\u00e9rje P\u00e9csi Simon (1570\u20131642) szenterzs\u00e9beti f\u00f6ldbirtokos, erd\u00e9lyi kancell\u00e1r (esk. 1608). Gyermekei Krisztina, b\u00f6g\u00f6zi Farkas Ferencn\u00e9, Erzs\u00e9bet, Mindszenti G\u00e1born\u00e9, Haller P\u00e9tern\u00e9, Judit Angyalosi Istv\u00e1nn\u00e9, Zsuzsanna, K\u00e9nosi Ferencn\u00e9. Gyermekei apjuk fogs\u00e1ga idej\u00e9n (1621\u201324) anyai nagyanyjukn\u00e1l \u00e9ltek a radn\u00f3ti v\u00e1rkast\u00e9lyban. Irod.: Erd\u00e9lyi [&hellip;]<\/p>\n","protected":false},"featured_media":0,"comment_status":"open","ping_status":"closed","template":"","meta":[],"product_brand":[],"product_cat":[137],"product_tag":[],"class_list":{"0":"post-12637","1":"product","2":"type-product","3":"status-publish","5":"product_cat-maros-megyei-eletrajzi-lexikon","7":"first","8":"instock","9":"shipping-taxable","10":"product-type-simple"},"_links":{"self":[{"href":"https:\/\/uj.adatbank.ro\/lexikon\/wp-json\/wp\/v2\/product\/12637","targetHints":{"allow":["GET"]}}],"collection":[{"href":"https:\/\/uj.adatbank.ro\/lexikon\/wp-json\/wp\/v2\/product"}],"about":[{"href":"https:\/\/uj.adatbank.ro\/lexikon\/wp-json\/wp\/v2\/types\/product"}],"replies":[{"embeddable":true,"href":"https:\/\/uj.adatbank.ro\/lexikon\/wp-json\/wp\/v2\/comments?post=12637"}],"wp:attachment":[{"href":"https:\/\/uj.adatbank.ro\/lexikon\/wp-json\/wp\/v2\/media?parent=12637"}],"wp:term":[{"taxonomy":"product_brand","embeddable":true,"href":"https:\/\/uj.adatbank.ro\/lexikon\/wp-json\/wp\/v2\/product_brand?post=12637"},{"taxonomy":"product_cat","embeddable":true,"href":"https:\/\/uj.adatbank.ro\/lexikon\/wp-json\/wp\/v2\/product_cat?post=12637"},{"taxonomy":"product_tag","embeddable":true,"href":"https:\/\/uj.adatbank.ro\/lexikon\/wp-json\/wp\/v2\/product_tag?post=12637"}],"curies":[{"name":"wp","href":"https:\/\/api.w.org\/{rel}","templated":true}]}}